{"id":376,"date":"2016-11-03T16:54:11","date_gmt":"2016-11-03T18:54:11","guid":{"rendered":"http:\/\/uenf.br\/ccta\/cooex\/?page_id=376"},"modified":"2016-11-04T15:43:12","modified_gmt":"2016-11-04T17:43:12","slug":"laboratorio-de-sanidade-animal-lsa","status":"publish","type":"page","link":"https:\/\/uenf.br\/ccta\/cooex\/acoes-extensionistas\/projetos-por-laboratorio\/laboratorio-de-sanidade-animal-lsa\/","title":{"rendered":"Laborat\u00f3rio de Sanidade Animal &#8211; LSA"},"content":{"rendered":"<ul>\n<li style=\"text-align: justify\"><a href=\"https:\/\/uenf.br\/ccta\/cooex\/investigacao-parasitaria-de-areias-de-pracas-publicas-do-municipio-de-campos-dos-goytacazes-rj-areas-de-lazer-ou-de-risco\/\">Investiga\u00e7\u00e3o Parasit\u00e1ria de Areias de Pra\u00e7as P\u00fablicas do Munic\u00edpio de Campos dos Goytacazes, RJ: \u00c1reas de lazer ou de Risco?<\/a><\/li>\n<li style=\"text-align: justify\"><a href=\"https:\/\/uenf.br\/ccta\/cooex\/monitoramento-da-qualidade-do-leite-proveniente-de-vacas-e-cabras-e-situacao-da-encefalite-e-artrite-de-pequenos-ruminantes-de-produtores-familiares-e-assentados-das-mesoregioes-centro-noroeste-e-nor\/\">Monitoramento da qualidade do leite proveniente de vacas e cabras e situa\u00e7\u00e3o da encefalite e artrite de pequenos ruminantes de produtores familiares e assentados das mesoregi\u00f5es Centro, Noroeste e Norte Fluminense do Estado do Rio de Janeiro.<\/a><\/li>\n<li style=\"text-align: justify\"><a href=\"https:\/\/uenf.br\/ccta\/cooex\/vulnerabilidade-socioambiental-e-sanitaria-zoonoses-e-suas-implicacoes-na-qualidade-de-vida-de-assentados-rurais-no-norte-e-noroeste-fluminense\/\">Vulnerabilidade Socioambiental e Sanit\u00e1ria: Zoonoses e suas implica\u00e7\u00f5es na qualidade de vida de Assentados Rurais no Norte e Noroeste Fluminense<\/a>.<\/li>\n<\/ul>\n","protected":false},"excerpt":{"rendered":"<p>Investiga\u00e7\u00e3o Parasit\u00e1ria de Areias de Pra\u00e7as P\u00fablicas do Munic\u00edpio de Campos dos Goytacazes, RJ: \u00c1reas de lazer ou de Risco?&#8230;<\/p>\n","protected":false},"author":20,"featured_media":0,"parent":14,"menu_order":0,"comment_status":"closed","ping_status":"closed","template":"","meta":{"footnotes":""},"class_list":["post-376","page","type-page","status-publish","hentry"],"_links":{"self":[{"href":"https:\/\/uenf.br\/ccta\/cooex\/wp-json\/wp\/v2\/pages\/376","targetHints":{"allow":["GET"]}}],"collection":[{"href":"https:\/\/uenf.br\/ccta\/cooex\/wp-json\/wp\/v2\/pages"}],"about":[{"href":"https:\/\/uenf.br\/ccta\/cooex\/wp-json\/wp\/v2\/types\/page"}],"author":[{"embeddable":true,"href":"https:\/\/uenf.br\/ccta\/cooex\/wp-json\/wp\/v2\/users\/20"}],"replies":[{"embeddable":true,"href":"https:\/\/uenf.br\/ccta\/cooex\/wp-json\/wp\/v2\/comments?post=376"}],"version-history":[{"count":0,"href":"https:\/\/uenf.br\/ccta\/cooex\/wp-json\/wp\/v2\/pages\/376\/revisions"}],"up":[{"embeddable":true,"href":"https:\/\/uenf.br\/ccta\/cooex\/wp-json\/wp\/v2\/pages\/14"}],"wp:attachment":[{"href":"https:\/\/uenf.br\/ccta\/cooex\/wp-json\/wp\/v2\/media?parent=376"}],"curies":[{"name":"wp","href":"https:\/\/api.w.org\/{rel}","templated":true}]}}