{"id":130,"date":"2022-06-13T12:14:16","date_gmt":"2022-06-13T15:14:16","guid":{"rendered":"https:\/\/uenf.br\/ccta\/lef\/?page_id=130"},"modified":"2025-03-27T13:25:50","modified_gmt":"2025-03-27T16:25:50","slug":"museu","status":"publish","type":"page","link":"https:\/\/uenf.br\/ccta\/lef\/grupos-de-pesquisa-e-labs-de-apoio\/museu\/","title":{"rendered":"Museu de Entomologia"},"content":{"rendered":"<p>&nbsp;<\/p>\n<p>Com o intuito de oferecer suporte aos estudos cient\u00edficos dos pesquisadores e alunos da UENF e diante da import\u00e2ncia de cole\u00e7\u00f5es de insetos para o desenvolvimento do ensino e da ci\u00eancia em entomologia, em mar\u00e7o de 1995 foi criado pela <b>Profa. Dra. Magali Hoffmann<\/b>\u00a0o\u00a0<b>Museu de Entomologia do Laborat\u00f3rio de Entomologia e Fitopatologia da Universidade Estadual do Norte Fluminense Darcy Ribeiro (MELEF-UENF<\/b>).\u00a0Desde ent\u00e3o o museu vem sendo um importante reposit\u00f3rio de insetos representativos da fauna dos diferentes\u00a0biomas\u00a0brasileiros e vem possibilitando o interc\u00e2mbio de material entomol\u00f3gico entre institui\u00e7\u00f5es de pesquisa nacionais e internacionais.<\/p>\n<p>O acervo cient\u00edfico conta com mais de 65.000 exemplares de 25 ordens de Hexapoda. Os esp\u00e9cimes s\u00e3o provenientes de diversas regi\u00f5es do Brasil, especialmente do Norte e Noroeste Fluminense e dos estados do Esp\u00edrito Santo e Minas Gerais, al\u00e9m de pa\u00edses como Chile, Argentina, Alemanha e \u00cdndia.<\/p>\n<p>Com a aposentadoria da <b>Profa. Magali<\/b>, em 2023 o\u00a0<b>Prof. Bruno Clarkson<\/b>\u00a0assumiu a curadoria do acervo e a manuten\u00e7\u00e3o das depend\u00eancias do museu. A partir de janeiro de 2025 o museu passou a se chamar\u00a0<b>Museu de Entomologia Magali Hoffmann (MEMH)<\/b>\u00a0em homenagem a sua fundadora e em reconhecimento a todo o seu trabalho e dedica\u00e7\u00e3o \u00e0 UENF, seus estudantes e ao museu, al\u00e9m do valioso legado no estudo dos insetos, principalmente de besouros e abelhas.<\/p>\n<p>O Museu de Entomologia da UENF est\u00e1 localizado no segundo andar (Sala 204A) do Centro de Ci\u00eancias e Tecnologias Agropecu\u00e1rias (CCTA). A cole\u00e7\u00e3o cient\u00edfica \u00e9 mantida <span lang=\"PT-BR\">em sua maior parte\u00a0<\/span>dentro de arm\u00e1rios de madeira com gavetas tamanho padr\u00e3o<span lang=\"PT-BR\">\u00a0e, em<\/span><span lang=\"PT-BR\">\u00a0<\/span><span lang=\"PT-BR\">p<\/span>arte<span lang=\"PT-BR\">,<\/span><span lang=\"PT-BR\">\u00a0<\/span>est\u00e1 acondicionado em separado, conservado em via \u00famida.<\/p>\n<p>Atualmente, os respons\u00e1veis pelo MEMH s\u00e3o o <b>Prof. Dr. Bruno Clarkson<\/b>\u00a0como\u00a0<b>Curador<\/b>\u00a0e a\u00a0<b>Dra. Marcelita Fran\u00e7a Marques<\/b>\u00a0como\u00a0<b>Gerente de Cole\u00e7\u00f5es<\/b>. O Museu tamb\u00e9m conta com a colabora\u00e7\u00e3o dos professores do LEF e dos alunos de inicia\u00e7\u00e3o cient\u00edfica e de p\u00f3s-gradua\u00e7\u00e3o do\u00a0<b>SIn<\/b>, que ajudam nas\u00a0atividades de manuten\u00e7\u00e3o dos acervos cient\u00edfico, did\u00e1tico e de extens\u00e3o\u00a0e nas atividades\u00a0de divulga\u00e7\u00e3o cient\u00edfica e extens\u00e3o universit\u00e1ria.<\/p>\n<p><span lang=\"PT-BR\">Para mais informa\u00e7\u00f5es, visite nosso site:<\/span><\/p>\n<p style=\"background: white;margin: 12.0pt 0cm 12.0pt 0cm\"><a href=\"https:\/\/sites.google.com\/uenf.br\/sistematica-de-insetos-uenf\/museu-de-entomologia\" target=\"_blank\" rel=\"noopener\">https:\/\/sites.google.com\/uenf.br\/sistematica-de-insetos-uenf\/museu-de-entomologia<\/a><\/p>\n","protected":false},"excerpt":{"rendered":"<p>&nbsp; Com o intuito de oferecer suporte aos estudos cient\u00edficos dos pesquisadores e alunos da UENF e diante da import\u00e2ncia&#8230;<\/p>\n","protected":false},"author":21,"featured_media":0,"parent":123,"menu_order":2,"comment_status":"closed","ping_status":"closed","template":"","meta":{"footnotes":""},"class_list":["post-130","page","type-page","status-publish","hentry"],"_links":{"self":[{"href":"https:\/\/uenf.br\/ccta\/lef\/wp-json\/wp\/v2\/pages\/130","targetHints":{"allow":["GET"]}}],"collection":[{"href":"https:\/\/uenf.br\/ccta\/lef\/wp-json\/wp\/v2\/pages"}],"about":[{"href":"https:\/\/uenf.br\/ccta\/lef\/wp-json\/wp\/v2\/types\/page"}],"author":[{"embeddable":true,"href":"https:\/\/uenf.br\/ccta\/lef\/wp-json\/wp\/v2\/users\/21"}],"replies":[{"embeddable":true,"href":"https:\/\/uenf.br\/ccta\/lef\/wp-json\/wp\/v2\/comments?post=130"}],"version-history":[{"count":0,"href":"https:\/\/uenf.br\/ccta\/lef\/wp-json\/wp\/v2\/pages\/130\/revisions"}],"up":[{"embeddable":true,"href":"https:\/\/uenf.br\/ccta\/lef\/wp-json\/wp\/v2\/pages\/123"}],"wp:attachment":[{"href":"https:\/\/uenf.br\/ccta\/lef\/wp-json\/wp\/v2\/media?parent=130"}],"curies":[{"name":"wp","href":"https:\/\/api.w.org\/{rel}","templated":true}]}}