{"id":141,"date":"2022-06-13T12:17:13","date_gmt":"2022-06-13T15:17:13","guid":{"rendered":"https:\/\/uenf.br\/ccta\/lef\/?page_id=141"},"modified":"2023-08-15T12:28:42","modified_gmt":"2023-08-15T15:28:42","slug":"micologia","status":"publish","type":"page","link":"https:\/\/uenf.br\/ccta\/lef\/grupos-de-pesquisa-e-labs-de-apoio\/micologia\/","title":{"rendered":"Micologia e Fitopatologia"},"content":{"rendered":"<p><img loading=\"lazy\" decoding=\"async\" class=\"alignnone wp-image-191\" src=\"http:\/\/uenf.br\/ccta\/lef\/files\/2023\/08\/2023-Micologia-2-300x45.jpg\" alt=\"\" width=\"707\" height=\"106\" srcset=\"https:\/\/uenf.br\/ccta\/lef\/files\/2023\/08\/2023-Micologia-2-300x45.jpg 300w, https:\/\/uenf.br\/ccta\/lef\/files\/2023\/08\/2023-Micologia-2-1024x153.jpg 1024w, https:\/\/uenf.br\/ccta\/lef\/files\/2023\/08\/2023-Micologia-2-768x115.jpg 768w, https:\/\/uenf.br\/ccta\/lef\/files\/2023\/08\/2023-Micologia-2-1536x229.jpg 1536w, https:\/\/uenf.br\/ccta\/lef\/files\/2023\/08\/2023-Micologia-2-2048x306.jpg 2048w\" sizes=\"auto, (max-width: 707px) 100vw, 707px\" \/><\/p>\n<p>O setor de Micologia \u00e9 respons\u00e1vel pelas disciplinas, de gradua\u00e7\u00e3o e p\u00f3s-gradua\u00e7\u00e3o, associadas a Microbiologia e a Fitopatologia (doen\u00e7as de plantas causadas por fungos). As linhas de pesquisa da Micologia na Agronomia, na P\u00f3s-Produ\u00e7\u00e3o Vegetal e na P\u00f3s-Gen\u00e9tica e Melhoramento de Plantas englobam estudos etiol\u00f3gicos, epidemiol\u00f3gicos e de controle de doen\u00e7as de plantas causadas por fungos nas culturas de goiaba, feij\u00e3o, milho e milho-pipoca, figo, cana-de-a\u00e7\u00facar e coqueiro-an\u00e3o, dentre outras.<\/p>\n<p>\u00c9 um setor de integra\u00e7\u00e3o interdisciplinar, que det\u00e9m parceria com outros setores e laborat\u00f3rios de pesquisa da UENF e com \u00f3rg\u00e3os p\u00fablicos de pesquisa e extens\u00e3o, tais como PESAGRO-RJ e EMATER-RJ, e de fiscaliza\u00e7\u00e3o fitossanit\u00e1ria &#8211; Secretarias de Agricultura do Estado RJ e MAPA-DF.<\/p>\n<p>No grupo da Micologia, j\u00e1 passaram ou foram formados cerca de 40 alunos de gradua\u00e7\u00e3o do curso de Agronomia da UENF, que foram bolsistas de IC, monitoria e extens\u00e3o ou que realizaram trabalhos de conclus\u00e3o de curso, 21 mestres e 12 doutores, dos Programas de Produ\u00e7\u00e3o Vegetal e de Gen\u00e9tica e Melhoramento de Plantas. Al\u00e9m disso, o setor j\u00e1 hospedou 5 bolsistas p\u00f3s-docs da FAPERJ, CNPq e UENF, ex-alunos da gradua\u00e7\u00e3o ou p\u00f3s. Atualmente (agosto de 2023), existem 3 ex-alunos doutores, que s\u00e3o pesquisadores da EMBRAPA; 3 ex-alunos professores em universidades p\u00fablicas (UFMT, UFPA e UENF); 2 pesquisadores-t\u00e9cnicos de n\u00edvel superior na UFRRJ e UENF, dentre outros, que permanecem atuantes como pesquisadores-bolsistas e que tiveram treinamento no setor em n\u00edvel de gradua\u00e7\u00e3o e de p\u00f3s-gradua\u00e7\u00e3o.<\/p>\n<p><strong>Equipe<\/strong> (agosto de 2023):<\/p>\n<p>Coordenador\/Respons\u00e1vel: Prof. Silvaldo Felipe da Silveira<\/p>\n<p><strong>T\u00e9cnico de N\u00edvel Superior<\/strong>: Dr. Vicente Mussi-Dias<\/p>\n<p><strong>P\u00f3s-Doutorandos<\/strong><\/p>\n<p>Jos\u00e9 Ol\u00edvio Lopes Vieira J\u00fanior (Dr. Produ\u00e7\u00e3o Vegetal)<\/p>\n<p>Julio Cesar Gradice Saluci (Dr. Gen\u00e9tica e Melhoramento de Plantas)<\/p>\n<p><strong>Doutorandos:<\/strong><\/p>\n<p>Rysley Fernandes de Souza (Eng. Agr\u00f4nomo, Mestre em Gen\u00e9tica e Melhoramento de Plantas)<\/p>\n<p>Mayara Cazadini Carlos (Eng. Agr\u00f4noma, Mestre em Produ\u00e7\u00e3o Vegetal)<\/p>\n<p>Jos\u00e9 Moreira Gon\u00e7alves (Eng. Agr\u00f4nomo, Mestre em Produ\u00e7\u00e3o Vegetal)<\/p>\n<p>Janison Bispo Lino (Eng. Agr\u00f4nomo, Mestre em Fitotecnica)<\/p>\n<p><strong>Mestrandos<\/strong><\/p>\n<p>Lorrana Amanda Vicente Soares (Eng. Agr\u00f4noma, PG-Produ\u00e7\u00e3o Vegetal)<\/p>\n<p><strong>Graduandos (Bolsistas de IC, Monitoria, Extens\u00e3o e Estagi\u00e1rios)<\/strong><\/p>\n<p>Franciele dos Santos Francisco (bolsista IC, Agronomia UENF)<\/p>\n<p>Maria Eduarda Locatel Lam\u00e3o (estagi\u00e1ria, Agronomia UENF)<\/p>\n","protected":false},"excerpt":{"rendered":"<p>O setor de Micologia \u00e9 respons\u00e1vel pelas disciplinas, de gradua\u00e7\u00e3o e p\u00f3s-gradua\u00e7\u00e3o, associadas a Microbiologia e a Fitopatologia (doen\u00e7as de&#8230;<\/p>\n","protected":false},"author":21,"featured_media":0,"parent":123,"menu_order":8,"comment_status":"closed","ping_status":"closed","template":"","meta":{"footnotes":""},"class_list":["post-141","page","type-page","status-publish","hentry"],"_links":{"self":[{"href":"https:\/\/uenf.br\/ccta\/lef\/wp-json\/wp\/v2\/pages\/141","targetHints":{"allow":["GET"]}}],"collection":[{"href":"https:\/\/uenf.br\/ccta\/lef\/wp-json\/wp\/v2\/pages"}],"about":[{"href":"https:\/\/uenf.br\/ccta\/lef\/wp-json\/wp\/v2\/types\/page"}],"author":[{"embeddable":true,"href":"https:\/\/uenf.br\/ccta\/lef\/wp-json\/wp\/v2\/users\/21"}],"replies":[{"embeddable":true,"href":"https:\/\/uenf.br\/ccta\/lef\/wp-json\/wp\/v2\/comments?post=141"}],"version-history":[{"count":0,"href":"https:\/\/uenf.br\/ccta\/lef\/wp-json\/wp\/v2\/pages\/141\/revisions"}],"up":[{"embeddable":true,"href":"https:\/\/uenf.br\/ccta\/lef\/wp-json\/wp\/v2\/pages\/123"}],"wp:attachment":[{"href":"https:\/\/uenf.br\/ccta\/lef\/wp-json\/wp\/v2\/media?parent=141"}],"curies":[{"name":"wp","href":"https:\/\/api.w.org\/{rel}","templated":true}]}}