{"id":2,"date":"2021-08-26T00:04:32","date_gmt":"2021-08-26T03:04:32","guid":{"rendered":"http:\/\/uenf.br\/ccta\/lef\/?page_id=2"},"modified":"2023-08-17T12:12:23","modified_gmt":"2023-08-17T15:12:23","slug":"apresentacao","status":"publish","type":"page","link":"https:\/\/uenf.br\/ccta\/lef\/","title":{"rendered":"Apresenta\u00e7\u00e3o"},"content":{"rendered":"<p>&nbsp;<\/p>\n<p style=\"text-align: justify\">O Laborat\u00f3rio de Entomologia e Fitopatologia (LEF) foi criado desde a funda\u00e7\u00e3o da UENF, em 1993, junto com os quatro centros de pesquisa. Localiza-se nas depend\u00eancias do Centro de Ci\u00eancias e Tecnologias Agropecu\u00e1rias, no Campus Dr. Leonel Brizola, em Campos dos Goytacazes &#8211; RJ. Sua infraestrutura inclui 9 setores e outros laborat\u00f3rios (sub-setores) de apoio (inset\u00e1rio, mirmecologia, criat\u00f3rios de insetos, c\u00e2maras de crescimento e inocula\u00e7\u00e3o, museu entomol\u00f3gico e cl\u00ednica fitossanit\u00e1ria) e v\u00e1rias casas-de-vegeta\u00e7\u00e3o. O LEF conta atualmente com 9 <a href=\"https:\/\/uenf.br\/ccta\/lef\/apresentacao\/recursos-humanos\/\" target=\"_blank\" rel=\"noopener\">professores<\/a> com forma\u00e7\u00e3o em \u00e1reas espec\u00edficas da Entomologia e da Fitopatologia. O grupo conta ainda com p\u00f3s-doutores e <a href=\"http:\/\/www.uenf.br\/Uenf\/Pages\/CCTA\/LEF\/?&amp;modelo=1&amp;cod_pag=3570&amp;tabela=&amp;np=Corpo+T%E9cnico&amp;nc=Principal&amp;buscaEdicao=&amp;grupo=LEF&amp;p=\">t\u00e9cnicos<\/a> de laborat\u00f3rio, pessoal de apoio administrativo e de campo e cerca de 40 alunos e ex-alunos bolsistas graduandos, graduados, mestres e doutores bolsistas. Todos os p\u00f3s-graduandos do LEF t\u00eam bolsas da Faperj, Capes, CNPq ou UENF, junto aos programas de p\u00f3s-gradua\u00e7\u00e3o em Produ\u00e7\u00e3o Vegetal, em Biologia e Bio-ci\u00eancias e em Gen\u00e9tica e Melhoramento de Plantas.<\/p>\n<p style=\"text-align: justify\">As linhas de pesquisas desenvolvidas no LEF visam estudos b\u00e1sicos e aplicados associados ao controle de insetos em geral (pragas da agropecu\u00e1ria e pragas urbanas, incluindo vetores de doen\u00e7as humanas) e ao controle de doen\u00e7as em plantas e culturas agr\u00edcolas relevantes para a regi\u00e3o Norte-Noroeste Fluminense. Alguns projetos e linhas de pesquisa s\u00e3o integrados com outros Laborat\u00f3rios da UENF e com outros grupos de pesquisa e Universidades do Brasil e exterior.<\/p>\n<p style=\"text-align: justify\">Os projetos de pesquisas contemplam as \u00e1reas de Micologia, Nematologia, Fitovirologia, Biologia e Ecologia de Insetos e Poliniza\u00e7\u00e3o, Taxonomia de Insetos, Biocontrole e Manejo Integrado de Pragas e Doen\u00e7as em Plantas, Patologia de Insetos e Biocontrole de Insetos Vetores, dentre outras. Os pesquisadores do LEF apostam no manejo integrado de pragas e doen\u00e7as da Agricultura, incorporando conhecimentos interdisciplinares, advindos de diferentes sub-\u00e1reas associadas, tais como: epidemiologia de doen\u00e7as de plantas, controle biol\u00f3gico, entomopatologia, resist\u00eancia de plantas a insetos e doen\u00e7as, toxicologia de agroqu\u00edmicos, comportamento e comunica\u00e7\u00e3o qu\u00edmica entre insetos por aleloqu\u00edmicos e ferom\u00f4nios, dentre outras.<\/p>\n<p style=\"text-align: justify\">Quanto ao ensino, o LEF oferece um elenco diversificado de disciplinas de gradua\u00e7\u00e3o e\u00a0de p\u00f3s-gradua\u00e7\u00e3o, o que permite aos graduandos, mestrandos e doutorandos uma boa capacita\u00e7\u00e3o para o ingresso no mercado de trabalho e nos melhores grupos de pesquisa do pa\u00eds.<\/p>\n<p style=\"text-align: justify\">Quanto \u00e0 extens\u00e3o, o LEF tem assistido ao p\u00fablico em geral atrav\u00e9s de projetos e cursos de extens\u00e3o e dos servi\u00e7os da\u00a0<a href=\"https:\/\/uenf.br\/reitoria\/agenciainovacao\/servicos\/clinica-fitossanitaria\/\" target=\"_blank\" rel=\"noopener\">Cl\u00ednica Fitossanit\u00e1ria<\/a>, na qual s\u00e3o feitas diagnoses e recomenda\u00e7\u00f5es de manejo de pragas e doen\u00e7as de plantas, dentre in\u00fameros outros projetos e atividades de extens\u00e3o coordenados pelos docentes do laborat\u00f3rio.<\/p>\n<p>Contatos:<\/p>\n<p>Chefia do Laborat\u00f3rio<br \/>\nProf. Silvaldo Felipe da Silveira &#8211; Email lef@uenf.br\u00a0 e\u00a0 telefone (22) 2748 6237<br \/>\nUENF \/ CCTA &#8211; P1, 2o. andar, sala 203B (gabinete)<\/p>\n<p>Secretaria do LEF<br \/>\nSecret\u00e1ria Rita Maria &#8211; Email lef@uenf.br e telefone (22) 2739 7052<br \/>\nUENF \/ CCTA &#8211; P1, 2o. andar, sala 206A<\/p>\n","protected":false},"excerpt":{"rendered":"<p>&nbsp; O Laborat\u00f3rio de Entomologia e Fitopatologia (LEF) foi criado desde a funda\u00e7\u00e3o da UENF, em 1993, junto com os&#8230;<\/p>\n","protected":false},"author":21,"featured_media":0,"parent":0,"menu_order":0,"comment_status":"closed","ping_status":"closed","template":"","meta":{"footnotes":""},"class_list":["post-2","page","type-page","status-publish","hentry"],"_links":{"self":[{"href":"https:\/\/uenf.br\/ccta\/lef\/wp-json\/wp\/v2\/pages\/2","targetHints":{"allow":["GET"]}}],"collection":[{"href":"https:\/\/uenf.br\/ccta\/lef\/wp-json\/wp\/v2\/pages"}],"about":[{"href":"https:\/\/uenf.br\/ccta\/lef\/wp-json\/wp\/v2\/types\/page"}],"author":[{"embeddable":true,"href":"https:\/\/uenf.br\/ccta\/lef\/wp-json\/wp\/v2\/users\/21"}],"replies":[{"embeddable":true,"href":"https:\/\/uenf.br\/ccta\/lef\/wp-json\/wp\/v2\/comments?post=2"}],"version-history":[{"count":0,"href":"https:\/\/uenf.br\/ccta\/lef\/wp-json\/wp\/v2\/pages\/2\/revisions"}],"wp:attachment":[{"href":"https:\/\/uenf.br\/ccta\/lef\/wp-json\/wp\/v2\/media?parent=2"}],"curies":[{"name":"wp","href":"https:\/\/api.w.org\/{rel}","templated":true}]}}