{"id":246,"date":"2025-03-27T14:32:13","date_gmt":"2025-03-27T17:32:13","guid":{"rendered":"https:\/\/uenf.br\/ccta\/lef\/?page_id=246"},"modified":"2025-03-27T14:34:19","modified_gmt":"2025-03-27T17:34:19","slug":"sistematica-de-insetos","status":"publish","type":"page","link":"https:\/\/uenf.br\/ccta\/lef\/grupos-de-pesquisa-e-labs-de-apoio\/sistematica-de-insetos\/","title":{"rendered":"Sistem\u00e1tica de Insetos"},"content":{"rendered":"<p>O <b><span lang=\"PT-BR\">Setor de<\/span><\/b><b>\u00a0Sistem\u00e1tica de Insetos<\/b><span lang=\"PT-BR\">\u00a0(<\/span><b>SIn<\/b><span lang=\"PT-BR\">),<\/span>\u00a0do Laborat\u00f3rio de Entomologia e Fitopatologia (LEF),\u00a0<span lang=\"PT-BR\">tem como foco\u00a0<\/span>o estudo da origem e a evolu\u00e7\u00e3o da diversidade dos insetos.<\/p>\n<p>Assim, conduzimos estudos morfol\u00f3gicos e moleculares para descrever e identificar esp\u00e9cies, e constru\u00edmos \u00e1rvores filogen\u00e9ticas para compreender os processos evolutivos que dirigiram a forma\u00e7\u00e3o da biodiversidade ao longo do espa\u00e7o e do tempo. Investigamos ent\u00e3o os padr\u00f5es biogeogr\u00e1ficos e as din\u00e2micas de diversifica\u00e7\u00e3o de linhagens de insetos. O <span lang=\"PT-BR\">setor<\/span>\u00a0tamb\u00e9m conduz pesquisas em ecologia de comunidades, principalmente em \u00e1reas de Mata Atl\u00e2ntica, e com insetos de import\u00e2ncia agr\u00edcola. Trabalhamos com diferentes grupos taxon\u00f4micos, com aten\u00e7\u00e3o especial aos besouros e aos insetos aqu\u00e1ticos.<\/p>\n<p>O <b>SIn<\/b>\u00a0\u00e9 o respons\u00e1vel pela curadoria e manuten\u00e7\u00e3o do acervo e das depend\u00eancias do Museu de Entomologia Magali Hoffmann (MEMH). Estamos localizados na sala 201 do pr\u00e9dio P1 (CCTA), no Campus Leonel Brizola da UENF, em Campos dos Goytacazes.<\/p>\n<p>Coordenador\/Respons\u00e1vel: Prof.\u00a0<span lang=\"PT-BR\">Bruno Clarkson<\/span><\/p>\n<p>Para mais informa\u00e7\u00f5es, visite nosso site:\u00a0<a href=\"https:\/\/sites.google.com\/uenf.br\/sistematica-de-insetos-uenf\/\">https:\/\/sites.google.com\/uenf.br\/sistematica-de-insetos-uenf\/<\/a><\/p>\n","protected":false},"excerpt":{"rendered":"<p>O Setor de\u00a0Sistem\u00e1tica de Insetos\u00a0(SIn),\u00a0do Laborat\u00f3rio de Entomologia e Fitopatologia (LEF),\u00a0tem como foco\u00a0o estudo da origem e a evolu\u00e7\u00e3o da&#8230;<\/p>\n","protected":false},"author":21,"featured_media":0,"parent":123,"menu_order":8,"comment_status":"closed","ping_status":"closed","template":"","meta":{"footnotes":""},"class_list":["post-246","page","type-page","status-publish","hentry"],"_links":{"self":[{"href":"https:\/\/uenf.br\/ccta\/lef\/wp-json\/wp\/v2\/pages\/246","targetHints":{"allow":["GET"]}}],"collection":[{"href":"https:\/\/uenf.br\/ccta\/lef\/wp-json\/wp\/v2\/pages"}],"about":[{"href":"https:\/\/uenf.br\/ccta\/lef\/wp-json\/wp\/v2\/types\/page"}],"author":[{"embeddable":true,"href":"https:\/\/uenf.br\/ccta\/lef\/wp-json\/wp\/v2\/users\/21"}],"replies":[{"embeddable":true,"href":"https:\/\/uenf.br\/ccta\/lef\/wp-json\/wp\/v2\/comments?post=246"}],"version-history":[{"count":0,"href":"https:\/\/uenf.br\/ccta\/lef\/wp-json\/wp\/v2\/pages\/246\/revisions"}],"up":[{"embeddable":true,"href":"https:\/\/uenf.br\/ccta\/lef\/wp-json\/wp\/v2\/pages\/123"}],"wp:attachment":[{"href":"https:\/\/uenf.br\/ccta\/lef\/wp-json\/wp\/v2\/media?parent=246"}],"curies":[{"name":"wp","href":"https:\/\/api.w.org\/{rel}","templated":true}]}}