{"id":271,"date":"2026-04-15T14:51:58","date_gmt":"2026-04-15T14:51:58","guid":{"rendered":"https:\/\/uenf.br\/ccta\/lmgv\/?page_id=271"},"modified":"2026-04-15T14:59:56","modified_gmt":"2026-04-15T14:59:56","slug":"atividades-de-ensino-e-pesquisa-2","status":"publish","type":"page","link":"https:\/\/uenf.br\/ccta\/lmgv\/atividades-de-ensino-e-pesquisa-2\/","title":{"rendered":"Atividades de Ensino e Pesquisa"},"content":{"rendered":"<p>O LMGV tem atua\u00e7\u00e3o em disciplinas de gradua\u00e7\u00e3o para o curso de Agronomia sendo elas Gen\u00e9tica B\u00e1sica e Melhoramento de Plantas. No caso da P\u00f3s-Gradua\u00e7\u00e3o, cabe ressaltar que, a partir de 2004, o grupo de professores do LMGV iniciou as atividades do Programa de P\u00f3s-Gradua\u00e7\u00e3o em Gen\u00e9tica e Melhoramento de Plantas, que conta com um repert\u00f3rio de disciplinas para dar suporte ao desenvolvimento acad\u00eamico do referido programa.<\/p>\n<p>O Programa de P\u00f3s-Gradua\u00e7\u00e3o foi gestado ainda 2003 por um grupo de trabalho do LMGV, coordenado pela Profa. Telma Nair Santana Pereira, que elaborou a proposta do referido programa para submiss\u00e3o \u00e0 CAPES. Em 2004, o Programa teve seu funcionamento autorizado pela CAPES, com nota de credenciamento 4. Ao longo dos anos o Programa foi tendo suas atividades consolidadas e sua nota de avalia\u00e7\u00e3o tendo um crescente, passando para nota 5 e, atualmente, \u00e9 nota 6 na CAPES, caracterizando seu padr\u00e3o de excel\u00eancia internacional. O referido Programa \u00e9 respons\u00e1vel pela forma\u00e7\u00e3o de mais de uma centena de mestres e doutores, assim como a publica\u00e7\u00e3o de magnitude pr\u00f3xima a uma centena de artigos cient\u00edficos por ano. Cabe ressaltar que foi o primeiro Programa de p\u00f3s-gradua\u00e7\u00e3o com nota 6 na UENF.<\/p>\n<p>O LMGV, considerando seu quadro de docentes, p\u00f3s-doutorandos, discentes e t\u00e9cnicos, constitui um grupo pr\u00f3ximo de 100 pessoas, totalmente dedicadas \u00e0 gera\u00e7\u00e3o de conhecimentos cient\u00edficos e tecnol\u00f3gicos em Melhoramento de Plantas. Do ponto de vista tecnol\u00f3gico, o LMGV procura contribuir com as regi\u00f5es Norte e Noroeste Fluminense e at\u00e9 mesmo com o Brasil, por meio do desenvolvimento e recomenda\u00e7\u00e3o de novas cultivares. At\u00e9 o presente, nestes 30 anos de atividades, foram desenvolvidas e registradas junto ao Minist\u00e9rio da Agricultura, Pecu\u00e1ria e Abastecimento um n\u00famero expressivo de cultivares de diversas culturas, como ab\u00f3bora, feij\u00e3o, mam\u00e3o, maracuj\u00e1, milho comum, milho super doce, milho-pipoca e Capsicum. Vale salientar que, no caso do mam\u00e3o, as cultivares desenvolvidas constituem os \u00fanicos h\u00edbridos nacionais, contribuindo com os agricultores de todo o pa\u00eds. Contribui tamb\u00e9m para que o Brasil reduza a sua depend\u00eancia de importa\u00e7\u00e3o de sementes, o que ocorria em elevada escala antes da atua\u00e7\u00e3o da UENF.<\/p>\n","protected":false},"excerpt":{"rendered":"<p>O LMGV tem atua\u00e7\u00e3o em disciplinas de gradua\u00e7\u00e3o para o curso de Agronomia sendo elas Gen\u00e9tica B\u00e1sica e Melhoramento de&#8230;<\/p>\n","protected":false},"author":40,"featured_media":0,"parent":0,"menu_order":3,"comment_status":"closed","ping_status":"closed","template":"","meta":{"footnotes":""},"class_list":["post-271","page","type-page","status-publish","hentry"],"_links":{"self":[{"href":"https:\/\/uenf.br\/ccta\/lmgv\/wp-json\/wp\/v2\/pages\/271","targetHints":{"allow":["GET"]}}],"collection":[{"href":"https:\/\/uenf.br\/ccta\/lmgv\/wp-json\/wp\/v2\/pages"}],"about":[{"href":"https:\/\/uenf.br\/ccta\/lmgv\/wp-json\/wp\/v2\/types\/page"}],"author":[{"embeddable":true,"href":"https:\/\/uenf.br\/ccta\/lmgv\/wp-json\/wp\/v2\/users\/40"}],"replies":[{"embeddable":true,"href":"https:\/\/uenf.br\/ccta\/lmgv\/wp-json\/wp\/v2\/comments?post=271"}],"version-history":[{"count":0,"href":"https:\/\/uenf.br\/ccta\/lmgv\/wp-json\/wp\/v2\/pages\/271\/revisions"}],"wp:attachment":[{"href":"https:\/\/uenf.br\/ccta\/lmgv\/wp-json\/wp\/v2\/media?parent=271"}],"curies":[{"name":"wp","href":"https:\/\/api.w.org\/{rel}","templated":true}]}}