{"id":5,"date":"2010-09-22T09:29:46","date_gmt":"2010-09-22T12:29:46","guid":{"rendered":"http:\/\/uenf.br\/ccta\/lmpa\/"},"modified":"2019-02-13T10:28:32","modified_gmt":"2019-02-13T12:28:32","slug":"pesquisas","status":"publish","type":"page","link":"https:\/\/uenf.br\/ccta\/lmpa\/pesquisas\/","title":{"rendered":"Pesquisas"},"content":{"rendered":"<p><span style=\"font-family: Arial, serif\"><span style=\"font-size: medium\">Desde a sua cria\u00e7\u00e3o, o Laborat\u00f3rio de Morfologia e Patologia Animal (LMPA) foi contemplado por alguns projetos de pesquisa financiados por agencias de fomento, entre estes, temos os projetos intitulados: <\/span><\/span><\/p>\n<p><span style=\"font-family: Arial, serif\"><span style=\"font-size: medium\">\u201c<\/span><\/span><span style=\"font-family: Arial, serif\"><span style=\"font-size: medium\">Implementa\u00e7\u00e3o de m\u00e9todos alternativos de conserva\u00e7\u00e3o anat\u00f4mica e suas contribui\u00e7\u00f5es na biosseguran\u00e7a da se\u00e7\u00e3o de anatomia animal\/UENF\u201d;<\/span><\/span><\/p>\n<p><span style=\"font-family: Arial, serif\"><span style=\"font-size: medium\"> \u201cDesenvolvimento e moderniza\u00e7\u00e3o da infraestrutura do NEPAS e SERCAS na UENF\u201d;<\/span><\/span><\/p>\n<p><span style=\"font-family: Arial, serif\"><span style=\"font-size: medium\"> \u201cConsolida\u00e7\u00e3o da infraestrutura para pesquisa em medicina da conserva\u00e7\u00e3o e educa\u00e7\u00e3o ambiental na UENF\u201d;<\/span><\/span><\/p>\n<p><span style=\"font-family: Arial, serif\"><span style=\"font-size: medium\"> \u201cLevantamento de fauna no Campus Leonel Brizola da UENF (Universidade Estadual Do Norte Fluminense Darcy Ribeiro), centro urbano de Campos dos Goytacazes\u201d;<\/span><\/span><\/p>\n<p><span style=\"font-family: Arial, serif\"><span style=\"font-size: medium\">\u201cImplanta\u00e7\u00e3o do n\u00facleo avan\u00e7ado de ensino, pesquisa e extens\u00e3o na \u00e1rea de morfologia normal e patol\u00f3gica da Universidade Estadual do Norte Fluminense Darcy Ribeiro\u201d.<\/span><\/span><\/p>\n","protected":false},"excerpt":{"rendered":"<p>Desde a sua cria\u00e7\u00e3o, o Laborat\u00f3rio de Morfologia e Patologia Animal (LMPA) foi contemplado por alguns projetos de pesquisa financiados&#8230;<\/p>\n","protected":false},"author":3,"featured_media":0,"parent":0,"menu_order":6,"comment_status":"closed","ping_status":"open","template":"","meta":{"footnotes":""},"class_list":["post-5","page","type-page","status-publish","hentry"],"_links":{"self":[{"href":"https:\/\/uenf.br\/ccta\/lmpa\/wp-json\/wp\/v2\/pages\/5","targetHints":{"allow":["GET"]}}],"collection":[{"href":"https:\/\/uenf.br\/ccta\/lmpa\/wp-json\/wp\/v2\/pages"}],"about":[{"href":"https:\/\/uenf.br\/ccta\/lmpa\/wp-json\/wp\/v2\/types\/page"}],"author":[{"embeddable":true,"href":"https:\/\/uenf.br\/ccta\/lmpa\/wp-json\/wp\/v2\/users\/3"}],"replies":[{"embeddable":true,"href":"https:\/\/uenf.br\/ccta\/lmpa\/wp-json\/wp\/v2\/comments?post=5"}],"version-history":[{"count":0,"href":"https:\/\/uenf.br\/ccta\/lmpa\/wp-json\/wp\/v2\/pages\/5\/revisions"}],"wp:attachment":[{"href":"https:\/\/uenf.br\/ccta\/lmpa\/wp-json\/wp\/v2\/media?parent=5"}],"curies":[{"name":"wp","href":"https:\/\/api.w.org\/{rel}","templated":true}]}}