{"id":7,"date":"2010-08-17T10:36:14","date_gmt":"2010-08-17T13:36:14","guid":{"rendered":"http:\/\/uenf.br\/ccta\/lmpa\/"},"modified":"2018-05-22T09:51:31","modified_gmt":"2018-05-22T12:51:31","slug":"docentes","status":"publish","type":"page","link":"https:\/\/uenf.br\/ccta\/lmpa\/docentes\/","title":{"rendered":"Docentes"},"content":{"rendered":"<p><a href=\"http:\/\/buscatextual.cnpq.br\/buscatextual\/visualizacv.do?id=K4705199J5\" target=\"_blank\" rel=\"noopener\">Leonardo Serafim da Silveira\u00a0<\/a>\u00a0&#8211; Professor Associado &#8211; Chefe do Laborat\u00f3rio &#8211;\u00a0<span class=\"Apple-style-span\" style=\"color: #0000ff\"><a style=\"color: #0000ff;text-decoration: underline\" href=\"mailto:leoseraf@uenf.br\">leoseraf@uenf.br<\/a><\/span><\/p>\n<p>M\u00e9dico Veterin\u00e1rio, UNIPLE, 1995; Especialista em Meio Ambiente, UFF, 1997; Mestre em Produ\u00e7\u00e3o Animal (Anatomia Patol\u00f3gica), UENF, 1999; Doutor em Produ\u00e7\u00e3o Animal (Anatomia Patol\u00f3gica), UENF, 2003.<\/p>\n<p><span class=\"Apple-style-span\" style=\"color: #0000ff\">\u00a0<\/span><\/p>\n<p><a href=\"http:\/\/buscatextual.cnpq.br\/buscatextual\/visualizacv.do?id=K4707745J2\" target=\"_blank\" rel=\"noopener\">Ana B\u00e1rbara Freitas Rodrigues<\/a>\u00a0&#8211; Professora Associada &#8211;\u00a0<span style=\"text-decoration: underline\"><span style=\"color: #0000ff\"><a style=\"color: #0000ff;text-decoration: underline\" href=\"mailto:zana@uenf.br\">zana@uenf.br<\/a><\/span><\/span><\/p>\n<div id=\"materiaPrincipal\">\n<p>Medicina Veterin\u00e1ria,\u00a0UENF, 1994;\u00a0 Mestre em Produ\u00e7\u00e3o Animal, UENF, 1999; Doutora em Produ\u00e7\u00e3o Animal, UENF, 2005.<\/p>\n<p>&nbsp;<\/p>\n<\/div>\n<p><a href=\"http:\/\/buscatextual.cnpq.br\/buscatextual\/visualizacv.do?id=K4788939Y5\" target=\"_blank\" rel=\"noopener\">Eul\u00f3gio Carlos Queir\u00f3z de Carvalho\u00a0<\/a>\u00a0&#8211; Professor Associado &#8211;\u00a0<span style=\"text-decoration: underline;color: #0000ff\"><span style=\"text-decoration: underline\">eulogio@uenf.br<\/span><\/span><\/p>\n<p>M\u00e9dico Veterin\u00e1rio, UFF, 1972; Mestre em Medicina Veterin\u00e1ria (Ornitopatologia), UFF, 1977; Doutor em Anatomia Patol\u00f3gica, UFF, 1993.<\/p>\n<p>&nbsp;<\/p>\n<p><a href=\"http:\/\/buscatextual.cnpq.br\/buscatextual\/visualizacv.do?id=K4777906E1\" target=\"_blank\" rel=\"noopener\">Francimar Fernandes Gomes<\/a>\u00a0&#8211; Professor Associado &#8211;\u00a0<span style=\"text-decoration: underline\"><span style=\"color: #0000ff\"><a style=\"color: #0000ff;text-decoration: underline\" href=\"mailto:fgomes@uenf.br\">fgomes@uenf.br<\/a><\/span><\/span><\/p>\n<p>&nbsp;<\/p>\n<p><a href=\"http:\/\/buscatextual.cnpq.br\/buscatextual\/visualizacv.do?id=K4750360P6\" target=\"_blank\" rel=\"noopener\">Helena Kiyomi Hokamura<\/a>\u00a0&#8211; Professora Associada &#8211;\u00a0<span style=\"text-decoration: underline;color: #0000ff\"><a style=\"color: #0000ff;text-decoration: underline\" href=\"mailto:hokamura@uenf.br\">hokamura@uenf.br<\/a><\/span><\/p>\n<p>M\u00e9dica Veterin\u00e1ria, UEL, 1985; Mestre em Medicina Veterin\u00e1ria (Anatomia dos Animais Dom\u00e9sticos), USP, 1996; Doutora em Medicina Veterin\u00e1ria (Anatomia dos Animais Dom\u00e9sticos), USP, 2000.<\/p>\n<p>&nbsp;<\/p>\n<p><a href=\"http:\/\/buscatextual.cnpq.br\/buscatextual\/visualizacv.do?id=K4785618P7\" target=\"_blank\" rel=\"noopener\">Marinete Pinheiro Carrera<\/a>\u00a0&#8211; Professora Associada &#8211;\u00a0<span style=\"text-decoration: underline;color: #0000ff\"><a style=\"color: #0000ff;text-decoration: underline\" href=\"mailto:marinete@uenf.br\">marinete@uenf.br<\/a><\/span><\/p>\n<p>Farm\u00e1cia Comercial, UFP, 1986; Mestre em Psicobiologia, USP, 1991; Doutora em Psicobiologia, USP, 1995.<\/p>\n<p><span class=\"Apple-style-span\" style=\"color: #0000ff\"><u>\u00a0<\/u><\/span><\/p>\n","protected":false},"excerpt":{"rendered":"<p>Leonardo Serafim da Silveira\u00a0\u00a0&#8211; Professor Associado &#8211; Chefe do Laborat\u00f3rio &#8211;\u00a0leoseraf@uenf.br M\u00e9dico Veterin\u00e1rio, UNIPLE, 1995; Especialista em Meio Ambiente, UFF,&#8230;<\/p>\n","protected":false},"author":3,"featured_media":0,"parent":0,"menu_order":3,"comment_status":"closed","ping_status":"open","template":"","meta":{"footnotes":""},"class_list":["post-7","page","type-page","status-publish","hentry"],"_links":{"self":[{"href":"https:\/\/uenf.br\/ccta\/lmpa\/wp-json\/wp\/v2\/pages\/7","targetHints":{"allow":["GET"]}}],"collection":[{"href":"https:\/\/uenf.br\/ccta\/lmpa\/wp-json\/wp\/v2\/pages"}],"about":[{"href":"https:\/\/uenf.br\/ccta\/lmpa\/wp-json\/wp\/v2\/types\/page"}],"author":[{"embeddable":true,"href":"https:\/\/uenf.br\/ccta\/lmpa\/wp-json\/wp\/v2\/users\/3"}],"replies":[{"embeddable":true,"href":"https:\/\/uenf.br\/ccta\/lmpa\/wp-json\/wp\/v2\/comments?post=7"}],"version-history":[{"count":0,"href":"https:\/\/uenf.br\/ccta\/lmpa\/wp-json\/wp\/v2\/pages\/7\/revisions"}],"wp:attachment":[{"href":"https:\/\/uenf.br\/ccta\/lmpa\/wp-json\/wp\/v2\/media?parent=7"}],"curies":[{"name":"wp","href":"https:\/\/api.w.org\/{rel}","templated":true}]}}

<p><a href="http://buscatextual.cnpq.br/buscatextual/visualizacv.do?id=K4705199J5" target="_blank" rel="noopener">Leonardo Serafim da Silveira </a> &#8211; Professor Associado &#8211; Chefe do Laboratório &#8211; <span class="Apple-style-span" style="color: #0000ff"><a style="color: #0000ff;text-decoration: underline" href="mailto:leoseraf@uenf.br">leoseraf@uenf.br</a></span></p>
<p>Médico Veterinário, UNIPLE, 1995; Especialista em Meio Ambiente, UFF, 1997; Mestre em Produção Animal (Anatomia Patológica), UENF, 1999; Doutor em Produção Animal (Anatomia Patológica), UENF, 2003.</p>
<p><span class="Apple-style-span" style="color: #0000ff"> </span></p>
<p><a href="http://buscatextual.cnpq.br/buscatextual/visualizacv.do?id=K4707745J2" target="_blank" rel="noopener">Ana Bárbara Freitas Rodrigues</a> &#8211; Professora Associada &#8211; <span style="text-decoration: underline"><span style="color: #0000ff"><a style="color: #0000ff;text-decoration: underline" href="mailto:zana@uenf.br">zana@uenf.br</a></span></span></p>
<div id="materiaPrincipal">
<p>Medicina Veterinária, UENF, 1994;  Mestre em Produção Animal, UENF, 1999; Doutora em Produção Animal, UENF, 2005.</p>
<p>&nbsp;</p>
</div>
<p><a href="http://buscatextual.cnpq.br/buscatextual/visualizacv.do?id=K4788939Y5" target="_blank" rel="noopener">Eulógio Carlos Queiróz de Carvalho </a> &#8211; Professor Associado &#8211; <span style="text-decoration: underline;color: #0000ff"><span style="text-decoration: underline">eulogio@uenf.br</span></span></p>
<p>Médico Veterinário, UFF, 1972; Mestre em Medicina Veterinária (Ornitopatologia), UFF, 1977; Doutor em Anatomia Patológica, UFF, 1993.</p>
<p>&nbsp;</p>
<p><a href="http://buscatextual.cnpq.br/buscatextual/visualizacv.do?id=K4777906E1" target="_blank" rel="noopener">Francimar Fernandes Gomes</a> &#8211; Professor Associado &#8211; <span style="text-decoration: underline"><span style="color: #0000ff"><a style="color: #0000ff;text-decoration: underline" href="mailto:fgomes@uenf.br">fgomes@uenf.br</a></span></span></p>
<p>&nbsp;</p>
<p><a href="http://buscatextual.cnpq.br/buscatextual/visualizacv.do?id=K4750360P6" target="_blank" rel="noopener">Helena Kiyomi Hokamura</a> &#8211; Professora Associada &#8211; <span style="text-decoration: underline;color: #0000ff"><a style="color: #0000ff;text-decoration: underline" href="mailto:hokamura@uenf.br">hokamura@uenf.br</a></span></p>
<p>Médica Veterinária, UEL, 1985; Mestre em Medicina Veterinária (Anatomia dos Animais Domésticos), USP, 1996; Doutora em Medicina Veterinária (Anatomia dos Animais Domésticos), USP, 2000.</p>
<p>&nbsp;</p>
<p><a href="http://buscatextual.cnpq.br/buscatextual/visualizacv.do?id=K4785618P7" target="_blank" rel="noopener">Marinete Pinheiro Carrera</a> &#8211; Professora Associada &#8211; <span style="text-decoration: underline;color: #0000ff"><a style="color: #0000ff;text-decoration: underline" href="mailto:marinete@uenf.br">marinete@uenf.br</a></span></p>
<p>Farmácia Comercial, UFP, 1986; Mestre em Psicobiologia, USP, 1991; Doutora em Psicobiologia, USP, 1995.</p>
<p><span class="Apple-style-span" style="color: #0000ff"><u> </u></span></p>

<p>Leonardo Serafim da Silveira  &#8211; Professor Associado &#8211; Chefe do Laboratório &#8211; leoseraf@uenf.br Médico Veterinário, UNIPLE, 1995; Especialista em Meio Ambiente, UFF,&#8230;</p>
