{"id":28,"date":"2024-05-28T16:21:18","date_gmt":"2024-05-28T19:21:18","guid":{"rendered":"https:\/\/uenf.br\/ccta\/lrmga\/?page_id=28"},"modified":"2025-01-30T09:51:48","modified_gmt":"2025-01-30T12:51:48","slug":"reproducao-e-obstetricia-de-grandes-animais","status":"publish","type":"page","link":"https:\/\/uenf.br\/ccta\/lrmga\/setores\/reproducao-e-obstetricia-de-grandes-animais\/","title":{"rendered":"Reprodu\u00e7\u00e3o e Obstetr\u00edcia de Grandes Animais"},"content":{"rendered":"<table width=\"566\">\n<tbody>\n<tr>\n<td width=\"566\"><strong>Professor (es):<a href=\"http:\/\/lattes.cnpq.br\/9488133154533517\" target=\"_blank\" rel=\"noopener\">Luis Fonseca Matos<\/a><\/strong><\/td>\n<\/tr>\n<tr>\n<td width=\"566\"><strong>Descri\u00e7\u00e3o: <\/strong>o Setor de Reprodu\u00e7\u00e3o e Obstetr\u00edcia de Grandes Animais realiza o atendimento reprodutivo e obst\u00e9trico em equinos, bovinos e pequenos ruminantes no Hospital Veterin\u00e1rio de UENF e a campo, com o apoio dos residentes, bolsistas e alunos de p\u00f3s-gradua\u00e7\u00e3o, incluindo exames ginecol\u00f3gicos e androl\u00f3gicos, diagn\u00f3stico da gesta\u00e7\u00e3o por palpa\u00e7\u00e3o retal e ultrassonografia, insemina\u00e7\u00e3o artificial, transfer\u00eancia de embri\u00f5es e procedimentos obst\u00e9tricos, como cesarianas e cirurgias reprodutivas.<\/td>\n<\/tr>\n<tr>\n<td width=\"566\"><strong>Estrutura:<\/strong>o Setor possui uma \u00e1rea coberta e limitada por um curral met\u00e1lico com cinco baias, pia e bancada, uma sala para alunos do setor, um laborat\u00f3rio e uma sala de medicamentos. Possui estrutura para atendimentos cir\u00fargicos e obst\u00e9tricos em grandes animais. Possui um aparelho de ultrassonografia modelo Mindray DP 4900 com sonda retal e linear, e um aparelho de ultrassonografia Sonoscape 2VPROVet com sonda retal para exames de Ultrassonografia modo \u201cB\u201d e doppler colorido. Possui ainda um microsc\u00f3pio para exames androl\u00f3gicos, uma lupa estereosc\u00f3pica para transfer\u00eancia de embri\u00f5es, um ox\u00edmetro, um bisturi el\u00e9trico, uma centr\u00edfuga cl\u00ednica, dois refrigeradores verticais e um freezer, micro-ondas, al\u00e9m do tronco met\u00e1lico para conten\u00e7\u00e3o de grandes animais.<\/td>\n<\/tr>\n<\/tbody>\n<\/table>\n","protected":false},"excerpt":{"rendered":"<p>Professor (es):Luis Fonseca Matos Descri\u00e7\u00e3o: o Setor de Reprodu\u00e7\u00e3o e Obstetr\u00edcia de Grandes Animais realiza o atendimento reprodutivo e obst\u00e9trico&#8230;<\/p>\n","protected":false},"author":36,"featured_media":0,"parent":17,"menu_order":1,"comment_status":"closed","ping_status":"closed","template":"","meta":{"footnotes":""},"class_list":["post-28","page","type-page","status-publish","hentry"],"_links":{"self":[{"href":"https:\/\/uenf.br\/ccta\/lrmga\/wp-json\/wp\/v2\/pages\/28","targetHints":{"allow":["GET"]}}],"collection":[{"href":"https:\/\/uenf.br\/ccta\/lrmga\/wp-json\/wp\/v2\/pages"}],"about":[{"href":"https:\/\/uenf.br\/ccta\/lrmga\/wp-json\/wp\/v2\/types\/page"}],"author":[{"embeddable":true,"href":"https:\/\/uenf.br\/ccta\/lrmga\/wp-json\/wp\/v2\/users\/36"}],"replies":[{"embeddable":true,"href":"https:\/\/uenf.br\/ccta\/lrmga\/wp-json\/wp\/v2\/comments?post=28"}],"version-history":[{"count":0,"href":"https:\/\/uenf.br\/ccta\/lrmga\/wp-json\/wp\/v2\/pages\/28\/revisions"}],"up":[{"embeddable":true,"href":"https:\/\/uenf.br\/ccta\/lrmga\/wp-json\/wp\/v2\/pages\/17"}],"wp:attachment":[{"href":"https:\/\/uenf.br\/ccta\/lrmga\/wp-json\/wp\/v2\/media?parent=28"}],"curies":[{"name":"wp","href":"https:\/\/api.w.org\/{rel}","templated":true}]}}