{"id":53,"date":"2024-05-28T20:46:59","date_gmt":"2024-05-28T23:46:59","guid":{"rendered":"https:\/\/uenf.br\/ccta\/lrmga\/?page_id=53"},"modified":"2025-02-03T09:12:32","modified_gmt":"2025-02-03T12:12:32","slug":"unidade-de-apoio-a-pesquisa-uap-animal-equinos-bovinos-e-ovinos","status":"publish","type":"page","link":"https:\/\/uenf.br\/ccta\/lrmga\/setores\/unidade-de-apoio-a-pesquisa-uap-animal-equinos-bovinos-e-ovinos\/","title":{"rendered":"Unidade de Apoio \u00e0 Pesquisa -UAP Animal (Equinos Bovinos e Ovinos)"},"content":{"rendered":"<table width=\"566\">\n<tbody>\n<tr>\n<td width=\"566\"><strong>Professor (es) ou t\u00e9cnicos: <\/strong>T\u00e9cnico de N\u00edvel Superior-<a href=\"http:\/\/lattes.cnpq.br\/2624854062970010\" target=\"_blank\" rel=\"noopener\">Marcus Ant\u00f4nio Pessanha Barreto<\/a>, Professores, <a href=\"http:\/\/lattes.cnpq.br\/9488133154533517\" target=\"_blank\" rel=\"noopener\">Luis Fonseca Matos<\/a> e <a href=\"http:\/\/lattes.cnpq.br\/1845406575748415\" target=\"_blank\" rel=\"noopener\">Jos\u00e9 Frederico Straggiotti\u00a0 Silva<\/a> <strong>\u00a0<\/strong><\/td>\n<\/tr>\n<tr>\n<td width=\"566\"><strong>Descri\u00e7\u00e3o: <\/strong>O setor realiza atividades de manejo reprodutivo em rebanhos ovino, bovino e equino pr\u00f3prios da unidade. Os estudantes se envolvem com as tarefas cotidianas de cada esp\u00e9cie entendendo estas desde a \u00f3tica da produ\u00e7\u00e3o animal. Assim, atividades como vacina\u00e7\u00e3o, vermifuga\u00e7\u00e3o, casqueamento, controle de ectoparasitas e alimenta\u00e7\u00e3o dos animais fazem parte das atividades realizadas. Al\u00e9m disso,o setor permite a visita\u00e7\u00e3o e participa\u00e7\u00e3o da comunidade com os diferentes projetos de extens\u00e3o associados. Esta Unidade \u00e9 fruto do esfor\u00e7o conjunto de t\u00e9cnicos, professores e alunos. Se destacam na sua cria\u00e7\u00e3o os professores \u00a0Reginaldo Silva Fontes e Jos\u00e9 Frederico Straggiotti Silva <span style=\"font-family: inherit;font-size: inherit\">, assim como o j\u00e1 falecido t\u00e9cnico de n\u00edvel superior <\/span><span style=\"font-family: inherit;font-size: inherit\">Fausto Paes de Carvalho .\u00a0<\/span><\/td>\n<\/tr>\n<tr>\n<td width=\"566\"><strong><strong>Estrutura:<\/strong><\/strong>A \u00e1rea destinada aos bovinos possui 5 ha, divididos em 13 piquetes, sendo todos irrigados. Nessa \u00e1rea s\u00e3o mantidas 20 f\u00eameas, utilizadas como doadoras de ov\u00f3citos e receptoras de embri\u00f5es. Nesta \u00e1rea encontra-se ainda um curral de manejo e um brete de conten\u00e7\u00e3o com balan\u00e7a, para auxiliar os trabalhos com os animais. Pr\u00f3ximo ao brete existem duas salas de apoio para rotinas de insemina\u00e7\u00e3o artificial, coleta e transfer\u00eancia de embri\u00f5es e aspira\u00e7\u00e3o folicular.<\/p>\n<p>Para manuten\u00e7\u00e3o dos equinos (8 \u00e9guas e dois garanh\u00f5es), al\u00e9m da \u00e1rea de pastagem existe um galp\u00e3o de 350 m2 , com uma sala (Laborat\u00f3rio de apoio), \u00e1rea de coleta de s\u00eamen, cocho coletivo para oito animais e quatro baias.<\/p>\n<p>A unidade conta ainda com um rebanho de cerca de 50 ovinos, mantidos em uma \u00e1rea de aproximadamente 0,6 ha, divididos em 12 piquetes irrigados e tamb\u00e9m um galp\u00e3o de 240 m2, com sala de ra\u00e7\u00e3o, farm\u00e1cia, \u00e1rea de coleta de s\u00eamen e ultrassonografia, com oito baias coletivas<\/td>\n<\/tr>\n<\/tbody>\n<\/table>\n","protected":false},"excerpt":{"rendered":"<p>Professor (es) ou t\u00e9cnicos: T\u00e9cnico de N\u00edvel Superior-Marcus Ant\u00f4nio Pessanha Barreto, Professores, Luis Fonseca Matos e Jos\u00e9 Frederico Straggiotti\u00a0 Silva&#8230;<\/p>\n","protected":false},"author":36,"featured_media":0,"parent":17,"menu_order":7,"comment_status":"closed","ping_status":"closed","template":"","meta":{"footnotes":""},"class_list":["post-53","page","type-page","status-publish","hentry"],"_links":{"self":[{"href":"https:\/\/uenf.br\/ccta\/lrmga\/wp-json\/wp\/v2\/pages\/53","targetHints":{"allow":["GET"]}}],"collection":[{"href":"https:\/\/uenf.br\/ccta\/lrmga\/wp-json\/wp\/v2\/pages"}],"about":[{"href":"https:\/\/uenf.br\/ccta\/lrmga\/wp-json\/wp\/v2\/types\/page"}],"author":[{"embeddable":true,"href":"https:\/\/uenf.br\/ccta\/lrmga\/wp-json\/wp\/v2\/users\/36"}],"replies":[{"embeddable":true,"href":"https:\/\/uenf.br\/ccta\/lrmga\/wp-json\/wp\/v2\/comments?post=53"}],"version-history":[{"count":0,"href":"https:\/\/uenf.br\/ccta\/lrmga\/wp-json\/wp\/v2\/pages\/53\/revisions"}],"up":[{"embeddable":true,"href":"https:\/\/uenf.br\/ccta\/lrmga\/wp-json\/wp\/v2\/pages\/17"}],"wp:attachment":[{"href":"https:\/\/uenf.br\/ccta\/lrmga\/wp-json\/wp\/v2\/media?parent=53"}],"curies":[{"name":"wp","href":"https:\/\/api.w.org\/{rel}","templated":true}]}}