{"id":56,"date":"2024-05-28T20:48:18","date_gmt":"2024-05-28T23:48:18","guid":{"rendered":"https:\/\/uenf.br\/ccta\/lrmga\/?page_id=56"},"modified":"2025-01-30T10:02:37","modified_gmt":"2025-01-30T13:02:37","slug":"comportamento-e-bem-estar-animal","status":"publish","type":"page","link":"https:\/\/uenf.br\/ccta\/lrmga\/setores\/comportamento-e-bem-estar-animal\/","title":{"rendered":"Comportamento e Bem-estar animal"},"content":{"rendered":"<table width=\"566\">\n<tbody>\n<tr>\n<td width=\"566\"><strong>Professor (es): <\/strong><a href=\"http:\/\/lattes.cnpq.br\/0194173115576666\" target=\"_blank\" rel=\"noopener\">Rosemary Bastos<\/a><\/td>\n<\/tr>\n<tr>\n<td width=\"566\"><strong>Descri\u00e7\u00e3o: <\/strong>O Setor de Comportamento e Bem-estar Animal, parte do Laborat\u00f3rio de Reprodu\u00e7\u00e3o e Melhoramento Gen\u00e9tico Animal (LRMGA), abriga o laborat\u00f3rio de radioimunoensaio, credenciado pela Comiss\u00e3o Nacional de Energia Nuclear. Suas atividades est\u00e3o focadas no comportamento e bem-estar animal. O laborat\u00f3rio utiliza t\u00e9cnicas, como o radioimunoensaio, para avaliar horm\u00f4nios, al\u00e9m disso, o setor desenvolve projetos de extens\u00e3o, promovendo a conscientiza\u00e7\u00e3o sobre o bem-estar animal.<\/td>\n<\/tr>\n<tr>\n<td width=\"566\"><strong>Estrutura:<\/strong>o Setor de Comportamento e Bem-Estar Animal possui cinco salas, as quais somam uma \u00e1rea de 65 m2, contendo dois pontos de internet. Neste setor encontram-se dois contadores de radia\u00e7\u00e3o gama e beta, monitores de radia\u00e7\u00e3o, centr\u00edfugas, agitadores, homogeneizadores, bomba a v\u00e1cuo, computadores, geladeira, freezer e pipetadores.<\/td>\n<\/tr>\n<\/tbody>\n<\/table>\n","protected":false},"excerpt":{"rendered":"<p>Professor (es): Rosemary Bastos Descri\u00e7\u00e3o: O Setor de Comportamento e Bem-estar Animal, parte do Laborat\u00f3rio de Reprodu\u00e7\u00e3o e Melhoramento Gen\u00e9tico&#8230;<\/p>\n","protected":false},"author":36,"featured_media":0,"parent":17,"menu_order":8,"comment_status":"closed","ping_status":"closed","template":"","meta":{"footnotes":""},"class_list":["post-56","page","type-page","status-publish","hentry"],"_links":{"self":[{"href":"https:\/\/uenf.br\/ccta\/lrmga\/wp-json\/wp\/v2\/pages\/56","targetHints":{"allow":["GET"]}}],"collection":[{"href":"https:\/\/uenf.br\/ccta\/lrmga\/wp-json\/wp\/v2\/pages"}],"about":[{"href":"https:\/\/uenf.br\/ccta\/lrmga\/wp-json\/wp\/v2\/types\/page"}],"author":[{"embeddable":true,"href":"https:\/\/uenf.br\/ccta\/lrmga\/wp-json\/wp\/v2\/users\/36"}],"replies":[{"embeddable":true,"href":"https:\/\/uenf.br\/ccta\/lrmga\/wp-json\/wp\/v2\/comments?post=56"}],"version-history":[{"count":0,"href":"https:\/\/uenf.br\/ccta\/lrmga\/wp-json\/wp\/v2\/pages\/56\/revisions"}],"up":[{"embeddable":true,"href":"https:\/\/uenf.br\/ccta\/lrmga\/wp-json\/wp\/v2\/pages\/17"}],"wp:attachment":[{"href":"https:\/\/uenf.br\/ccta\/lrmga\/wp-json\/wp\/v2\/media?parent=56"}],"curies":[{"name":"wp","href":"https:\/\/api.w.org\/{rel}","templated":true}]}}