{"id":395,"date":"2024-10-15T11:00:07","date_gmt":"2024-10-15T14:00:07","guid":{"rendered":"https:\/\/uenf.br\/ccta\/lsa\/?page_id=395"},"modified":"2025-09-19T17:18:48","modified_gmt":"2025-09-19T20:18:48","slug":"docentes-modelo","status":"publish","type":"page","link":"https:\/\/uenf.br\/ccta\/lsa\/docentes-modelo\/","title":{"rendered":"Corpo Docente &#8211; Laborat\u00f3rio de Sanidade Animal"},"content":{"rendered":"<p><strong>Carlos Eurico Pires Ferreira Travassos<\/strong><strong> &#8211; Professor Associado &#8211; Chefe do LSA<\/strong><\/p>\n<p>O professor <strong data-start=\"1730\" data-end=\"1772\">Carlos Eurico Pires Ferreira Travassos<\/strong> \u00e9 formado em Medicina Veterin\u00e1ria pela UFRPE, com mestrado em Microbiologia Veterin\u00e1ria na UFRRJ. Concluiu o doutorado em Ci\u00eancias \u2013 \u00c1rea de Concentra\u00e7\u00e3o &#8211; Microbiologia na UFRJ em 1998. \u00c9 Professor Associado I da UENF, desenvolvendo pesquisas em Virologia Animal, com \u00eanfase em lentiv\u00edrus de pequenos ruminantes, poxv\u00edrus, rotav\u00edrus e influenza em aves migrat\u00f3rias, al\u00e9m de epidemiologia de pat\u00f3genos em animais dom\u00e9sticos e silvestres.<\/p>\n<p><strong>\u00c1rea de pesquisa<\/strong>:<\/p>\n<ul>\n<li>Epidemiologia e Sa\u00fade P\u00fablica<\/li>\n<li>Medicina Veterin\u00e1ria Preventiva<\/li>\n<\/ul>\n<p><strong>Curr\u00edculo Lattes<\/strong>:\u00a0<a href=\"http:\/\/lattes.cnpq.br\/3253954711527053\" target=\"_blank\" rel=\"noopener\">http:\/\/lattes.cnpq.br\/3253954711527053<\/a><\/p>\n<p><strong>E-mail Contato:<\/strong><span style=\"color: #0000ff\"> cakatrav@uenf.br, caetravassos@gmail.com<\/span><\/p>\n<p><strong>Sala: <\/strong>26 Hospital Veterin\u00e1rio<strong> \u00a0Telefone: <\/strong>2739-7343<\/p>\n<p>&nbsp;<\/p>\n<p><strong><a href=\"http:\/\/buscatextual.cnpq.br\/buscatextual\/visualizacv.do?id=K4792255E9\" target=\"_blank\" rel=\"noopener\">Francisco Carlos Rodrigues de Oliveira<\/a>\u00a0&#8211; Professor Titular<\/strong><\/p>\n<p>M\u00e9dico Veterin\u00e1rio, UFRRJ, 1985; Mestre em Medicina Veterin\u00e1ria, UNESP, 1997; Doutor em Ci\u00eancias Veterin\u00e1rias, UFRRJ, 2001.<\/p>\n<p>\u00c1rea: N\u00facleo de Parasitologia de Produ\u00e7\u00e3o Animal<\/p>\n<p>Sala: 82 Hospital Veterin\u00e1rio \u00a0Telefone: 2739-7359<\/p>\n<p><span style=\"text-decoration: underline;color: #0000ff\"><a style=\"color: #0000ff;text-decoration: underline\" href=\"mailto:foliveira@uenf.br\">f<span style=\"text-decoration: underline\">oliveira@uenf.br<\/span><\/a>, oliveirafcr@gmail.com<\/span><\/p>\n<p>&nbsp;<\/p>\n<p><strong><a href=\"http:\/\/buscatextual.cnpq.br\/buscatextual\/visualizacv.do?id=K4763868D5\" target=\"_blank\" rel=\"noopener\">M\u00e1rcio Manh\u00e3es Folly<\/a> &#8211; Professor Associado\u00a0<\/strong><\/p>\n<p>M\u00e9dico Veterin\u00e1rio, UFRRJ, 1981; Mestre em Parasitologia, Universidade de Neuch\u00e2tel, Su\u00ed\u00e7a, 1988; Doutor em Medicina Veterin\u00e1ria (Microbiologia Animal), Universidade de Berna, Su\u00ed\u00e7a, 1992 \u2013 P\u00f3s-Doutor em Norma ISO 17025 de Laborat\u00f3rios de Calibra\u00e7\u00e3o e Ensaios no Laboratoire Agroalimentaire Fribourgeois, Su\u00ed\u00e7a, 2002.<\/p>\n<p>\u00c1rea: Bacteriologia Veterin\u00e1ria<\/p>\n<p>Sala: 44 Hospital Veterin\u00e1rio \u00a0Telefone: 2739-7350<\/p>\n<p><span style=\"text-decoration: underline;color: #0000ff\"><a style=\"color: #0000ff;text-decoration: underline\" href=\"mailto:follyma@uenf.br\">follyma@uenf.b<\/a>r, marciofolly@yahoo.com.br<\/span><\/p>\n<p>&nbsp;<\/p>\n<p><strong><a href=\"http:\/\/buscatextual.cnpq.br\/buscatextual\/visualizacv.do?id=K4792909T4\" target=\"_blank\" rel=\"noopener\">Maria Ang\u00e9lica Vieira da Costa Pereira<\/a>\u00a0&#8211; Professora Associada<\/strong><\/p>\n<p>M\u00e9dica Veterin\u00e1ria, UFRRJ 1988; Especializa\u00e7\u00e3o em Homeopatia: Organon da Homeopatia 1984 a 1988, Fran\u00e7ois Lamasson 1989 a 1990; Mestrado em Medicina Veterin\u00e1ria &#8211; Patologia Cl\u00ednica,UFRRJ 1993; Doutorado em Ci\u00eancias Veterin\u00e1rias &#8211; Parasitologia Veterin\u00e1ria, UFRRJ 1999.<\/p>\n<p>\u00c1rea: Doen\u00e7as Parasit\u00e1rias Veterin\u00e1ria<\/p>\n<p>Salas: 21 e 28 Hospital Veterin\u00e1rio \u00a0Telefone: 2739-7360<\/p>\n<p><span style=\"text-decoration: underline;color: #0000ff\"><a style=\"color: #0000ff;text-decoration: underline\" href=\"mailto:angel@uenf.br\">angel@uenf.br<\/a>, mangel1962@gmail.com<\/span><\/p>\n<p>&nbsp;<\/p>\n<p><strong><a href=\"http:\/\/buscatextual.cnpq.br\/buscatextual\/visualizacv.do?id=K4707762P6\" target=\"_blank\" rel=\"noopener\">Olney Vieira da Motta<\/a>\u00a0&#8211; Professor Associado<\/strong><\/p>\n<p>M\u00e9dico Veterin\u00e1rio, UFRRJ, 1981; Mestrado em Produ\u00e7\u00e3o Animal, UENF, 1997; Doutorado em Bioci\u00eancias e Biotecnologia, UENF, 2001.<\/p>\n<p>\u00c1rea: Micologia Veterin\u00e1ria<\/p>\n<p>Sala: 45 Hospital Veterin\u00e1rio \u00a0Telefone: 2739-7051<\/p>\n<p><span style=\"text-decoration: underline;color: #0000ff\"><a style=\"color: #0000ff;text-decoration: underline\" href=\"mailto:olney@uenf.br\">olney@uenf.br<\/a>, olney.motta@gmail.com<\/span><\/p>\n<p>&nbsp;<\/p>\n<p><strong><a href=\"http:\/\/buscatextual.cnpq.br\/buscatextual\/visualizacv.do?id=K4704459Z6\" target=\"_blank\" rel=\"noopener\">S\u00edlvia Regina Ferreira Gon\u00e7alves Pereira<\/a>\u00a0&#8211; Professora Associada<\/strong><\/p>\n<p>M\u00e9dica Veterin\u00e1ria, UFRRJ, 1986; Mestrado em Patologia Veterin\u00e1ria e Medicina Veterin\u00e1ria Preventiva, UFRRJ, 1993; Doutorado em Ci\u00eancias &#8211; \u00c1rea de Concentra\u00e7\u00e3o &#8211; Microbiologia, UFRJ, 2001.<\/p>\n<p>\u00c1rea: Virologia Veterin\u00e1ria<\/p>\n<p>Sala: 25 Hospital Veterin\u00e1rio \u00a0Telefone: 2739-7362<\/p>\n<p><span style=\"text-decoration: underline;color: #0000ff\"><a style=\"color: #0000ff;text-decoration: underline\" href=\"mailto:silviarfgp@uenf.br\">silviarfgp@uenf.br<\/a><\/span><\/p>\n<p>&nbsp;<\/p>\n<p><strong>Solange Silva Samar\u00e3o &#8211; Professora FAETEC<\/strong><\/p>\n<p>\u00c1rea: Micologia Veterin\u00e1ria<\/p>\n<p>Sala: 19 Hospital Veterin\u00e1rio Telefone: 27397051<\/p>\n<p><a href=\"http:\/\/buscatextual.cnpq.br\/buscatextual\/visualizacv.do?id=K4701832T2\" target=\"_blank\" rel=\"noopener\">Curr\u00edculo Lattes<\/a><\/p>\n","protected":false},"excerpt":{"rendered":"<p>Carlos Eurico Pires Ferreira Travassos &#8211; Professor Associado &#8211; Chefe do LSA O professor Carlos Eurico Pires Ferreira Travassos \u00e9&#8230;<\/p>\n","protected":false},"author":16,"featured_media":0,"parent":0,"menu_order":0,"comment_status":"closed","ping_status":"closed","template":"","meta":{"_seopress_robots_primary_cat":"","_seopress_titles_title":"","_seopress_titles_desc":"","_seopress_robots_index":"","footnotes":""},"class_list":["post-395","page","type-page","status-publish"],"_links":{"self":[{"href":"https:\/\/uenf.br\/ccta\/lsa\/wp-json\/wp\/v2\/pages\/395","targetHints":{"allow":["GET"]}}],"collection":[{"href":"https:\/\/uenf.br\/ccta\/lsa\/wp-json\/wp\/v2\/pages"}],"about":[{"href":"https:\/\/uenf.br\/ccta\/lsa\/wp-json\/wp\/v2\/types\/page"}],"author":[{"embeddable":true,"href":"https:\/\/uenf.br\/ccta\/lsa\/wp-json\/wp\/v2\/users\/16"}],"replies":[{"embeddable":true,"href":"https:\/\/uenf.br\/ccta\/lsa\/wp-json\/wp\/v2\/comments?post=395"}],"version-history":[{"count":0,"href":"https:\/\/uenf.br\/ccta\/lsa\/wp-json\/wp\/v2\/pages\/395\/revisions"}],"wp:attachment":[{"href":"https:\/\/uenf.br\/ccta\/lsa\/wp-json\/wp\/v2\/media?parent=395"}],"curies":[{"name":"wp","href":"https:\/\/api.w.org\/{rel}","templated":true}]}}