{"id":8,"date":"2010-09-22T09:06:09","date_gmt":"2010-09-22T12:06:09","guid":{"rendered":"http:\/\/uenf.br\/ccta\/lsa\/"},"modified":"2024-10-15T11:22:49","modified_gmt":"2024-10-15T14:22:49","slug":"tecnicos","status":"publish","type":"page","link":"https:\/\/uenf.br\/ccta\/lsa\/tecnicos\/","title":{"rendered":"T\u00e9cnicos"},"content":{"rendered":"<ul>\n<li><strong>Cl\u00e1udia Maria Costa de Almeida<\/strong><\/li>\n<\/ul>\n<p>M\u00e9dica Veterin\u00e1ria, UFF, 1985; Mestre em Microbiologia, UFRRJ, 1997; Doutora\u00a0 em Bioci\u00eancia e Biotecnologia, \u00e1rea de Biologia Celular, UENF, 2001.<\/p>\n<p><span style=\"text-decoration: underline;color: #0000ff\">calmeida@uenf<a style=\"color: #0000ff\" href=\"mailto:calmeida@uenf.br\">.br<\/a><\/span><\/p>\n<p><a href=\"http:\/\/buscatextual.cnpq.br\/buscatextual\/visualizacv.do?id=K4707617A9\" target=\"_blank\" rel=\"noopener\">Curr\u00edculo Lattes<\/a><\/p>\n<ul>\n<li><strong>Ely Sena Marques<\/strong><\/li>\n<\/ul>\n<p>senaely@hotmail.com.br<\/p>\n<ul>\n<li><strong>Gina Nunes Teixeira<\/strong><\/li>\n<\/ul>\n<p>M\u00e9dica Veterin\u00e1ria, UFF, 1993; Mestre em Produ\u00e7\u00e3o Animal, UENF, 2001;<\/p>\n<p><span style=\"text-decoration: underline;color: #0000ff\"><span style=\"text-decoration: underline\"><a style=\"color: #0000ff;text-decoration: underline\" href=\"mailto:gina@uenf.br\">gina@uenf.br<\/a><\/span><\/span><\/p>\n<p><a href=\"http:\/\/buscatextual.cnpq.br\/buscatextual\/visualizacv.do?id=K4728099J8\" target=\"_blank\" rel=\"noopener\">Curr\u00edculo Lattes<\/a><\/p>\n<ul>\n<li><strong>Janete Viana Farias<\/strong><\/li>\n<\/ul>\n<p><span style=\"text-decoration: underline\"><span style=\"color: #0000ff;text-decoration: underline\">jfarias@uenf.br<\/span><\/span><\/p>\n<ul>\n<li><strong>Jorge Pereira dos Santos<\/strong><\/li>\n<\/ul>\n<p><span style=\"text-decoration: underline\"><span style=\"color: #0000ff;text-decoration: underline\">j_pereira37@yahoo.com.br<\/span><\/span><\/p>\n<p><a href=\"http:\/\/buscatextual.cnpq.br\/buscatextual\/visualizacv.do?id=K4179230J0\" target=\"_blank\" rel=\"noopener\">Curr\u00edculo Lattes<\/a><\/p>\n<ul>\n<li><strong>Maria de Lourdes Amaral Bernadino Fernandes<\/strong><\/li>\n<\/ul>\n<p>M\u00e9dica Veterin\u00e1ria, UFMG, 1989; Mestre em Nutri\u00e7\u00e3o Animal, UFMG, 1996.<\/p>\n<p><span style=\"text-decoration: underline;color: #0000ff\"><a style=\"color: #0000ff;text-decoration: underline\" href=\"mailto:vetlourdes@hotmail.com.br\">vetlourdes@hotmail.com.br<\/a><\/span><\/p>\n<ul>\n<li><strong>Mar\u00edlia Henriques Rodrigues<\/strong><\/li>\n<\/ul>\n<p>M\u00e9dica Veterin\u00e1ria, UFMG 1983; Mestre em Zootecnia (Fisiologia Animal), UFV 1991; Doutora em Ci\u00eancia Animal, UENF 2010.<\/p>\n<p><span style=\"text-decoration: underline;color: #0000ff\"><a style=\"color: #0000ff;text-decoration: underline\" href=\"mailto:marilia@uenf.br\">marilia@uenf.br<\/a><\/span><\/p>\n<p><a href=\"http:\/\/buscatextual.cnpq.br\/buscatextual\/visualizacv.do?id=K4789662J0\" target=\"_blank\" rel=\"noopener\">Curr\u00edculo Lattes<\/a><\/p>\n<ul>\n<li><strong>Osvaldo Luis da Silva<\/strong><\/li>\n<\/ul>\n<p><span style=\"text-decoration: underline;color: #0000ff\"><span style=\"text-decoration: underline\">olusilva@yahoo.com.br<\/span><\/span><\/p>\n<ul>\n<li><strong>Ricardo Luis C\u00e2mara Guerreiro<\/strong><\/li>\n<\/ul>\n<p><span style=\"color: #0000ff\">kuruguerreiro@yahoo.com.br<\/span><\/p>\n<ul>\n<li><strong>Sueli Rosa Marins<\/strong><\/li>\n<\/ul>\n<p><span style=\"text-decoration: underline;color: #0000ff\"><span style=\"text-decoration: underline\">marins@uenf.br<\/span><\/span><\/p>\n<ul>\n<li><strong>Vicente Joaquim Cordeiro de Azevedo<\/strong><\/li>\n<\/ul>\n<p><span style=\"text-decoration: underline;color: #0000ff\"><span style=\"text-decoration: underline\">azevedo@hotmail.com<\/span><\/span><\/p>\n","protected":false},"excerpt":{"rendered":"<p>Cl\u00e1udia Maria Costa de Almeida M\u00e9dica Veterin\u00e1ria, UFF, 1985; Mestre em Microbiologia, UFRRJ, 1997; Doutora\u00a0 em Bioci\u00eancia e Biotecnologia, \u00e1rea&#8230;<\/p>\n","protected":false},"author":3,"featured_media":0,"parent":0,"menu_order":3,"comment_status":"closed","ping_status":"closed","template":"","meta":{"_seopress_robots_primary_cat":"","_seopress_titles_title":"","_seopress_titles_desc":"","_seopress_robots_index":"","footnotes":""},"class_list":["post-8","page","type-page","status-publish"],"_links":{"self":[{"href":"https:\/\/uenf.br\/ccta\/lsa\/wp-json\/wp\/v2\/pages\/8","targetHints":{"allow":["GET"]}}],"collection":[{"href":"https:\/\/uenf.br\/ccta\/lsa\/wp-json\/wp\/v2\/pages"}],"about":[{"href":"https:\/\/uenf.br\/ccta\/lsa\/wp-json\/wp\/v2\/types\/page"}],"author":[{"embeddable":true,"href":"https:\/\/uenf.br\/ccta\/lsa\/wp-json\/wp\/v2\/users\/3"}],"replies":[{"embeddable":true,"href":"https:\/\/uenf.br\/ccta\/lsa\/wp-json\/wp\/v2\/comments?post=8"}],"version-history":[{"count":0,"href":"https:\/\/uenf.br\/ccta\/lsa\/wp-json\/wp\/v2\/pages\/8\/revisions"}],"wp:attachment":[{"href":"https:\/\/uenf.br\/ccta\/lsa\/wp-json\/wp\/v2\/media?parent=8"}],"curies":[{"name":"wp","href":"https:\/\/api.w.org\/{rel}","templated":true}]}}

Técnicos

<ul>
<li><strong>Cláudia Maria Costa de Almeida</strong></li>
</ul>
<p>Médica Veterinária, UFF, 1985; Mestre em Microbiologia, UFRRJ, 1997; Doutora  em Biociência e Biotecnologia, área de Biologia Celular, UENF, 2001.</p>
<p><span style="text-decoration: underline;color: #0000ff">calmeida@uenf<a style="color: #0000ff" href="mailto:calmeida@uenf.br">.br</a></span></p>
<p><a href="http://buscatextual.cnpq.br/buscatextual/visualizacv.do?id=K4707617A9" target="_blank" rel="noopener">Currículo Lattes</a></p>
<ul>
<li><strong>Ely Sena Marques</strong></li>
</ul>
<p>senaely@hotmail.com.br</p>
<ul>
<li><strong>Gina Nunes Teixeira</strong></li>
</ul>
<p>Médica Veterinária, UFF, 1993; Mestre em Produção Animal, UENF, 2001;</p>
<p><span style="text-decoration: underline;color: #0000ff"><span style="text-decoration: underline"><a style="color: #0000ff;text-decoration: underline" href="mailto:gina@uenf.br">gina@uenf.br</a></span></span></p>
<p><a href="http://buscatextual.cnpq.br/buscatextual/visualizacv.do?id=K4728099J8" target="_blank" rel="noopener">Currículo Lattes</a></p>
<ul>
<li><strong>Janete Viana Farias</strong></li>
</ul>
<p><span style="text-decoration: underline"><span style="color: #0000ff;text-decoration: underline">jfarias@uenf.br</span></span></p>
<ul>
<li><strong>Jorge Pereira dos Santos</strong></li>
</ul>
<p><span style="text-decoration: underline"><span style="color: #0000ff;text-decoration: underline">j_pereira37@yahoo.com.br</span></span></p>
<p><a href="http://buscatextual.cnpq.br/buscatextual/visualizacv.do?id=K4179230J0" target="_blank" rel="noopener">Currículo Lattes</a></p>
<ul>
<li><strong>Maria de Lourdes Amaral Bernadino Fernandes</strong></li>
</ul>
<p>Médica Veterinária, UFMG, 1989; Mestre em Nutrição Animal, UFMG, 1996.</p>
<p><span style="text-decoration: underline;color: #0000ff"><a style="color: #0000ff;text-decoration: underline" href="mailto:vetlourdes@hotmail.com.br">vetlourdes@hotmail.com.br</a></span></p>
<ul>
<li><strong>Marília Henriques Rodrigues</strong></li>
</ul>
<p>Médica Veterinária, UFMG 1983; Mestre em Zootecnia (Fisiologia Animal), UFV 1991; Doutora em Ciência Animal, UENF 2010.</p>
<p><span style="text-decoration: underline;color: #0000ff"><a style="color: #0000ff;text-decoration: underline" href="mailto:marilia@uenf.br">marilia@uenf.br</a></span></p>
<p><a href="http://buscatextual.cnpq.br/buscatextual/visualizacv.do?id=K4789662J0" target="_blank" rel="noopener">Currículo Lattes</a></p>
<ul>
<li><strong>Osvaldo Luis da Silva</strong></li>
</ul>
<p><span style="text-decoration: underline;color: #0000ff"><span style="text-decoration: underline">olusilva@yahoo.com.br</span></span></p>
<ul>
<li><strong>Ricardo Luis Câmara Guerreiro</strong></li>
</ul>
<p><span style="color: #0000ff">kuruguerreiro@yahoo.com.br</span></p>
<ul>
<li><strong>Sueli Rosa Marins</strong></li>
</ul>
<p><span style="text-decoration: underline;color: #0000ff"><span style="text-decoration: underline">marins@uenf.br</span></span></p>
<ul>
<li><strong>Vicente Joaquim Cordeiro de Azevedo</strong></li>
</ul>
<p><span style="text-decoration: underline;color: #0000ff"><span style="text-decoration: underline">azevedo@hotmail.com</span></span></p>

<p>Cláudia Maria Costa de Almeida Médica Veterinária, UFF, 1985; Mestre em Microbiologia, UFRRJ, 1997; Doutora  em Biociência e Biotecnologia, área&#8230;</p>
