{"id":159,"date":"2012-12-05T13:00:40","date_gmt":"2012-12-05T13:00:40","guid":{"rendered":"http:\/\/uenf.br\/ccta\/lsol\/?page_id=159"},"modified":"2019-10-22T17:55:33","modified_gmt":"2019-10-22T17:55:33","slug":"pesquisa","status":"publish","type":"page","link":"https:\/\/uenf.br\/ccta\/lsol\/pesquisa\/","title":{"rendered":"Pesquisa"},"content":{"rendered":"<p style=\"text-align: justify\"><span style=\"color: #993300;font-family: Arial, Helvetica, sans-serif;font-size: small\">O LSOL possui diversas pesquisas ligadas \u00e0 Ci\u00eancia do Solo, sendo que algumas delas s\u00e3o voltadas para a solu\u00e7\u00e3o de problemas das Regi\u00f5es Norte e Noroeste Fluminense:<\/span><\/p>\n<ul>\n<li style=\"text-align: justify\"><span style=\"color: #993300;font-family: Arial, Helvetica, sans-serif;font-size: small\">Avalia\u00e7\u00e3o nutricional e aduba\u00e7\u00e3o de esp\u00e9cies florestais nativas;<\/span><\/li>\n<li style=\"text-align: justify\"><span style=\"color: #993300;font-family: Arial, Helvetica, sans-serif;font-size: small\">Ciclagem de nutrientes em sistemas agr\u00edcolas, agroflorestais e florestais;<\/span><\/li>\n<li style=\"text-align: justify\"><span style=\"color: #993300;font-family: Arial, Helvetica, sans-serif;font-size: small\">Din\u00e2mica da mat\u00e9ria org\u00e2nica;<\/span><\/li>\n<li style=\"text-align: justify\"><span style=\"color: #993300;font-family: Arial, Helvetica, sans-serif;font-size: small\">Fertilidade do solo e nutri\u00e7\u00e3o de plantas perenes;<\/span><\/li>\n<li style=\"text-align: justify\"><span style=\"color: #993300;font-family: Arial, Helvetica, sans-serif;font-size: small\">Indicadores da qualidade do solo;<\/span><\/li>\n<li style=\"text-align: justify\"><span style=\"color: #993300;font-family: Arial, Helvetica, sans-serif;font-size: small\">Metais pesados em solos;<\/span><\/li>\n<li style=\"text-align: justify\"><span style=\"color: #993300;font-family: Arial, Helvetica, sans-serif;font-size: small\">Oxirredu\u00e7\u00e3o em solos;<\/span><\/li>\n<li style=\"text-align: justify\"><span style=\"color: #993300;font-family: Arial, Helvetica, sans-serif;font-size: small\">Qualidade f\u00edsica do solo para o crescimento de plantas;<\/span><\/li>\n<li style=\"text-align: justify\"><span style=\"color: #993300;font-family: Arial, Helvetica, sans-serif;font-size: small\">Quantifica\u00e7\u00e3o da biomassa e atividade microbiana do solo e da serapilheira;<\/span><\/li>\n<li style=\"text-align: justify\"><span style=\"color: #993300;font-family: Arial, Helvetica, sans-serif;font-size: small\">Rela\u00e7\u00e3o entre estrutura e bioatividade da mat\u00e9ria org\u00e2nica;<\/span><\/li>\n<li style=\"text-align: justify\"><span style=\"color: #993300;font-family: Arial, Helvetica, sans-serif;font-size: small\">Reten\u00e7\u00e3o e din\u00e2mica da \u00e1gua no solo;<\/span><\/li>\n<li style=\"text-align: justify\"><span style=\"color: #993300;font-family: Arial, Helvetica, sans-serif;font-size: small\">Revegeta\u00e7\u00e3o e recupera\u00e7\u00e3o de solos degradados;<\/span><\/li>\n<li style=\"text-align: justify\"><span style=\"color: #993300;font-family: Arial, Helvetica, sans-serif;font-size: small\">Sele\u00e7\u00e3o e produ\u00e7\u00e3o de in\u00f3culo de fungos micorr\u00edzicos arbusculares eficientes para posterior inocula\u00e7\u00e3o em fruteiras tropicais;<\/span><\/li>\n<li style=\"text-align: justify\"><span style=\"color: #993300;font-family: Arial, Helvetica, sans-serif;font-size: small\">Sistemas de manejo de solos;<\/span><\/li>\n<li style=\"text-align: justify\"><span style=\"color: #993300;font-family: Arial, Helvetica, sans-serif;font-size: small\">T\u00e9cnicas de recupera\u00e7\u00e3o de \u00e1reas degradadas para prote\u00e7\u00e3o ambiental e produ\u00e7\u00e3o agr\u00edcola.<\/span><\/li>\n<\/ul>\n","protected":false},"excerpt":{"rendered":"<p>O LSOL possui diversas pesquisas ligadas \u00e0 Ci\u00eancia do Solo, sendo que algumas delas s\u00e3o voltadas para a solu\u00e7\u00e3o de&#8230;<\/p>\n","protected":false},"author":10,"featured_media":0,"parent":0,"menu_order":6,"comment_status":"closed","ping_status":"open","template":"","meta":{"footnotes":""},"class_list":["post-159","page","type-page","status-publish","hentry"],"_links":{"self":[{"href":"https:\/\/uenf.br\/ccta\/lsol\/wp-json\/wp\/v2\/pages\/159","targetHints":{"allow":["GET"]}}],"collection":[{"href":"https:\/\/uenf.br\/ccta\/lsol\/wp-json\/wp\/v2\/pages"}],"about":[{"href":"https:\/\/uenf.br\/ccta\/lsol\/wp-json\/wp\/v2\/types\/page"}],"author":[{"embeddable":true,"href":"https:\/\/uenf.br\/ccta\/lsol\/wp-json\/wp\/v2\/users\/10"}],"replies":[{"embeddable":true,"href":"https:\/\/uenf.br\/ccta\/lsol\/wp-json\/wp\/v2\/comments?post=159"}],"version-history":[{"count":0,"href":"https:\/\/uenf.br\/ccta\/lsol\/wp-json\/wp\/v2\/pages\/159\/revisions"}],"wp:attachment":[{"href":"https:\/\/uenf.br\/ccta\/lsol\/wp-json\/wp\/v2\/media?parent=159"}],"curies":[{"name":"wp","href":"https:\/\/api.w.org\/{rel}","templated":true}]}}