{"id":42,"date":"2012-11-29T20:18:52","date_gmt":"2012-11-29T20:18:52","guid":{"rendered":"http:\/\/uenf.br\/ccta\/lsol\/?page_id=42"},"modified":"2019-10-22T19:14:15","modified_gmt":"2019-10-22T19:14:15","slug":"fertilidade-do-solo","status":"publish","type":"page","link":"https:\/\/uenf.br\/ccta\/lsol\/setores\/fertilidade-do-solo\/","title":{"rendered":"Fertilidade do Solo"},"content":{"rendered":"<p style=\"text-align: justify\"><span style=\"color: #993300;font-family: Arial, Helvetica, sans-serif;font-size: small\">O desafio de proteger o meio ambiente ao mesmo tempo em que se processam o desenvolvimento e a utiliza\u00e7\u00e3o dos recursos naturais, faz parte da pol\u00edtica deste Setor. Por meio da pesquisa, o Setor de Fertilidade do Solo procura obter o conhecimento da qu\u00edmica dos solos, estabelecendo os fatores limitantes da produ\u00e7\u00e3o vegetal e os meios para sua corre\u00e7\u00e3o, assim como os impactos sobre o meio ambiente que esses corretivos causam. Nesse sentido faz-se uma abordagem sist\u00eamica, mediante a avalia\u00e7\u00e3o da ciclagem de nutrientes dos agrossistemas. Estudos desse tipo fornecem subs\u00eddios para o desenvolvimento de t\u00e9cnicas de manejo que sejam ecol\u00f3gica e economicamente vi\u00e1veis.\u00a0<\/span><\/p>\n","protected":false},"excerpt":{"rendered":"<p>O desafio de proteger o meio ambiente ao mesmo tempo em que se processam o desenvolvimento e a utiliza\u00e7\u00e3o dos&#8230;<\/p>\n","protected":false},"author":10,"featured_media":0,"parent":32,"menu_order":1,"comment_status":"closed","ping_status":"closed","template":"","meta":{"footnotes":""},"class_list":["post-42","page","type-page","status-publish","hentry"],"_links":{"self":[{"href":"https:\/\/uenf.br\/ccta\/lsol\/wp-json\/wp\/v2\/pages\/42","targetHints":{"allow":["GET"]}}],"collection":[{"href":"https:\/\/uenf.br\/ccta\/lsol\/wp-json\/wp\/v2\/pages"}],"about":[{"href":"https:\/\/uenf.br\/ccta\/lsol\/wp-json\/wp\/v2\/types\/page"}],"author":[{"embeddable":true,"href":"https:\/\/uenf.br\/ccta\/lsol\/wp-json\/wp\/v2\/users\/10"}],"replies":[{"embeddable":true,"href":"https:\/\/uenf.br\/ccta\/lsol\/wp-json\/wp\/v2\/comments?post=42"}],"version-history":[{"count":0,"href":"https:\/\/uenf.br\/ccta\/lsol\/wp-json\/wp\/v2\/pages\/42\/revisions"}],"up":[{"embeddable":true,"href":"https:\/\/uenf.br\/ccta\/lsol\/wp-json\/wp\/v2\/pages\/32"}],"wp:attachment":[{"href":"https:\/\/uenf.br\/ccta\/lsol\/wp-json\/wp\/v2\/media?parent=42"}],"curies":[{"name":"wp","href":"https:\/\/api.w.org\/{rel}","templated":true}]}}