{"id":61,"date":"2012-11-29T20:27:55","date_gmt":"2012-11-29T20:27:55","guid":{"rendered":"http:\/\/uenf.br\/ccta\/lsol\/?page_id=61"},"modified":"2019-10-22T19:12:39","modified_gmt":"2019-10-22T19:12:39","slug":"quimica-do-solo","status":"publish","type":"page","link":"https:\/\/uenf.br\/ccta\/lsol\/setores\/quimica-do-solo\/","title":{"rendered":"Qu\u00edmica do Solo"},"content":{"rendered":"<p style=\"text-align: justify\"><span style=\"color: #993300;font-family: Arial, Helvetica, sans-serif;font-size: small\">O Setor de Qu\u00edmica do Solo procura sistematizar o conhecimento da qu\u00edmica dos solos para desenvolver estrat\u00e9gias, visando tanto a\u00a0conviv\u00eancia com os ecossistemas, como a redu\u00e7\u00e3o de limita\u00e7\u00f5es ambientais\u00a0para a produ\u00e7\u00e3o vegetal. Nesse sentido, faz-se uma abordagem sist\u00eamica, mediante a avalia\u00e7\u00e3o dos ciclos biogeoqu\u00edmicos e seu papel nos agrossistemas. O setor trata, de maneira especial, a qu\u00edmica do h\u00famus e seu papel tanto nas propriedades do solo como seu efeito direto sobre eventos fisiol\u00f3gicos das plantas. Estudos desse tipo fornecem subs\u00eddios para o desenvolvimento de t\u00e9cnicas de manejo que sejam ecol\u00f3gica e economicamente vi\u00e1veis. Tamb\u00e9m realiza estudos de oxirredu\u00e7\u00e3o em solos, qu\u00edmica de superf\u00edcie, polui\u00e7\u00e3o do solo e de caracteriza\u00e7\u00e3o estrutural da mat\u00e9ria org\u00e2nica de solos e de res\u00edduos.<\/span><\/p>\n","protected":false},"excerpt":{"rendered":"<p>O Setor de Qu\u00edmica do Solo procura sistematizar o conhecimento da qu\u00edmica dos solos para desenvolver estrat\u00e9gias, visando tanto a\u00a0conviv\u00eancia&#8230;<\/p>\n","protected":false},"author":10,"featured_media":0,"parent":32,"menu_order":5,"comment_status":"closed","ping_status":"open","template":"","meta":{"footnotes":""},"class_list":["post-61","page","type-page","status-publish","hentry"],"_links":{"self":[{"href":"https:\/\/uenf.br\/ccta\/lsol\/wp-json\/wp\/v2\/pages\/61","targetHints":{"allow":["GET"]}}],"collection":[{"href":"https:\/\/uenf.br\/ccta\/lsol\/wp-json\/wp\/v2\/pages"}],"about":[{"href":"https:\/\/uenf.br\/ccta\/lsol\/wp-json\/wp\/v2\/types\/page"}],"author":[{"embeddable":true,"href":"https:\/\/uenf.br\/ccta\/lsol\/wp-json\/wp\/v2\/users\/10"}],"replies":[{"embeddable":true,"href":"https:\/\/uenf.br\/ccta\/lsol\/wp-json\/wp\/v2\/comments?post=61"}],"version-history":[{"count":0,"href":"https:\/\/uenf.br\/ccta\/lsol\/wp-json\/wp\/v2\/pages\/61\/revisions"}],"up":[{"embeddable":true,"href":"https:\/\/uenf.br\/ccta\/lsol\/wp-json\/wp\/v2\/pages\/32"}],"wp:attachment":[{"href":"https:\/\/uenf.br\/ccta\/lsol\/wp-json\/wp\/v2\/media?parent=61"}],"curies":[{"name":"wp","href":"https:\/\/api.w.org\/{rel}","templated":true}]}}