{"id":738,"date":"2018-08-31T14:06:29","date_gmt":"2018-08-31T14:06:29","guid":{"rendered":"http:\/\/uenf.br\/ccta\/lsol\/?page_id=738"},"modified":"2024-03-26T12:49:56","modified_gmt":"2024-03-26T12:49:56","slug":"noticias","status":"publish","type":"page","link":"https:\/\/uenf.br\/ccta\/lsol\/noticias\/","title":{"rendered":"Not\u00edcias"},"content":{"rendered":"<h2><a href=\"http:\/\/uenf.br\/ccta\/lsol\/files\/2018\/08\/Sem-t\u00edtulo.jpg\"><img loading=\"lazy\" decoding=\"async\" class=\"size-full wp-image-857 aligncenter\" src=\"http:\/\/uenf.br\/ccta\/lsol\/files\/2018\/08\/Sem-t\u00edtulo.jpg\" alt=\"\" width=\"244\" height=\"214\" \/><\/a><\/h2>\n<p style=\"text-align: justify\"><span style=\"color: #993300;font-family: Arial, Helvetica, sans-serif;font-size: small\">De 12 a 17 de agosto de 2018, foi realizado no Rio de Janeiro o 21\u00ba Congresso Mundial de Ci\u00eancia do Solo, cujo tema foi <em>Soil Science: beyond food and fuel<\/em>, visando, por meio da pesquisa em agronomia e em ci\u00eancia do solo, propor pr\u00e1ticas agr\u00edcolas resilientes para acomodar as mudan\u00e7as ambientais e clim\u00e1ticas e a seguran\u00e7a alimentar.<\/span><\/p>\n<p style=\"text-align: justify\"><span style=\"color: #993300;font-family: Arial, Helvetica, sans-serif;font-size: small\">O Laborat\u00f3rio de Solos esteve representado pelos seguintes professores:<\/span><\/p>\n<h4><span style=\"color: #993300\"><strong>&#8211; Antonio Carlos da Gama-Rodrigues;<\/strong><\/span><\/h4>\n<h4><span style=\"color: #993300\"><strong>&#8211; Cl\u00e1udio Roberto Marciano;<\/strong><\/span><\/h4>\n<h4><span style=\"color: #993300\"><strong>&#8211; Emanuela Forestieri da Gama-Rodrigues;<\/strong><\/span><\/h4>\n<h4><span style=\"color: #993300\"><strong>&#8211; Gabriel Ramatis Pugliese Andrade;<\/strong><\/span><\/h4>\n<h4><span style=\"color: #993300\"><strong>&#8211; Luciano Pasqualoto Canellas.<\/strong><\/span><\/h4>\n<p style=\"text-align: justify\"><span style=\"color: #5a3e30;font-family: Arial,Helvetica,sans-serif;font-size: small\"><span style=\"color: #993300\">Os professores Antonio Carlos, Cl\u00e1udio Roberto, Emanuela e Gabriel apresentaram, cada um, um poster no evento (publicados abaixo), j\u00e1 o professor Luciano ministrou a palestra &#8220;<strong><em>Physilogical effects of HS: recent advances<\/em><\/strong>&#8220;, que fez parte do <strong><em>IHSS Symposium: \u201cFresh and Humified Organic Matter: a key factor in the soil processes and sustainability<\/em><\/strong>&#8220;.<\/span><\/span><\/p>\n<p><a href=\"http:\/\/uenf.br\/ccta\/lsol\/files\/2018\/08\/Docentes-do-LSOL.jpg\"><img loading=\"lazy\" decoding=\"async\" class=\"wp-image-848 aligncenter\" src=\"http:\/\/uenf.br\/ccta\/lsol\/files\/2018\/08\/Docentes-do-LSOL.jpg\" alt=\"\" width=\"800\" height=\"411\" \/><\/a><\/p>\n<p style=\"text-align: center\"><span style=\"color: #993300\">Da esquerda para a direita: Prof\u00aa Emanuela, Prof. Cl\u00e1udio Roberto, Prof. Antonio Carlos e Prof. Gabriel durante o evento.<\/span><\/p>\n<p>&nbsp;<\/p>\n<p><a href=\"http:\/\/uenf.br\/ccta\/lsol\/files\/2018\/08\/Prof.-Luciano.jpg\"><img loading=\"lazy\" decoding=\"async\" class=\"wp-image-852 aligncenter\" src=\"http:\/\/uenf.br\/ccta\/lsol\/files\/2018\/08\/Prof.-Luciano.jpg\" alt=\"\" width=\"600\" height=\"345\" \/><\/a><\/p>\n<p style=\"text-align: center\"><span style=\"color: #993300\">Prof. Luciano ministrando palestra no evento.<\/span><\/p>\n<p>&nbsp;<\/p>\n<p style=\"text-align: justify\"><span style=\"color: #993300\"><strong><span style=\"font-family: Arial, Helvetica, sans-serif;font-size: small\">A seguir, os posteres apresentados pelos professores do LSOL no Congresso:<\/span><\/strong><\/span><\/p>\n<p style=\"text-align: justify\"><strong><span style=\"color: #5a3e30;font-family: Arial,Helvetica,sans-serif;font-size: small\"><a href=\"http:\/\/uenf.br\/ccta\/lsol\/files\/2018\/08\/e-poster_21WCSS_emanuela.pdf\"><span style=\"color: #008000\">Cacao Agroforestry System as a Strategy for Soil Carbon Sequestration<\/span><\/a> <span style=\"color: #993300\">&#8211; Prof\u00aa Emanuela<\/span><\/span><\/strong><\/p>\n<p style=\"text-align: justify\"><strong><span style=\"color: #5a3e30;font-family: Arial,Helvetica,sans-serif;font-size: small\"><a href=\"http:\/\/uenf.br\/ccta\/lsol\/files\/2018\/08\/e-poster_21WCSS_Gama-Rodrigues-A.C.-1.pdf\"><span style=\"color: #008000\">Can leguminous trees increase soil phosphorus availability? A link between the P and N cycles in tropical forests and agroforests of Brazil<\/span><\/a> <span style=\"color: #993300\">&#8211; Prof. Antonio Carlos<\/span>\u00a0<\/span><\/strong><\/p>\n<p style=\"text-align: justify\"><strong><span style=\"color: #5a3e30;font-family: Arial,Helvetica,sans-serif;font-size: small\"><span style=\"color: #008000\"><a style=\"color: #008000\" href=\"http:\/\/uenf.br\/ccta\/lsol\/files\/2018\/08\/e-poster_21WCSS-Marciano.pdf\">Integral Variable of Soil Penetration Resistance as Soil Physical Quality Indicator<\/a><\/span> <span style=\"color: #993300\">&#8211; Prof. Cl\u00e1udio Roberto<\/span>\u00a0<\/span><\/strong><\/p>\n<p style=\"text-align: justify\"><strong><span style=\"color: #5a3e30;font-family: Arial,Helvetica,sans-serif;font-size: small\"><a href=\"http:\/\/uenf.br\/ccta\/lsol\/files\/2018\/08\/e-poster_21WCSS_andrade_etal_553.pdf\"><span style=\"color: #008000\">Crystal-Chemical Transformations and Iron Reduction in Clay Minerals of Two Brazilian Mangrove Soils<\/span><\/a> <span style=\"color: #993300\">&#8211; Prof. Gabriel<\/span><\/span><\/strong><\/p>\n<p>&nbsp;<\/p>\n<h2><\/h2>\n<h2 style=\"text-align: center\"><span style=\"color: #008000\">Uso apropriado do solo<\/span><\/h2>\n<h4 style=\"text-align: justify\"><span style=\"color: #008000\"><strong>O uso apropriado do solo como tema de pesquisa\u00a0<\/strong><strong>(clique na imagem abaixo para acesso \u00e0\u00a0mat\u00e9ria da Folha da Manh\u00e3).<\/strong><\/span><\/h4>\n<p><a href=\"http:\/\/www.fmanha.com.br\/economia\/uso-apropriado-do-solo-e-tema-de-pesquisa\" target=\"_blank\" rel=\"noopener noreferrer\"><img loading=\"lazy\" decoding=\"async\" class=\"wp-image-298 aligncenter\" src=\"http:\/\/uenf.br\/ccta\/lsol\/files\/2012\/11\/ff384f6ae029181025ce90a8c0fb8b1f_390x293.jpg\" alt=\"ff384f6ae029181025ce90a8c0fb8b1f_390x293\" width=\"275\" height=\"207\" srcset=\"https:\/\/uenf.br\/ccta\/lsol\/files\/2012\/11\/ff384f6ae029181025ce90a8c0fb8b1f_390x293.jpg 390w, https:\/\/uenf.br\/ccta\/lsol\/files\/2012\/11\/ff384f6ae029181025ce90a8c0fb8b1f_390x293-300x225.jpg 300w, https:\/\/uenf.br\/ccta\/lsol\/files\/2012\/11\/ff384f6ae029181025ce90a8c0fb8b1f_390x293-150x112.jpg 150w\" sizes=\"auto, (max-width: 275px) 100vw, 275px\" \/><\/a><\/p>\n<p style=\"text-align: center\"><a href=\"http:\/\/www.folha1.com.br\/_conteudo\/2014\/12\/economia\/605698-uso-apropriado-do-solo-e-tema-de-pesquisa.html\"><span style=\"color: #008000\">Uso apropriado do solo \u00e9 tema de pesquisa<\/span><\/a><\/p>\n<h3><\/h3>\n<p>&nbsp;<\/p>\n<h2 style=\"text-align: center\"><span style=\"color: #008000\">2015 &#8211; Ano Internacional dos Solos<\/span><\/h2>\n<h3 style=\"padding-left: 30px;text-align: center\"><span style=\"color: #008000\">Em 2015 foi comemorado o Ano Internacional dos Solos<\/span><\/h3>\n<h3><a href=\"http:\/\/www.fao.org\/soils-2015\/en\/\" target=\"_blank\" rel=\"noopener noreferrer\"><img loading=\"lazy\" decoding=\"async\" class=\"wp-image-292 aligncenter\" src=\"http:\/\/uenf.br\/ccta\/lsol\/files\/2012\/11\/FAO-Infographic-IYS2015-en-e1417803771696.jpg\" alt=\"FAO-Infographic-IYS2015-en\" width=\"374\" height=\"446\" srcset=\"https:\/\/uenf.br\/ccta\/lsol\/files\/2012\/11\/FAO-Infographic-IYS2015-en-e1417803771696.jpg 797w, https:\/\/uenf.br\/ccta\/lsol\/files\/2012\/11\/FAO-Infographic-IYS2015-en-e1417803771696-251x300.jpg 251w, https:\/\/uenf.br\/ccta\/lsol\/files\/2012\/11\/FAO-Infographic-IYS2015-en-e1417803771696-125x150.jpg 125w, https:\/\/uenf.br\/ccta\/lsol\/files\/2012\/11\/FAO-Infographic-IYS2015-en-e1417803771696-400x477.jpg 400w\" sizes=\"auto, (max-width: 374px) 100vw, 374px\" \/><\/a><\/h3>\n<h4><\/h4>\n","protected":false},"excerpt":{"rendered":"<p>De 12 a 17 de agosto de 2018, foi realizado no Rio de Janeiro o 21\u00ba Congresso Mundial de Ci\u00eancia&#8230;<\/p>\n","protected":false},"author":24,"featured_media":0,"parent":0,"menu_order":12,"comment_status":"closed","ping_status":"closed","template":"","meta":{"footnotes":""},"class_list":["post-738","page","type-page","status-publish","hentry"],"_links":{"self":[{"href":"https:\/\/uenf.br\/ccta\/lsol\/wp-json\/wp\/v2\/pages\/738","targetHints":{"allow":["GET"]}}],"collection":[{"href":"https:\/\/uenf.br\/ccta\/lsol\/wp-json\/wp\/v2\/pages"}],"about":[{"href":"https:\/\/uenf.br\/ccta\/lsol\/wp-json\/wp\/v2\/types\/page"}],"author":[{"embeddable":true,"href":"https:\/\/uenf.br\/ccta\/lsol\/wp-json\/wp\/v2\/users\/24"}],"replies":[{"embeddable":true,"href":"https:\/\/uenf.br\/ccta\/lsol\/wp-json\/wp\/v2\/comments?post=738"}],"version-history":[{"count":0,"href":"https:\/\/uenf.br\/ccta\/lsol\/wp-json\/wp\/v2\/pages\/738\/revisions"}],"wp:attachment":[{"href":"https:\/\/uenf.br\/ccta\/lsol\/wp-json\/wp\/v2\/media?parent=738"}],"curies":[{"name":"wp","href":"https:\/\/api.w.org\/{rel}","templated":true}]}}