{"id":218,"date":"2025-03-28T11:36:04","date_gmt":"2025-03-28T11:36:04","guid":{"rendered":"https:\/\/uenf.br\/ccta\/lta\/?page_id=218"},"modified":"2025-04-25T12:46:49","modified_gmt":"2025-04-25T12:46:49","slug":"setor-de-tecnologia-e-desenvolvimento-de-produtos","status":"publish","type":"page","link":"https:\/\/uenf.br\/ccta\/lta\/setores-do-lta\/setor-de-tecnologia-e-desenvolvimento-de-produtos\/","title":{"rendered":"Setor de Tecnologia e Desenvolvimento de Produtos"},"content":{"rendered":"<p><img loading=\"lazy\" decoding=\"async\" class=\"\" src=\"http:\/\/uenf.br\/ccta\/lta\/files\/2025\/04\/Luana.jpg\" width=\"212\" height=\"212\" \/><\/p>\n<p>Coordenadora: Prof\u00aa Luana Pereira de Moraes &#8211; Engenheira de Alimentos, 2008, Universidade Federal de Vi\u00e7osa; D.S. Engenharia de Alimentos, 2014, UNICAMP. (\u00c1rea de atua\u00e7\u00e3o: Tecnologia e Desenvolvimento de Produtos). <a href=\"http:\/\/lattes.cnpq.br\/1007467285869966\">Curr\u00edculo Lattes<\/a> E-mail: luana@uenf.br. Sala: 109A P4 Tel: 2748-6189<\/p>\n","protected":false},"excerpt":{"rendered":"<p>Coordenadora: Prof\u00aa Luana Pereira de Moraes &#8211; Engenheira de Alimentos, 2008, Universidade Federal de Vi\u00e7osa; D.S. Engenharia de Alimentos, 2014,&#8230;<\/p>\n","protected":false},"author":12,"featured_media":0,"parent":16,"menu_order":8,"comment_status":"closed","ping_status":"closed","template":"","meta":{"footnotes":""},"class_list":["post-218","page","type-page","status-publish","hentry"],"_links":{"self":[{"href":"https:\/\/uenf.br\/ccta\/lta\/wp-json\/wp\/v2\/pages\/218","targetHints":{"allow":["GET"]}}],"collection":[{"href":"https:\/\/uenf.br\/ccta\/lta\/wp-json\/wp\/v2\/pages"}],"about":[{"href":"https:\/\/uenf.br\/ccta\/lta\/wp-json\/wp\/v2\/types\/page"}],"author":[{"embeddable":true,"href":"https:\/\/uenf.br\/ccta\/lta\/wp-json\/wp\/v2\/users\/12"}],"replies":[{"embeddable":true,"href":"https:\/\/uenf.br\/ccta\/lta\/wp-json\/wp\/v2\/comments?post=218"}],"version-history":[{"count":0,"href":"https:\/\/uenf.br\/ccta\/lta\/wp-json\/wp\/v2\/pages\/218\/revisions"}],"up":[{"embeddable":true,"href":"https:\/\/uenf.br\/ccta\/lta\/wp-json\/wp\/v2\/pages\/16"}],"wp:attachment":[{"href":"https:\/\/uenf.br\/ccta\/lta\/wp-json\/wp\/v2\/media?parent=218"}],"curies":[{"name":"wp","href":"https:\/\/api.w.org\/{rel}","templated":true}]}}