{"id":111,"date":"2011-06-17T16:43:53","date_gmt":"2011-06-17T19:43:53","guid":{"rendered":"http:\/\/uenf.br\/ccta\/nematologia\/?page_id=111"},"modified":"2022-06-13T09:52:06","modified_gmt":"2022-06-13T12:52:06","slug":"ensino-de-nematologia-e-fitopatologia","status":"publish","type":"page","link":"https:\/\/uenf.br\/ccta\/nematologia\/ensino-de-nematologia-e-fitopatologia\/","title":{"rendered":"Ensino de Nematologia e Fitopatologia"},"content":{"rendered":"<p><\/p>\n<p style=\"text-align: justify\">O Prof. Ricardo M. Souza, auxiliado por doutorandos e professores convidados, oferece as disciplinas de p\u00f3s-gradua\u00e7\u00e3o <strong>Nematologia<\/strong> e <strong>Problemas Especiais em Nematologia<\/strong>. Nessas disciplinas s\u00e3o abordados os t\u00f3picos:<\/p>\n<p style=\"text-align: justify\"><em>Hist\u00f3rico da Nematologia, import\u00e2ncia dos nematoides para os ecossistemas, a Agricultura, a sa\u00fade p\u00fablica e as ci\u00eancias biol\u00f3gicas. Morfologia, classifica\u00e7\u00e3o e filogen\u00e9tica de nematoides. Fisiologia dos nematoides, ecologia dos fitonematoides (tipos de ciclo de vida, sobreviv\u00eancia, dispers\u00e3o, influ\u00eancia de fatores ambientais e ed\u00e1ficos, intera\u00e7\u00f5es com outros organismos do solo e fitopat\u00f3genos), intera\u00e7\u00f5es nematoide-planta, fisiologia do parasitismo por fitonematoides, principais g\u00eaneros e esp\u00e9cies de fitonematoides e as doen\u00e7as por eles causadas, epidemiologia e controle dos fitonematoides por meio culturais, biol\u00f3gico, qu\u00edmico e de resist\u00eancia, nematoides como vetores de fitov\u00edrus, nematoides patog\u00eanicos a insetos (morfologia, classifica\u00e7\u00e3o, tipos de ciclo-de-vida, metodologias empregadas em seu estudo e emprego para o controle biol\u00f3gico de pragas), e introdu\u00e7\u00e3o aos nematoides de vida-livre, parasitos de humanos e de animais de cria\u00e7\u00e3o e marinhos (principais grupos taxon\u00f4micos e ecologia).<\/em><\/p>\n<p style=\"text-align: justify\">Como auxiliar ao ensino, nosso Grupo de Pesquisa conta com extensa bibliografia na \u00e1rea de Nematologia: cerca de 200 livros, c\u00f3pias de 4.900 artigos cient\u00edficos e cole\u00e7\u00f5es completas do Journal of Nematology e Nematologia Brasileira. As bibliotecas da UENF dedicadas \u00e0 Biologia e Agricultura t\u00eam acesso a per\u00edodicos nacionais e internacionais, bem como \u00e0s bases-de-dados como Peri\u00f3dicos, Web of Science, Scopus, CAB e Agr\u00edcola.<\/p>\n<p style=\"text-align: justify\">O Grupo de Pesquisa em Nematologia pertence ao Dept. de Entomologia e Fitopatologia. Os professores desse Departamento oferecem disciplinas na \u00e1rea de Fitopatologia (Fitopatologia I e II, Clinica Fitossanit\u00e1ria, Micologia, Epidemiologia, Controle Integrado de Doen\u00e7as de Plantas e Controle Qu\u00edmico de Doen\u00e7as de Plantas) e Entomologia (diversas disciplinas de p\u00f3s-gradua\u00e7\u00e3o e de gradua\u00e7\u00e3o). Para mais detalhes, veja o <a href=\"https:\/\/uenf.br\/ccta\/lef\/\" target=\"_blank\" rel=\"noopener\">site<\/a>.<\/p>\n<p><\/p>","protected":false},"excerpt":{"rendered":"<p>O Prof. Ricardo M. Souza, auxiliado por doutorandos e professores convidados, oferece as disciplinas de p\u00f3s-gradua\u00e7\u00e3o Nematologia e Problemas Especiais&#8230;<\/p>\n","protected":false},"author":4,"featured_media":0,"parent":0,"menu_order":4,"comment_status":"closed","ping_status":"open","template":"","meta":{"footnotes":""},"class_list":["post-111","page","type-page","status-publish","hentry"],"_links":{"self":[{"href":"https:\/\/uenf.br\/ccta\/nematologia\/wp-json\/wp\/v2\/pages\/111","targetHints":{"allow":["GET"]}}],"collection":[{"href":"https:\/\/uenf.br\/ccta\/nematologia\/wp-json\/wp\/v2\/pages"}],"about":[{"href":"https:\/\/uenf.br\/ccta\/nematologia\/wp-json\/wp\/v2\/types\/page"}],"author":[{"embeddable":true,"href":"https:\/\/uenf.br\/ccta\/nematologia\/wp-json\/wp\/v2\/users\/4"}],"replies":[{"embeddable":true,"href":"https:\/\/uenf.br\/ccta\/nematologia\/wp-json\/wp\/v2\/comments?post=111"}],"version-history":[{"count":0,"href":"https:\/\/uenf.br\/ccta\/nematologia\/wp-json\/wp\/v2\/pages\/111\/revisions"}],"wp:attachment":[{"href":"https:\/\/uenf.br\/ccta\/nematologia\/wp-json\/wp\/v2\/media?parent=111"}],"curies":[{"name":"wp","href":"https:\/\/api.w.org\/{rel}","templated":true}]}}