{"id":2,"date":"2010-09-16T19:44:01","date_gmt":"2010-09-16T22:44:01","guid":{"rendered":"http:\/\/uenf.br\/ccta\/nematologia\/?page_id=2"},"modified":"2022-06-13T09:10:51","modified_gmt":"2022-06-13T12:10:51","slug":"apresentacao","status":"publish","type":"page","link":"https:\/\/uenf.br\/ccta\/nematologia\/","title":{"rendered":"Apresenta\u00e7\u00e3o"},"content":{"rendered":"<p><\/p>\n<p style=\"text-align: justify\">O Grupo de Pesquisa em Nematologia (GPN) da UENF \u00e9 liderado pelo professor Ricardo M. Souza, contando com aux\u00edlio de dois t\u00e9cnicos (de n\u00edvel m\u00e9dio e superior), dois estudantes de p\u00f3s-gradua\u00e7\u00e3o (doutorandos) e dois t\u00e9cnicos de campo. O GPN desenvolve <a href=\"http:\/\/uenf.br\/ccta\/nematologia\/linhas-de-pesquisa\/\" target=\"_blank\" rel=\"noopener\">linhas de pesquisa<\/a> b\u00e1sicas e aplicadas com nematoides fitoparasitos e de vida-livre. N\u00f3s contamos com boa infraestrutura, acesso a outros laborat\u00f3rios e \u00e0 <a href=\"https:\/\/uenf.br\/reitoria\/agenciainovacao\/servicos\/clinica-fitossanitaria\/\" target=\"_blank\" rel=\"noopener\">Cl\u00ednica Fitossanit\u00e1ria<\/a>, e temos parcerias com cientistas da pr\u00f3pria UENF e de outras institui\u00e7\u00f5es.<\/p>\n<p>&nbsp;<\/p>\n<p><div id=\"attachment_209\" style=\"width: 605px\" class=\"wp-caption aligncenter\"><img loading=\"lazy\" decoding=\"async\" aria-describedby=\"caption-attachment-209\" class=\"size-full wp-image-209 \" src=\"http:\/\/uenf.br\/ccta\/nematologia\/files\/2010\/09\/laboratorio1.jpg\" alt=\"Vista geral do laborat\u00f3rio\" width=\"595\" height=\"450\" \/><p id=\"caption-attachment-209\" class=\"wp-caption-text\"><strong>Vista geral do laborat\u00f3rio<\/strong><\/p><\/div><\/p>","protected":false},"excerpt":{"rendered":"<p>O Grupo de Pesquisa em Nematologia (GPN) da UENF \u00e9 liderado pelo professor Ricardo M. Souza, contando com aux\u00edlio de&#8230;<\/p>\n","protected":false},"author":4,"featured_media":0,"parent":0,"menu_order":1,"comment_status":"closed","ping_status":"closed","template":"","meta":{"footnotes":""},"class_list":["post-2","page","type-page","status-publish","hentry"],"_links":{"self":[{"href":"https:\/\/uenf.br\/ccta\/nematologia\/wp-json\/wp\/v2\/pages\/2","targetHints":{"allow":["GET"]}}],"collection":[{"href":"https:\/\/uenf.br\/ccta\/nematologia\/wp-json\/wp\/v2\/pages"}],"about":[{"href":"https:\/\/uenf.br\/ccta\/nematologia\/wp-json\/wp\/v2\/types\/page"}],"author":[{"embeddable":true,"href":"https:\/\/uenf.br\/ccta\/nematologia\/wp-json\/wp\/v2\/users\/4"}],"replies":[{"embeddable":true,"href":"https:\/\/uenf.br\/ccta\/nematologia\/wp-json\/wp\/v2\/comments?post=2"}],"version-history":[{"count":0,"href":"https:\/\/uenf.br\/ccta\/nematologia\/wp-json\/wp\/v2\/pages\/2\/revisions"}],"wp:attachment":[{"href":"https:\/\/uenf.br\/ccta\/nematologia\/wp-json\/wp\/v2\/media?parent=2"}],"curies":[{"name":"wp","href":"https:\/\/api.w.org\/{rel}","templated":true}]}}