{"id":563,"date":"2023-04-24T12:30:36","date_gmt":"2023-04-24T15:30:36","guid":{"rendered":"https:\/\/uenf.br\/ccta\/nematologia\/?page_id=563"},"modified":"2023-04-27T10:01:32","modified_gmt":"2023-04-27T13:01:32","slug":"breve-historico","status":"publish","type":"page","link":"https:\/\/uenf.br\/ccta\/nematologia\/breve-historico\/","title":{"rendered":"Breve Hist\u00f3rico"},"content":{"rendered":"<p>As atividades de pesquisa, ensino e extens\u00e3o em Nematologia foram iniciadas na UENF em outubro de 1999, com a chegada do Prof. Ricardo M. Souza \u00e0 universidade. A Profa. Claudia Dolinski iniciou suas atividades em janeiro de 2002, inicialmente atuando de forma volunt\u00e1ria, vindo a ingressar no quadro permanente da institui\u00e7\u00e3o em maio de 2005. Em 2006 formalizou-se junto ao CNPq o Grupo de Pesquisa em Nematologia (GPN).<\/p>\n<p>No tocante \u00e0s atividades de extens\u00e3o destaca-se o trabalho desenvolvido de 2004 a 2010 junto \u00e0 Associa\u00e7\u00e3o de Goiabicultores de Cachoeiras de Macacu (RJ), visando \u00e0 produ\u00e7\u00e3o org\u00e2nica de goiabas, com \u00eanfase no controle biol\u00f3gico do gorgulho-da-goiaba com o uso de nematoides entomopatog\u00eanicos.<\/p>\n<p>No tocante \u00e0s atividades de pesquisa, foram desenvolvidos estudos sobre nematoides entomopatog\u00eanicos visando ao controle biol\u00f3gico de pragas agr\u00edcolas (nas culturas da cana-de-a\u00e7\u00facar, goiaba e citrus), de carrapatos bovinos e do mosquito <em>Aedes aegypti<\/em>. Estuda-se tamb\u00e9m nematoides fitoparasitas nas culturas do caf\u00e9, goiaba, maracuj\u00e1, abacaxi, coco e esp\u00e9cies florestais nativas do bioma Floresta Atl\u00e2ntica. Nematoides de \u201cvida-livre\u201d associados \u00e0 Floresta Atl\u00e2ntica tamb\u00e9m s\u00e3o tema de pesquisas.<\/p>\n<p>Ao longo dos anos, diferentes cientistas de outras institui\u00e7\u00f5es desenvolveram atividades junto ao GPN. Destacam-se o Prof. Manuel Mota (Universidades de \u00c9vora e Lisboa, Portugal), que aqui permaneceu em licen\u00e7a-sab\u00e1tica no ano de 2012; e outros que lecionaram cursos organizados pelo GPN: Itamar Glazer (Agricultural Research Organization, Israel), Patricia Stock (University of Arizona, EUA), Edward Lewis (University of California, Davis, EUA), Robin Stuart (Florida Department of Agriculture and Consumer Services, EUA) e Raquel Campos-Herrera (Universidade do Algarve, Portugal).<\/p>\n<p>De 2000 a 2023, 32 estudantes de p\u00f3s-gradua\u00e7\u00e3o e p\u00f3s-docs atuaram no GPN. Esses p\u00f3s-graduandos e p\u00f3s-docs s\u00e3o oriundos da Argentina, Col\u00f4mbia e Brasil. Do Brasil, dos Estados do Rio de Janeiro, Esp\u00edrito Santo, Minas Gerais, S\u00e3o Paulo, Paran\u00e1 e Bahia. Os egressos do GPN est\u00e3o lotados em empresas privadas, institutos federais e universidades no Brasil, Argentina e Col\u00f4mbia.<\/p>\n<p>Em s\u00edntese, a contribui\u00e7\u00e3o do GPN \u00e0 Nematologia \u00e9 relevante, podendo ser mensurada pelo expressivo n\u00famero de artigos cient\u00edficos, livros e cap\u00edtulos de livros publicados, e diversos convites para apresenta\u00e7\u00e3o de palestras e cursos em eventos nacionais e no exterior. O GPN \u00e9 refer\u00eancia nos estudos sobre alguns patossistemas e no controle biol\u00f3gico de certas pragas agr\u00edcolas. Os professores do GPN atuaram tamb\u00e9m em diferentes posi\u00e7\u00f5es na administra\u00e7\u00e3o da UENF, na presid\u00eancia da Sociedade Brasileira de Nematologia (dois mandatos) e na Editoria-Chefe do peri\u00f3dico <strong>Nematoda<\/strong>.<\/p>","protected":false},"excerpt":{"rendered":"<p>As atividades de pesquisa, ensino e extens\u00e3o em Nematologia foram iniciadas na UENF em outubro de 1999, com a chegada&#8230;<\/p>\n","protected":false},"author":4,"featured_media":0,"parent":0,"menu_order":2,"comment_status":"closed","ping_status":"closed","template":"","meta":{"footnotes":""},"class_list":["post-563","page","type-page","status-publish","hentry"],"_links":{"self":[{"href":"https:\/\/uenf.br\/ccta\/nematologia\/wp-json\/wp\/v2\/pages\/563","targetHints":{"allow":["GET"]}}],"collection":[{"href":"https:\/\/uenf.br\/ccta\/nematologia\/wp-json\/wp\/v2\/pages"}],"about":[{"href":"https:\/\/uenf.br\/ccta\/nematologia\/wp-json\/wp\/v2\/types\/page"}],"author":[{"embeddable":true,"href":"https:\/\/uenf.br\/ccta\/nematologia\/wp-json\/wp\/v2\/users\/4"}],"replies":[{"embeddable":true,"href":"https:\/\/uenf.br\/ccta\/nematologia\/wp-json\/wp\/v2\/comments?post=563"}],"version-history":[{"count":0,"href":"https:\/\/uenf.br\/ccta\/nematologia\/wp-json\/wp\/v2\/pages\/563\/revisions"}],"wp:attachment":[{"href":"https:\/\/uenf.br\/ccta\/nematologia\/wp-json\/wp\/v2\/media?parent=563"}],"curies":[{"name":"wp","href":"https:\/\/api.w.org\/{rel}","templated":true}]}}