{"id":2,"date":"2014-08-08T13:44:01","date_gmt":"2014-08-08T13:44:01","guid":{"rendered":"http:\/\/uenf.br\/dga\/gpat\/?page_id=2"},"modified":"2014-08-08T13:52:42","modified_gmt":"2014-08-08T13:52:42","slug":"apresentacao","status":"publish","type":"page","link":"https:\/\/uenf.br\/dga\/gpat\/","title":{"rendered":"Apresenta\u00e7\u00e3o"},"content":{"rendered":"<p>Patrim\u00f4nio \u00e9 o conjunto\u00a0dos im\u00f3veis e bens m\u00f3veis permanentes (com vida \u00fatil superior a dois anos). Dentre os bens m\u00f3veis permanentes est\u00e3o o mobili\u00e1rio, equipamentos, utens\u00edlios e etc.<\/p>\n<p>Os bens m\u00f3veis colocados em uso est\u00e3o sujeitos a danifica\u00e7\u00f5es imediatas. Por isso, \u00e9 de extrema import\u00e2ncia que se fa\u00e7a o acompanhamento da vida \u00fatil dos bens m\u00f3veis que comp\u00f5em o acervo patrimonial da UENF, para que este patrim\u00f4nio seja mantido at\u00e9 o limite de sua obsolesc\u00eancia, imprestabilidade ou pela simples condi\u00e7\u00e3o de desuso. Destaca-se, ent\u00e3o a figura do colaborador deste processo: o Agente Patrimonial. Em parceria com a Ger\u00eancia de Patrim\u00f4nio \u2013 GPAT, o Agente Patrimonial maximizar\u00e1 a utiliza\u00e7\u00e3o de cada bem para a consecu\u00e7\u00e3o dos principais objetivos da UENF.<\/p>\n","protected":false},"excerpt":{"rendered":"<p>Patrim\u00f4nio \u00e9 o conjunto\u00a0dos im\u00f3veis e bens m\u00f3veis permanentes (com vida \u00fatil superior a dois anos). Dentre os bens m\u00f3veis&#8230;<\/p>\n","protected":false},"author":8,"featured_media":0,"parent":0,"menu_order":1,"comment_status":"open","ping_status":"closed","template":"","meta":{"footnotes":""},"class_list":["post-2","page","type-page","status-publish","hentry"],"_links":{"self":[{"href":"https:\/\/uenf.br\/dga\/gpat\/wp-json\/wp\/v2\/pages\/2","targetHints":{"allow":["GET"]}}],"collection":[{"href":"https:\/\/uenf.br\/dga\/gpat\/wp-json\/wp\/v2\/pages"}],"about":[{"href":"https:\/\/uenf.br\/dga\/gpat\/wp-json\/wp\/v2\/types\/page"}],"author":[{"embeddable":true,"href":"https:\/\/uenf.br\/dga\/gpat\/wp-json\/wp\/v2\/users\/8"}],"replies":[{"embeddable":true,"href":"https:\/\/uenf.br\/dga\/gpat\/wp-json\/wp\/v2\/comments?post=2"}],"version-history":[{"count":0,"href":"https:\/\/uenf.br\/dga\/gpat\/wp-json\/wp\/v2\/pages\/2\/revisions"}],"wp:attachment":[{"href":"https:\/\/uenf.br\/dga\/gpat\/wp-json\/wp\/v2\/media?parent=2"}],"curies":[{"name":"wp","href":"https:\/\/api.w.org\/{rel}","templated":true}]}}