{"id":38,"date":"2018-03-08T13:30:33","date_gmt":"2018-03-08T13:30:33","guid":{"rendered":"http:\/\/uenf.br\/dga\/gpat\/?page_id=38"},"modified":"2022-06-23T19:11:31","modified_gmt":"2022-06-23T19:11:31","slug":"formularios","status":"publish","type":"page","link":"https:\/\/uenf.br\/dga\/gpat\/formularios\/","title":{"rendered":"Formul\u00e1rios"},"content":{"rendered":"<p>Solicita\u00e7\u00e3o de incorpora\u00e7\u00e3o dos bens FAPERJ (modelo IV) somente pode ser feito na p\u00e1gina da FAPERJ<\/p>\n<p>Solicita\u00e7\u00e3o de Incorpora\u00e7\u00e3o de Bens FAPERJ ao Patrim\u00f4nio UENF<\/p>\n<p><a href=\"https:\/\/uenf.br\/dga\/gpat\/files\/2021\/10\/GPAT_Termo-de-Doacao.doc\">Termo de Doa\u00e7\u00e3o<\/a><\/p>\n<p><a href=\"https:\/\/uenf.br\/dga\/gpat\/files\/2021\/10\/GPAT_Termo-de-Responsabilidade.doc\">Termo de Responsabilidade<\/a> &#8211; transfere a responsabilidade do bem para outro agente patrimonial<\/p>\n<p><a href=\"https:\/\/uenf.br\/dga\/gpat\/files\/2021\/10\/GPAT_Aviso-de-Transferencia-de-Localizacao.xls\">Aviso de Transfer\u00eancia de Localiza\u00e7\u00e3o<\/a><\/p>\n<p><a href=\"https:\/\/uenf.br\/dga\/gpat\/files\/2021\/10\/GPAT_Aviso-de-Entrada-e-Saida-de-Bem-Particular.xls\">Aviso de Entrada e Sa\u00edda de Bem Particular<\/a><\/p>\n<p><a href=\"https:\/\/uenf.br\/dga\/gpat\/files\/2021\/10\/GPAT_Aviso-de-Envio-e-Retorno-para-Manutencao-Interna.zip\">Aviso de Envio e Retorno p\/ Manuten\u00e7\u00e3o Interna<\/a> &#8211;\u00a0Modelo 4 B Via Manuten\u00e7\u00e3o Interna<\/p>\n<div id=\"tituloPrincipal\"><a href=\"https:\/\/uenf.br\/dga\/gpat\/files\/2021\/10\/GPAT_Aviso-de-Envio-e-Retorno-de-Bens-para-Manutencao-Externa.xls\">Aviso de Envio e Retorno de Bens para Manuten\u00e7\u00e3o Externa<\/a> &#8211;\u00a0Modelo 4A\u00a0 &#8211; Aviso de Manuten\u00e7\u00e3o Externa<\/div>\n<div><\/div>\n<div id=\"tituloPrincipal\"><a href=\"https:\/\/uenf.br\/dga\/gpat\/files\/2021\/10\/GPAT_Formulario-de-solicitacao-do-Nada-Consta-da-GPAT.doc\">Formul\u00e1rio de solicita\u00e7\u00e3o do Nada Consta da GPAT<\/a> &#8211; Este formul\u00e1rio dever\u00e1 ser preenchido e encaminhado \u00e0 GPAT, de acordo com a Regulamenta\u00e7\u00e3o do Nada Consta da GPAT, publicado no DO RJ de 14\/06\/13<\/div>\n<div><\/div>\n<div><a href=\"https:\/\/uenf.br\/dga\/gpat\/files\/2018\/08\/C\u00f3pia-de-GPATresponsab.xls\">Termo de Transfer\u00eancia de Responsabilidade<\/a><\/div>\n<div><\/div>\n","protected":false},"excerpt":{"rendered":"<p>Solicita\u00e7\u00e3o de incorpora\u00e7\u00e3o dos bens FAPERJ (modelo IV) somente pode ser feito na p\u00e1gina da FAPERJ Solicita\u00e7\u00e3o de Incorpora\u00e7\u00e3o de&#8230;<\/p>\n","protected":false},"author":18,"featured_media":0,"parent":0,"menu_order":3,"comment_status":"closed","ping_status":"closed","template":"","meta":{"footnotes":""},"class_list":["post-38","page","type-page","status-publish","hentry"],"_links":{"self":[{"href":"https:\/\/uenf.br\/dga\/gpat\/wp-json\/wp\/v2\/pages\/38","targetHints":{"allow":["GET"]}}],"collection":[{"href":"https:\/\/uenf.br\/dga\/gpat\/wp-json\/wp\/v2\/pages"}],"about":[{"href":"https:\/\/uenf.br\/dga\/gpat\/wp-json\/wp\/v2\/types\/page"}],"author":[{"embeddable":true,"href":"https:\/\/uenf.br\/dga\/gpat\/wp-json\/wp\/v2\/users\/18"}],"replies":[{"embeddable":true,"href":"https:\/\/uenf.br\/dga\/gpat\/wp-json\/wp\/v2\/comments?post=38"}],"version-history":[{"count":0,"href":"https:\/\/uenf.br\/dga\/gpat\/wp-json\/wp\/v2\/pages\/38\/revisions"}],"wp:attachment":[{"href":"https:\/\/uenf.br\/dga\/gpat\/wp-json\/wp\/v2\/media?parent=38"}],"curies":[{"name":"wp","href":"https:\/\/api.w.org\/{rel}","templated":true}]}}