{"id":2,"date":"2025-04-02T14:56:18","date_gmt":"2025-04-02T17:56:18","guid":{"rendered":"https:\/\/uenf.br\/dga\/setordecontratos\/?page_id=2"},"modified":"2026-04-07T16:11:46","modified_gmt":"2026-04-07T19:11:46","slug":"apresentacao","status":"publish","type":"page","link":"https:\/\/uenf.br\/dga\/setordecontratos\/","title":{"rendered":"APRESENTA\u00c7\u00c30"},"content":{"rendered":"<p style=\"font-weight: 400;text-align: left\">O Setor de Contratos (<strong>SETCONT<\/strong>) \u2013 Unidade Administrativa vinculada \u00e0 Diretoria Geral de Administra\u00e7\u00e3o, cabe realizar um controle macro da execu\u00e7\u00e3o de todos os contratos formalizados pela UENF, embasados na Lei de Licita\u00e7\u00f5es e Contratos em vigor (8.666\/93 e 14.133\/2021), com vistas a assegurar a observ\u00e2ncia no cumprimento legal bem como na padroniza\u00e7\u00e3o de procedimentos relacionados com a instru\u00e7\u00e3o e formaliza\u00e7\u00e3o processual, acompanhando procedimentos e tramita\u00e7\u00f5es internas, buscando sempre o acompanhamento de prazos e cuidados nos casos de prorroga\u00e7\u00f5es e altera\u00e7\u00f5es das contrata\u00e7\u00f5es contribuindo de forma a atender as necessidades e ao bom funcionamento da universidade.<\/p>\n<p style=\"font-weight: 400;text-align: left\">Nossas atividades dependem da atua\u00e7\u00e3o permanente e cont\u00ednua com os diversos setores da universidade, que envolvem desde a unidade requisitante do objeto contratado, passando pela intera\u00e7\u00e3o com setores da Administra\u00e7\u00e3o tais como: Assessorias Jur\u00eddica, Cont\u00e1bil, de Planejamento e Or\u00e7amento e Reitoria, al\u00e9m de ser um setor de apoio e orienta\u00e7\u00e3o \u00e0s Comiss\u00f5es de Gest\u00e3o e Fiscaliza\u00e7\u00e3o designadas para atuar na efetiva execu\u00e7\u00e3o dos mais diversos objetos de contratos.<\/p>\n<p style=\"text-align: left\">Telefones: (22) 2739-7070\/ (22) 2748-6013<\/p>\n<p>E-mail:\u00a0 setcont@uenf.br<\/p>\n<p>Gerente: K\u00e1tia Simone Dantas<\/p>\n<p>Equipe:<\/p>\n<p>Soraya Aguiar<\/p>\n<p>Mariane\u00a0 Azevedo<\/p>\n<p>Concei\u00e7\u00e3o de F\u00e1tima Pe\u00e7anha<\/p>\n<p>Janaina Barreto<\/p>\n","protected":false},"excerpt":{"rendered":"<p>O Setor de Contratos (SETCONT) \u2013 Unidade Administrativa vinculada \u00e0 Diretoria Geral de Administra\u00e7\u00e3o, cabe realizar um controle macro da&#8230;<\/p>\n","protected":false},"author":23,"featured_media":0,"parent":0,"menu_order":0,"comment_status":"closed","ping_status":"closed","template":"","meta":{"footnotes":""},"class_list":["post-2","page","type-page","status-publish","hentry"],"_links":{"self":[{"href":"https:\/\/uenf.br\/dga\/setordecontratos\/wp-json\/wp\/v2\/pages\/2","targetHints":{"allow":["GET"]}}],"collection":[{"href":"https:\/\/uenf.br\/dga\/setordecontratos\/wp-json\/wp\/v2\/pages"}],"about":[{"href":"https:\/\/uenf.br\/dga\/setordecontratos\/wp-json\/wp\/v2\/types\/page"}],"author":[{"embeddable":true,"href":"https:\/\/uenf.br\/dga\/setordecontratos\/wp-json\/wp\/v2\/users\/23"}],"replies":[{"embeddable":true,"href":"https:\/\/uenf.br\/dga\/setordecontratos\/wp-json\/wp\/v2\/comments?post=2"}],"version-history":[{"count":0,"href":"https:\/\/uenf.br\/dga\/setordecontratos\/wp-json\/wp\/v2\/pages\/2\/revisions"}],"wp:attachment":[{"href":"https:\/\/uenf.br\/dga\/setordecontratos\/wp-json\/wp\/v2\/media?parent=2"}],"curies":[{"name":"wp","href":"https:\/\/api.w.org\/{rel}","templated":true}]}}