{"id":1386,"date":"2025-04-16T14:15:57","date_gmt":"2025-04-16T14:15:57","guid":{"rendered":"https:\/\/uenf.br\/dic\/ginfo\/?page_id=1386"},"modified":"2025-04-16T14:15:58","modified_gmt":"2025-04-16T14:15:58","slug":"prefeitura","status":"publish","type":"page","link":"https:\/\/uenf.br\/dic\/ginfo\/servicos\/prefeitura\/","title":{"rendered":"Prefeitura"},"content":{"rendered":"\n<p>\u00a0\u00a0<strong>Prefeitura:<\/strong><\/p>\n\n\n\n<ul class=\"wp-block-list\">\n<li><strong><a title=\"Servi\u00e7os de manuten\u00e7\u00e3o (el\u00e9trica, hidr\u00e1ulica etc.)\" href=\"https:\/\/uenf.br\/prefeitura\/servicos\/solicitacao-de-manutencao\/\" target=\"_blank\" rel=\"noopener\"><strong>Solicita\u00e7\u00e3o de<\/strong> Servi\u00e7os de Manuten\u00e7\u00e3o &#8211; ASMAN<\/a><\/strong>&nbsp; ( El\u00e9trica, hidr\u00e1ulica, etc.);<\/li>\n\n\n\n<li><strong><a title=\"Reserva de ve\u00edculos por membros da comunidade universit\u00e1ria\" href=\"https:\/\/uenf.br\/prefeitura\/astran\" target=\"_blank\" rel=\"noopener\"><strong>Solicita\u00e7\u00e3o de<\/strong> Ve\u00edculos &#8211; ASTRAN<\/a><\/strong> ( Reserva de ve\u00edculos ).<\/li>\n<\/ul>\n\n\n\n<p><\/p>\n","protected":false},"excerpt":{"rendered":"<p>\u00a0\u00a0Prefeitura:<\/p>\n","protected":false},"author":12,"featured_media":0,"parent":633,"menu_order":2,"comment_status":"closed","ping_status":"closed","template":"","meta":{"footnotes":""},"class_list":["post-1386","page","type-page","status-publish","hentry"],"_links":{"self":[{"href":"https:\/\/uenf.br\/dic\/ginfo\/wp-json\/wp\/v2\/pages\/1386","targetHints":{"allow":["GET"]}}],"collection":[{"href":"https:\/\/uenf.br\/dic\/ginfo\/wp-json\/wp\/v2\/pages"}],"about":[{"href":"https:\/\/uenf.br\/dic\/ginfo\/wp-json\/wp\/v2\/types\/page"}],"author":[{"embeddable":true,"href":"https:\/\/uenf.br\/dic\/ginfo\/wp-json\/wp\/v2\/users\/12"}],"replies":[{"embeddable":true,"href":"https:\/\/uenf.br\/dic\/ginfo\/wp-json\/wp\/v2\/comments?post=1386"}],"version-history":[{"count":0,"href":"https:\/\/uenf.br\/dic\/ginfo\/wp-json\/wp\/v2\/pages\/1386\/revisions"}],"up":[{"embeddable":true,"href":"https:\/\/uenf.br\/dic\/ginfo\/wp-json\/wp\/v2\/pages\/633"}],"wp:attachment":[{"href":"https:\/\/uenf.br\/dic\/ginfo\/wp-json\/wp\/v2\/media?parent=1386"}],"curies":[{"name":"wp","href":"https:\/\/api.w.org\/{rel}","templated":true}]}}