{"id":310,"date":"2018-07-18T18:01:35","date_gmt":"2018-07-18T21:01:35","guid":{"rendered":"http:\/\/uenf.br\/evento\/jornadafluminensedebotanica\/?page_id=310"},"modified":"2018-09-04T15:38:22","modified_gmt":"2018-09-04T18:38:22","slug":"premios-jornadinha","status":"publish","type":"page","link":"https:\/\/uenf.br\/eventos\/jornadafluminensedebotanica\/premios-jornadinha\/","title":{"rendered":"Pr\u00eamios &#8211; Jornadinha"},"content":{"rendered":"<h1 style=\"text-align: center\"><span style=\"color: #ff0000\">Novas Informa\u00e7\u00f5es<\/span><\/h1>\n<p class=\"yiv8225851009MsoNormal\">Apresenta\u00e7\u00e3o Oral de Trabalhos de Inicia\u00e7\u00e3o Cient\u00edfica \u201cJornadinha\u201d ser\u00e1 no\u00a0<b><u>dia 13 de setembro (quinta- feira)<\/u><\/b>\u00a0na sala\u00a0<b><i>Couroupita guianensis\u00a0<\/i><\/b>no seguinte\u00a0<b><u>hor\u00e1rio: 17:00 h \u00e0s 18:30 h<\/u><\/b>.<\/p>\n<p>Sequ\u00eancia das apresenta\u00e7\u00f5es:<\/p>\n<p><b>17:00 h &#8211;<\/b>\u00a0<b>Gl\u00e1ucia Crispim Ferreira.<\/b><\/p>\n<p class=\"yiv8225851009MsoNormal\">T\u00edtulo do Trabalho de Inicia\u00e7\u00e3o Cient\u00edfica:\u00a0CARACTERIZA\u00c7\u00c3O DA FL\u00d3RULA E ATRIBUTOS FUNCIONAIS DA MADEIRA DAS ESP\u00c9CIES DA RESERVA BIOL\u00d3GICA DO TINGU\u00c1 \u2013 RJ<\/p>\n<p class=\"yiv8225851009MsoNormal\"><b>17:30 h &#8211;<\/b>\u00a0<b>Maria J\u00falia Groppa Rodrigues.<\/b><\/p>\n<p class=\"yiv8225851009MsoNormal\">T\u00edtulo do Trabalho de Inicia\u00e7\u00e3o Cient\u00edfica:\u00a0DESCRI\u00c7\u00c3O ANAT\u00d4MICA DO ESTIPE DE ROYSTONEA OLERACEA (JACQ.) O.F. COOK, A PALMEIRA IMPERIAL, NA ILHA GRANDE, ANGRA DOS REIS, RIO DE JANEIRO, BRASIL<\/p>\n<p class=\"yiv8225851009MsoNormal\"><b>18:00 h &#8211; Vitor Melo Erse Cyrino<\/b>.<\/p>\n<p class=\"yiv8225851009MsoNormal\">T\u00edtulo do Trabalho de Inicia\u00e7\u00e3o Cient\u00edfica:\u00a0EFEITO DA FRAGMENTA\u00c7\u00c3O FLORESTAL SOBRE A NECROMASSA EM FLORESTA OMBR\u00d3FILA DA MATA ATL\u00c2NTICA NO RIO DE JANEIRO<\/p>\n<h1><\/h1>\n<p>&nbsp;<\/p>\n<h1 style=\"text-align: left\">A Sociedade Bot\u00e2nica do Brasil\/Regional Rio tem o prazer de apresentar na 37\u00aa Jornada Fluminense de Bot\u00e2nica a primeira edi\u00e7\u00e3o do <span style=\"color: #800080\">Pr\u00eamio Jornadinha<\/span> que conceder\u00e1 pr\u00eamio ao melhor trabalho de pesquisa realizado por <strong>estudante de gradua\u00e7\u00e3o<\/strong>, com o objetivo de estimular a forma\u00e7\u00e3o de recursos humanos e a pesquisa cient\u00edfica em Bot\u00e2nica.<\/h1>\n<h1 style=\"text-align: left\"><span style=\"color: #800080\"><strong>INFORMA\u00c7\u00d5ES PARA APRESENTA\u00c7\u00c3O<\/strong><\/span><\/h1>\n<p><span style=\"color: #800080\"><strong>Dia: <\/strong><span style=\"color: #000000\">13\/09\/2018<\/span><\/span><\/p>\n<p><span style=\"color: #800080\"><strong>Hor\u00e1rio: <\/strong><span style=\"color: #000000\">17:00 \u00e0s 18:30<\/span><\/span><\/p>\n<p><span style=\"color: #800080\"><strong>\u00a0<\/strong><\/span><br \/>\n<span style=\"color: #800080\"><strong>LOCAL: <\/strong><span style=\"color: #000000\">Sala <em>Couropita guianensis<\/em><\/span><\/span><\/p>\n<p><span style=\"color: #800080\"><strong>FORMA DE APRESENTA\u00c7\u00c3O: <span style=\"color: #ff0000\">ORAL<\/span><\/strong><\/span><\/p>\n<h1><span style=\"color: #800080\"><strong>INSCRI\u00c7\u00c3O<\/strong><\/span><\/h1>\n<h1><span style=\"color: #800080\"><strong>Data Limite: 16\/08\/2018<\/strong><\/span><\/h1>\n<p>O estudante candidato dever\u00e1 requerer sua inscri\u00e7\u00e3o ao Pr\u00eamio, com anu\u00eancia do orientador por escrito.<\/p>\n<p>O trabalho inscrito deve ser original, completo, e n\u00e3o ter sido publicado anteriormente na forma de artigo completo.<\/p>\n<ul>\n<li>Cada orientador poder\u00e1 ser co-autor de apenas um trabalho concorrente.<\/li>\n<li>O trabalho inscrito ao pr\u00eamio dever\u00e1 seguir as normas da ABNT.<\/li>\n<li>O estudante concorrente deve, obrigatoriamente, estar inscrito na 37\u00aa JFB.<\/li>\n<li>A inscri\u00e7\u00e3o ao Pr\u00eamio Jornadinha ser\u00e1 feita pelo estudante candidato mediante envio de documentos eletr\u00f4nicos a <span style=\"color: #ff0000\"><a style=\"color: #ff0000\" href=\"mailto:coordenacao37jfb@gmail.com\">coordenacao37jfb@gmail.com<\/a><\/span>. \u00c9 obrigat\u00f3rio no assunto escrever \u2013 Pr\u00eamio Jornadinha 2018<\/li>\n<li>O estudante candidato ao Pr\u00eamio dever\u00e1 submeter o resumo do seu trabalho a 37\u00aa Jornada Fluminense de Bot\u00e2nica de acordo com as normas do evento e informar a condi\u00e7\u00e3o de concorrente ao Pr\u00eamio Jornadinha.<\/li>\n<li>O estudante candidato dever\u00e1 requerer sua inscri\u00e7\u00e3o ao Pr\u00eamio, com anu\u00eancia do orientador por escrito, mediante envio para <span style=\"color: #ff0000\"><a style=\"color: #ff0000\" href=\"mailto:coordenacao37jfb@gmail.com\">coordenacao37jfb@gmail.com<\/a> <\/span>dos seguintes documentos:<\/li>\n<\/ul>\n<p>I \u2013 Comprovante de matr\u00edcula do estudante de gradua\u00e7\u00e3o emitido por \u00f3rg\u00e3o oficial;<\/p>\n<p>II \u2013 Carta de anu\u00eancia do orientador <strong>(assinada)<\/strong><\/p>\n<p>III. <strong>Resumo expandido de at\u00e9 cinco (5) p\u00e1ginas<\/strong> em \u00fanico arquivo, no formato pdf.<\/p>\n<p>IV \u2013 C\u00f3pia do comprovante de pagamento da taxa de inscri\u00e7\u00e3o na 37\u00aa Jornada Fluminense de Bot\u00e2nica;<\/p>\n<p>V \u2013 C\u00f3pia do resumo submetido ao 37\u00aa Jornada Fluminense de Bot\u00e2nica.<\/p>\n<ul>\n<li>As inscri\u00e7\u00f5es com documenta\u00e7\u00e3o incompleta n\u00e3o ser\u00e3o aceitas, assim como n\u00e3o ser\u00e3o aceitos documentos enviados ap\u00f3s o prazo de encerramento da submiss\u00e3o dos resumos na 37\u00ba Jornada Fluminense de Bot\u00e2nica.<\/li>\n<li>Os autores candidatos cujos trabalhos forem selecionados para apresenta\u00e7\u00e3o oral ser\u00e3o comunicados com aproximadamente 15 dias de anteced\u00eancia do in\u00edcio da Jornada.<\/li>\n<li>Os trabalhos selecionados pela Comiss\u00e3o Julgadora ser\u00e3o apresentados na forma oral durante a 37\u00aa Jornada Fluminense de Bot\u00e2nica e com a presen\u00e7a obrigat\u00f3ria do respectivo orientador.<\/li>\n<li>O tempo de apresenta\u00e7\u00e3o para cada estudante candidato ser\u00e1 de no m\u00e1ximo 15 minutos, seguidos de 5 minutos de discuss\u00e3o.<\/li>\n<li>O estudante candidato n\u00e3o poder\u00e1 assistir a apresenta\u00e7\u00e3o oral do seu concorrente.<\/li>\n<li>Ap\u00f3s a apresenta\u00e7\u00e3o oral dos trabalhos, os candidatos receber\u00e3o um Certificado de participa\u00e7\u00e3o na Sess\u00e3o de Julgamento do Pr\u00eamio Jornadinha.<\/li>\n<\/ul>\n<p>Os estudantes candidatos ao Pr\u00eamio Jornadinha dever\u00e3o preparar um p\u00f4ster, segundo as normas da 37\u00aa Jornada Fluminense de Bot\u00e2nica, para ser exposto em local de destaque durante todo o evento.<\/p>\n<p><a href=\"http:\/\/uenf.br\/evento\/jornadafluminensedebotanica\/wp-content\/uploads\/sites\/2\/2018\/08\/Apresenta\u00e7\u00e3o-para-pr\u00eamio-jornadinha.pptx\"><img loading=\"lazy\" decoding=\"async\" class=\"alignnone size-full wp-image-377 aligncenter\" src=\"http:\/\/uenf.br\/evento\/jornadafluminensedebotanica\/wp-content\/uploads\/sites\/2\/2018\/07\/jornadinha.jpg\" alt=\"\" width=\"523\" height=\"165\" \/><\/a><\/p>\n<p>&nbsp;<\/p>\n<p>&nbsp;<\/p>\n","protected":false},"excerpt":{"rendered":"<p>Novas Informa\u00e7\u00f5es Apresenta\u00e7\u00e3o Oral de Trabalhos de Inicia\u00e7\u00e3o Cient\u00edfica \u201cJornadinha\u201d ser\u00e1 no\u00a0dia 13 de setembro (quinta- feira)\u00a0na sala\u00a0Couroupita guianensis\u00a0no seguinte\u00a0hor\u00e1rio: 17:00 h \u00e0s 18:30 h. Sequ\u00eancia das apresenta\u00e7\u00f5es: 17:00 h &#8211;\u00a0Gl\u00e1ucia Crispim Ferreira. T\u00edtulo do Trabalho de Inicia\u00e7\u00e3o Cient\u00edfica:\u00a0CARACTERIZA\u00c7\u00c3O DA FL\u00d3RULA E ATRIBUTOS FUNCIONAIS DA MADEIRA DAS ESP\u00c9CIES DA RESERVA BIOL\u00d3GICA DO TINGU\u00c1 \u2013 RJ [&hellip;]<\/p>\n","protected":false},"author":6,"featured_media":0,"parent":0,"menu_order":10,"comment_status":"closed","ping_status":"closed","template":"","meta":{"ocean_post_layout":"","ocean_both_sidebars_style":"","ocean_both_sidebars_content_width":0,"ocean_both_sidebars_sidebars_width":0,"ocean_sidebar":"","ocean_second_sidebar":"","ocean_disable_margins":"enable","ocean_add_body_class":"","ocean_shortcode_before_top_bar":"","ocean_shortcode_after_top_bar":"","ocean_shortcode_before_header":"","ocean_shortcode_after_header":"","ocean_has_shortcode":"","ocean_shortcode_after_title":"","ocean_shortcode_before_footer_widgets":"","ocean_shortcode_after_footer_widgets":"","ocean_shortcode_before_footer_bottom":"","ocean_shortcode_after_footer_bottom":"","ocean_display_top_bar":"default","ocean_display_header":"default","ocean_header_style":"","ocean_center_header_left_menu":"","ocean_custom_header_template":"","ocean_custom_logo":0,"ocean_custom_retina_logo":0,"ocean_custom_logo_max_width":0,"ocean_custom_logo_tablet_max_width":0,"ocean_custom_logo_mobile_max_width":0,"ocean_custom_logo_max_height":0,"ocean_custom_logo_tablet_max_height":0,"ocean_custom_logo_mobile_max_height":0,"ocean_header_custom_menu":"","ocean_menu_typo_font_family":"","ocean_menu_typo_font_subset":"","ocean_menu_typo_font_size":0,"ocean_menu_typo_font_size_tablet":0,"ocean_menu_typo_font_size_mobile":0,"ocean_menu_typo_font_size_unit":"px","ocean_menu_typo_font_weight":"","ocean_menu_typo_font_weight_tablet":"","ocean_menu_typo_font_weight_mobile":"","ocean_menu_typo_transform":"","ocean_menu_typo_transform_tablet":"","ocean_menu_typo_transform_mobile":"","ocean_menu_typo_line_height":0,"ocean_menu_typo_line_height_tablet":0,"ocean_menu_typo_line_height_mobile":0,"ocean_menu_typo_line_height_unit":"","ocean_menu_typo_spacing":0,"ocean_menu_typo_spacing_tablet":0,"ocean_menu_typo_spacing_mobile":0,"ocean_menu_typo_spacing_unit":"","ocean_menu_link_color":"","ocean_menu_link_color_hover":"","ocean_menu_link_color_active":"","ocean_menu_link_background":"","ocean_menu_link_hover_background":"","ocean_menu_link_active_background":"","ocean_menu_social_links_bg":"","ocean_menu_social_hover_links_bg":"","ocean_menu_social_links_color":"","ocean_menu_social_hover_links_color":"","ocean_disable_title":"default","ocean_disable_heading":"default","ocean_post_title":"","ocean_post_subheading":"","ocean_post_title_style":"","ocean_post_title_background_color":"","ocean_post_title_background":0,"ocean_post_title_bg_image_position":"","ocean_post_title_bg_image_attachment":"","ocean_post_title_bg_image_repeat":"","ocean_post_title_bg_image_size":"","ocean_post_title_height":0,"ocean_post_title_bg_overlay":0.5,"ocean_post_title_bg_overlay_color":"","ocean_disable_breadcrumbs":"default","ocean_breadcrumbs_color":"","ocean_breadcrumbs_separator_color":"","ocean_breadcrumbs_links_color":"","ocean_breadcrumbs_links_hover_color":"","ocean_display_footer_widgets":"default","ocean_display_footer_bottom":"default","ocean_custom_footer_template":"","footnotes":""},"class_list":["post-310","page","type-page","status-publish","hentry","entry"],"_links":{"self":[{"href":"https:\/\/uenf.br\/eventos\/jornadafluminensedebotanica\/wp-json\/wp\/v2\/pages\/310","targetHints":{"allow":["GET"]}}],"collection":[{"href":"https:\/\/uenf.br\/eventos\/jornadafluminensedebotanica\/wp-json\/wp\/v2\/pages"}],"about":[{"href":"https:\/\/uenf.br\/eventos\/jornadafluminensedebotanica\/wp-json\/wp\/v2\/types\/page"}],"author":[{"embeddable":true,"href":"https:\/\/uenf.br\/eventos\/jornadafluminensedebotanica\/wp-json\/wp\/v2\/users\/6"}],"replies":[{"embeddable":true,"href":"https:\/\/uenf.br\/eventos\/jornadafluminensedebotanica\/wp-json\/wp\/v2\/comments?post=310"}],"version-history":[{"count":0,"href":"https:\/\/uenf.br\/eventos\/jornadafluminensedebotanica\/wp-json\/wp\/v2\/pages\/310\/revisions"}],"wp:attachment":[{"href":"https:\/\/uenf.br\/eventos\/jornadafluminensedebotanica\/wp-json\/wp\/v2\/media?parent=310"}],"curies":[{"name":"wp","href":"https:\/\/api.w.org\/{rel}","templated":true}]}}