{"id":385,"date":"2018-07-20T20:12:14","date_gmt":"2018-07-20T23:12:14","guid":{"rendered":"http:\/\/uenf.br\/evento\/jornadafluminensedebotanica\/?page_id=385"},"modified":"2018-07-26T18:53:13","modified_gmt":"2018-07-26T21:53:13","slug":"hospedagem","status":"publish","type":"page","link":"https:\/\/uenf.br\/eventos\/jornadafluminensedebotanica\/hospedagem\/","title":{"rendered":"Hospedagem"},"content":{"rendered":"<p>&#8211; <strong>Hotel pousada Cravo e Canela<\/strong><\/p>\n<p>Rua Cl\u00f3vis de Souza Medina, 82 &#8211; Parque S\u00e3o Caetano, Campos dos Goytacazes &#8211; RJ, 28040-710.\u00a0Telefone:\u00a0(22) 2724-3167<\/p>\n<p>&#8211; <strong>Pousada El Shaddai<\/strong><\/p>\n<p>Rua Azevedo Lima, 37 &#8211; Parque Leopoldina, Campos dos Goytacazes &#8211; RJ, 28051-255.\u00a0Telefone:\u00a0(22) 99709-4749<\/p>\n<p>&#8211; <strong>Tulip Inn\u00a0<\/strong><\/p>\n<p>Rua Dr. Silvio Bastos Tavares, 340, Parque Leopoldina, Campos dos Goytacazes, CEP 28051-250. Telefone: (22) 2748-7500<\/p>\n<p>&#8211; <strong>Pousada Cora\u00e7\u00e3o de M\u00e3e<\/strong><\/p>\n<p>Rua Artur Em\u00edliano Costa, 344 &#8211; Parque Leopoldina, Campos dos Goytacazes &#8211; RJ, 28053-010.\u00a0Telefone:\u00a0(22) 99844-1433<\/p>\n<p>&#8211; <strong>Jardim de Allah<\/strong><\/p>\n<p>Rua Salvador Corr\u00eaa, 01 &#8211; Centro, Campos dos Goytacazes &#8211; RJ, 28010-140\u00a0Telefone:\u00a0(22) 2737-1800<\/p>\n<p>&#8211; <strong>Hotel Dourado Center<\/strong><\/p>\n<p>Avenida Sete de Setembro, 442 &#8211; Centro, Campos dos Goytacazes &#8211; RJ, 28010-562.\u00a0Telefone:\u00a0(22) 2723-0340<\/p>\n<p>&#8211; <strong>Grupo Gramado Hotel e Churrascaria<\/strong><\/p>\n<p>Avenida Dr. Nilo Pe\u00e7anha, 101 \/ 111 &#8211; Parque Santo Amaro, Campos dos Goytacazes &#8211; RJ, 28030-035.\u00a0Telefone:\u00a0(22) 2726-6300<\/p>\n<p>&#8211; <strong>Hotel Rede 1<\/strong><\/p>\n<p>Rua Joaquim T\u00e1vora, 32 &#8211; Centro, Campos dos Goytacazes &#8211; RJ, 28010-060\u00a0Telefone:\u00a0(22) 2722-2803<\/p>\n<p>&#8211; <strong>Hotel Shopping Estrada<\/strong><\/p>\n<p>Rua Carlos Drummond de Andrade, 95 &#8211; Parque Rodovi\u00e1ria, Campos dos Goytacazes &#8211; RJ, 28051-305.\u00a0Telefone:\u00a0(22) 2732-4056<\/p>\n<p>&#8211; <strong>Confort Hotel<\/strong><\/p>\n<p>Avenida Vinte e Oito de Marco, 639 &#8211; Parque Santo Amaro, Campos dos Goytacazes &#8211; RJ, 28020-740. Telefone: (22) 3234-3234<\/p>\n<p>&#8211; <strong>Palace Hotel<\/strong><\/p>\n<p>Avenida \u2169\u2164 de Novembro, 143 &#8211; Centro, Campos dos Goytacazes &#8211; RJ, 28035-100. Telefone: (22) 2737-6077<\/p>\n<p>&nbsp;<\/p>\n<p>&nbsp;<\/p>\n","protected":false},"excerpt":{"rendered":"<p>&#8211; Hotel pousada Cravo e Canela Rua Cl\u00f3vis de Souza Medina, 82 &#8211; Parque S\u00e3o Caetano, Campos dos Goytacazes &#8211; RJ, 28040-710.\u00a0Telefone:\u00a0(22) 2724-3167 &#8211; Pousada El Shaddai Rua Azevedo Lima, 37 &#8211; Parque Leopoldina, Campos dos Goytacazes &#8211; RJ, 28051-255.\u00a0Telefone:\u00a0(22) 99709-4749 &#8211; Tulip Inn\u00a0 Rua Dr. Silvio Bastos Tavares, 340, Parque Leopoldina, Campos dos Goytacazes, [&hellip;]<\/p>\n","protected":false},"author":4,"featured_media":0,"parent":0,"menu_order":18,"comment_status":"closed","ping_status":"closed","template":"","meta":{"ocean_post_layout":"","ocean_both_sidebars_style":"","ocean_both_sidebars_content_width":0,"ocean_both_sidebars_sidebars_width":0,"ocean_sidebar":"","ocean_second_sidebar":"","ocean_disable_margins":"enable","ocean_add_body_class":"","ocean_shortcode_before_top_bar":"","ocean_shortcode_after_top_bar":"","ocean_shortcode_before_header":"","ocean_shortcode_after_header":"","ocean_has_shortcode":"","ocean_shortcode_after_title":"","ocean_shortcode_before_footer_widgets":"","ocean_shortcode_after_footer_widgets":"","ocean_shortcode_before_footer_bottom":"","ocean_shortcode_after_footer_bottom":"","ocean_display_top_bar":"default","ocean_display_header":"default","ocean_header_style":"","ocean_center_header_left_menu":"","ocean_custom_header_template":"","ocean_custom_logo":0,"ocean_custom_retina_logo":0,"ocean_custom_logo_max_width":0,"ocean_custom_logo_tablet_max_width":0,"ocean_custom_logo_mobile_max_width":0,"ocean_custom_logo_max_height":0,"ocean_custom_logo_tablet_max_height":0,"ocean_custom_logo_mobile_max_height":0,"ocean_header_custom_menu":"","ocean_menu_typo_font_family":"","ocean_menu_typo_font_subset":"","ocean_menu_typo_font_size":0,"ocean_menu_typo_font_size_tablet":0,"ocean_menu_typo_font_size_mobile":0,"ocean_menu_typo_font_size_unit":"px","ocean_menu_typo_font_weight":"","ocean_menu_typo_font_weight_tablet":"","ocean_menu_typo_font_weight_mobile":"","ocean_menu_typo_transform":"","ocean_menu_typo_transform_tablet":"","ocean_menu_typo_transform_mobile":"","ocean_menu_typo_line_height":0,"ocean_menu_typo_line_height_tablet":0,"ocean_menu_typo_line_height_mobile":0,"ocean_menu_typo_line_height_unit":"","ocean_menu_typo_spacing":0,"ocean_menu_typo_spacing_tablet":0,"ocean_menu_typo_spacing_mobile":0,"ocean_menu_typo_spacing_unit":"","ocean_menu_link_color":"","ocean_menu_link_color_hover":"","ocean_menu_link_color_active":"","ocean_menu_link_background":"","ocean_menu_link_hover_background":"","ocean_menu_link_active_background":"","ocean_menu_social_links_bg":"","ocean_menu_social_hover_links_bg":"","ocean_menu_social_links_color":"","ocean_menu_social_hover_links_color":"","ocean_disable_title":"default","ocean_disable_heading":"default","ocean_post_title":"","ocean_post_subheading":"","ocean_post_title_style":"","ocean_post_title_background_color":"","ocean_post_title_background":0,"ocean_post_title_bg_image_position":"","ocean_post_title_bg_image_attachment":"","ocean_post_title_bg_image_repeat":"","ocean_post_title_bg_image_size":"","ocean_post_title_height":0,"ocean_post_title_bg_overlay":0.5,"ocean_post_title_bg_overlay_color":"","ocean_disable_breadcrumbs":"default","ocean_breadcrumbs_color":"","ocean_breadcrumbs_separator_color":"","ocean_breadcrumbs_links_color":"","ocean_breadcrumbs_links_hover_color":"","ocean_display_footer_widgets":"default","ocean_display_footer_bottom":"default","ocean_custom_footer_template":"","footnotes":""},"class_list":["post-385","page","type-page","status-publish","hentry","entry"],"_links":{"self":[{"href":"https:\/\/uenf.br\/eventos\/jornadafluminensedebotanica\/wp-json\/wp\/v2\/pages\/385","targetHints":{"allow":["GET"]}}],"collection":[{"href":"https:\/\/uenf.br\/eventos\/jornadafluminensedebotanica\/wp-json\/wp\/v2\/pages"}],"about":[{"href":"https:\/\/uenf.br\/eventos\/jornadafluminensedebotanica\/wp-json\/wp\/v2\/types\/page"}],"author":[{"embeddable":true,"href":"https:\/\/uenf.br\/eventos\/jornadafluminensedebotanica\/wp-json\/wp\/v2\/users\/4"}],"replies":[{"embeddable":true,"href":"https:\/\/uenf.br\/eventos\/jornadafluminensedebotanica\/wp-json\/wp\/v2\/comments?post=385"}],"version-history":[{"count":0,"href":"https:\/\/uenf.br\/eventos\/jornadafluminensedebotanica\/wp-json\/wp\/v2\/pages\/385\/revisions"}],"wp:attachment":[{"href":"https:\/\/uenf.br\/eventos\/jornadafluminensedebotanica\/wp-json\/wp\/v2\/media?parent=385"}],"curies":[{"name":"wp","href":"https:\/\/api.w.org\/{rel}","templated":true}]}}