{"id":2,"date":"2022-12-07T10:50:17","date_gmt":"2022-12-07T13:50:17","guid":{"rendered":"https:\/\/uenf.br\/extensao\/apoioeduenfagroecologia\/?page_id=2"},"modified":"2024-03-07T17:53:19","modified_gmt":"2024-03-07T20:53:19","slug":"apresentacao","status":"publish","type":"page","link":"https:\/\/uenf.br\/extensao\/apoioeduenfagroecologia\/","title":{"rendered":"SOBRE O PROJETO"},"content":{"rendered":"<p><img loading=\"lazy\" decoding=\"async\" class=\"size-medium wp-image-42 aligncenter\" src=\"https:\/\/uenf.br\/extensao\/apoioeduenfagroecologia\/wp-content\/uploads\/sites\/5\/2023\/03\/dd64e07e-0462-4507-9424-b1d5c00dff92-1-300x221.jpg\" alt=\"\" width=\"300\" height=\"221\" srcset=\"https:\/\/uenf.br\/extensao\/apoioeduenfagroecologia\/wp-content\/uploads\/sites\/5\/2023\/03\/dd64e07e-0462-4507-9424-b1d5c00dff92-1-300x221.jpg 300w, https:\/\/uenf.br\/extensao\/apoioeduenfagroecologia\/wp-content\/uploads\/sites\/5\/2023\/03\/dd64e07e-0462-4507-9424-b1d5c00dff92-1.jpg 400w\" sizes=\"auto, (max-width: 300px) 100vw, 300px\" \/><\/p>\n<p>&nbsp;<\/p>\n<h3>Introdu\u00e7\u00e3o<\/h3>\n<p>A Editora da Universidade Estadual do Norte Fluminense Darcy Ribeiro (EdUENF) foi criada no ano de 2003, desta forma, alinha-se \u00e0 necessidade de promo\u00e7\u00e3o facilitada de publica\u00e7\u00f5es acad\u00eamicas, de f\u00e1cil acesso, n\u00e3o s\u00f3 para os docentes e discentes da Uenf, mas tamb\u00e9m para o p\u00fablico em geral com a inten\u00e7\u00e3o de direcionar suas atividades no sentido de um resultado nas obras de conte\u00fado did\u00e1tico, cient\u00edfico, art\u00edstico, filos\u00f3fico e de divulga\u00e7\u00e3o cultural e extensionista.<\/p>\n<p>Com a aprova\u00e7\u00e3o pelo CONSUNI em 2021 do Mestrado Profissional em Agroecologia e Desenvolvimento Rural Sustent\u00e1vel (MPADRS) viu-se a necessidade espec\u00edfica de lan\u00e7ar uma Linha Editorial em Agroecologia dentro da EdUENF, ofertando apoio t\u00e9cnico e efetivo ao n\u00edvel institucional com a editora\u00e7\u00e3o e lan\u00e7amentos de livros, livretos, boletins, cartilhas, dentre outros, como produtos do Mestrado Profissional em Agroecologia e Desenvolvimento Rural Sustent\u00e1vel (MPADRS).<\/p>\n<p>&nbsp;<\/p>\n<h3>Metodologia<\/h3>\n<p>Cria\u00e7\u00e3o de uma linha editorial em agroecologia, fornecendo aos docentes o apoio necess\u00e1rio para a editora\u00e7\u00e3o e lan\u00e7amentos de livros, livretos, boletins, etc. Como resultado de\u00a0 produtos\u00a0 do Mestrado Profissional em Agroecologia Desenvolvimento\u00a0 Rural\u00a0 Sustent\u00e1vel (MPADRS),\u00a0 estimulando o interesse sobre o tema de maneira ampla a fim de promover a sustentabilidade.<\/p>\n<p>&nbsp;<\/p>\n<h3>Resultados<\/h3>\n<ul>\n<li>Estimular o interesse sobre a produ\u00e7\u00e3o de alimentos agroecol\u00f3gicos e a conscientiza\u00e7\u00e3o de pr\u00e1ticas de seguran\u00e7a e sa\u00fade adequadas no trabalho para os discentes;<\/li>\n<li>Amplia\u00e7\u00e3o, por parte dos agricultores (as) e os demais envolvidos no projeto, de conhecimentos em agroecologia, com consequente melhoria da qualidade de vida no campo, diminui\u00e7\u00e3o do impacto ambiental a caminho da sustentabilidade;<\/li>\n<\/ul>\n<ul>\n<li>Envolvimento significativo dos agricultores (as) na implementa\u00e7\u00e3o de conhecimentos e tecnologias de base agroecol\u00f3gica, com incentivo \u00e0 conserva\u00e7\u00e3o e prote\u00e7\u00e3o da biodiversidade, e ao uso sustent\u00e1vel e racional dos agro ecossistemas;<\/li>\n<\/ul>\n<ul>\n<li>Permitir a gera\u00e7\u00e3o de economia e renda para o p\u00fablico-alvo atendido;<\/li>\n<li>Gerar consci\u00eancia socioambiental sustent\u00e1vel na redu\u00e7\u00e3o de impactos negativos ao meio ambiente, em conson\u00e2ncia com os Objetivos de Desenvolvimento Sustent\u00e1vel da ONU de n\u00famero 02 e 017 e foco no compromisso institucional da pol\u00edtica de extens\u00e3o da UENF;<\/li>\n<\/ul>\n<ul>\n<li>Gera\u00e7\u00e3o da autossufici\u00eancia produtiva, visando proporcionar menor depend\u00eancia de mercados externos aos empreendimentos;<\/li>\n<\/ul>\n<ul>\n<li>Aumento da qualidade e do n\u00famero de publica\u00e7\u00f5es de docentes da UENF em temas relacionados \u00e0 agroecologia.<\/li>\n<\/ul>\n<p>&nbsp;<\/p>\n<h3>Considera\u00e7\u00f5es finais<\/h3>\n<p>Os trabalhos bibliogr\u00e1ficos produzidos pelos docentes e futuramente pelos discentes do MPADRS contar\u00e3o com um apoio t\u00e9cnico e efetivo ao n\u00edvel institucional com a editora\u00e7\u00e3o e lan\u00e7amentos de livros, livretos, boletins, dentre outros, como produtos do MPADRS. Buscar\u00e1 a efetiva viabilidade da publica\u00e7\u00e3o de produtos acad\u00eamicos em plataformas de f\u00e1cil alcance pelo p\u00fablico alvo e geral, a fim de que todos os envolvidos no projeto ampliem seus conhecimentos em agroecologia, com consequente melhoria da qualidade de vida no campo e diminui\u00e7\u00e3o do impacto ambiental.<\/p>\n","protected":false},"excerpt":{"rendered":"<p>&nbsp; Introdu\u00e7\u00e3o A Editora da Universidade Estadual do Norte Fluminense Darcy Ribeiro (EdUENF) foi criada no ano de 2003, desta forma, alinha-se \u00e0 necessidade de promo\u00e7\u00e3o facilitada de publica\u00e7\u00f5es acad\u00eamicas, de f\u00e1cil acesso, n\u00e3o s\u00f3 para os docentes e discentes da Uenf, mas tamb\u00e9m para o p\u00fablico em geral com a inten\u00e7\u00e3o de direcionar suas [&hellip;]<\/p>\n","protected":false},"author":9,"featured_media":0,"parent":0,"menu_order":0,"comment_status":"closed","ping_status":"closed","template":"","meta":{"ocean_post_layout":"","ocean_both_sidebars_style":"","ocean_both_sidebars_content_width":0,"ocean_both_sidebars_sidebars_width":0,"ocean_sidebar":"","ocean_second_sidebar":"","ocean_disable_margins":"enable","ocean_add_body_class":"","ocean_shortcode_before_top_bar":"","ocean_shortcode_after_top_bar":"","ocean_shortcode_before_header":"","ocean_shortcode_after_header":"","ocean_has_shortcode":"","ocean_shortcode_after_title":"","ocean_shortcode_before_footer_widgets":"","ocean_shortcode_after_footer_widgets":"","ocean_shortcode_before_footer_bottom":"","ocean_shortcode_after_footer_bottom":"","ocean_display_top_bar":"default","ocean_display_header":"default","ocean_header_style":"","ocean_center_header_left_menu":"","ocean_custom_header_template":"","ocean_custom_logo":0,"ocean_custom_retina_logo":0,"ocean_custom_logo_max_width":0,"ocean_custom_logo_tablet_max_width":0,"ocean_custom_logo_mobile_max_width":0,"ocean_custom_logo_max_height":0,"ocean_custom_logo_tablet_max_height":0,"ocean_custom_logo_mobile_max_height":0,"ocean_header_custom_menu":"","ocean_menu_typo_font_family":"","ocean_menu_typo_font_subset":"","ocean_menu_typo_font_size":0,"ocean_menu_typo_font_size_tablet":0,"ocean_menu_typo_font_size_mobile":0,"ocean_menu_typo_font_size_unit":"px","ocean_menu_typo_font_weight":"","ocean_menu_typo_font_weight_tablet":"","ocean_menu_typo_font_weight_mobile":"","ocean_menu_typo_transform":"","ocean_menu_typo_transform_tablet":"","ocean_menu_typo_transform_mobile":"","ocean_menu_typo_line_height":0,"ocean_menu_typo_line_height_tablet":0,"ocean_menu_typo_line_height_mobile":0,"ocean_menu_typo_line_height_unit":"","ocean_menu_typo_spacing":0,"ocean_menu_typo_spacing_tablet":0,"ocean_menu_typo_spacing_mobile":0,"ocean_menu_typo_spacing_unit":"","ocean_menu_link_color":"","ocean_menu_link_color_hover":"","ocean_menu_link_color_active":"","ocean_menu_link_background":"","ocean_menu_link_hover_background":"","ocean_menu_link_active_background":"","ocean_menu_social_links_bg":"","ocean_menu_social_hover_links_bg":"","ocean_menu_social_links_color":"","ocean_menu_social_hover_links_color":"","ocean_disable_title":"default","ocean_disable_heading":"default","ocean_post_title":"","ocean_post_subheading":"","ocean_post_title_style":"","ocean_post_title_background_color":"","ocean_post_title_background":0,"ocean_post_title_bg_image_position":"","ocean_post_title_bg_image_attachment":"","ocean_post_title_bg_image_repeat":"","ocean_post_title_bg_image_size":"","ocean_post_title_height":0,"ocean_post_title_bg_overlay":0.5,"ocean_post_title_bg_overlay_color":"","ocean_disable_breadcrumbs":"default","ocean_breadcrumbs_color":"","ocean_breadcrumbs_separator_color":"","ocean_breadcrumbs_links_color":"","ocean_breadcrumbs_links_hover_color":"","ocean_display_footer_widgets":"default","ocean_display_footer_bottom":"default","ocean_custom_footer_template":"","footnotes":""},"class_list":["post-2","page","type-page","status-publish","hentry","entry"],"_links":{"self":[{"href":"https:\/\/uenf.br\/extensao\/apoioeduenfagroecologia\/wp-json\/wp\/v2\/pages\/2","targetHints":{"allow":["GET"]}}],"collection":[{"href":"https:\/\/uenf.br\/extensao\/apoioeduenfagroecologia\/wp-json\/wp\/v2\/pages"}],"about":[{"href":"https:\/\/uenf.br\/extensao\/apoioeduenfagroecologia\/wp-json\/wp\/v2\/types\/page"}],"author":[{"embeddable":true,"href":"https:\/\/uenf.br\/extensao\/apoioeduenfagroecologia\/wp-json\/wp\/v2\/users\/9"}],"replies":[{"embeddable":true,"href":"https:\/\/uenf.br\/extensao\/apoioeduenfagroecologia\/wp-json\/wp\/v2\/comments?post=2"}],"version-history":[{"count":15,"href":"https:\/\/uenf.br\/extensao\/apoioeduenfagroecologia\/wp-json\/wp\/v2\/pages\/2\/revisions"}],"predecessor-version":[{"id":112,"href":"https:\/\/uenf.br\/extensao\/apoioeduenfagroecologia\/wp-json\/wp\/v2\/pages\/2\/revisions\/112"}],"wp:attachment":[{"href":"https:\/\/uenf.br\/extensao\/apoioeduenfagroecologia\/wp-json\/wp\/v2\/media?parent=2"}],"curies":[{"name":"wp","href":"https:\/\/api.w.org\/{rel}","templated":true}]}}