{"id":295,"date":"2024-06-10T18:14:31","date_gmt":"2024-06-10T21:14:31","guid":{"rendered":"https:\/\/uenf.br\/extensao\/apoioeduenfagroecologia\/?page_id=295"},"modified":"2024-06-10T18:17:00","modified_gmt":"2024-06-10T21:17:00","slug":"xv-mostra-de-extensao-uenf-uff-iff-vii-ufrrj-a-extensao-como-interacao-entre-o-desenvolvimento-sustentavel-e-a-producao-de-conhecimento","status":"publish","type":"page","link":"https:\/\/uenf.br\/extensao\/apoioeduenfagroecologia\/banco-de-imagens\/xv-mostra-de-extensao-uenf-uff-iff-vii-ufrrj-a-extensao-como-interacao-entre-o-desenvolvimento-sustentavel-e-a-producao-de-conhecimento\/","title":{"rendered":"XV MOSTRA DE EXTENS\u00c3O UENF-UFF-IFF-VII UFRRJ: A extens\u00e3o como intera\u00e7\u00e3o entre o desenvolvimento sustent\u00e1vel e a produ\u00e7\u00e3o de conhecimento."},"content":{"rendered":"<h2 style=\"text-align: center\"><strong>OUTUBRO\/2024<\/strong><\/h2>\n<div id='gallery-1' class='gallery galleryid-295 gallery-columns-4 gallery-size-thumbnail'><figure class='gallery-item'>\n\t\t\t<div class='gallery-icon landscape'>\n\t\t\t\t<a href='https:\/\/uenf.br\/extensao\/apoioeduenfagroecologia\/banco-de-imagens\/xv-mostra-de-extensao-uenf-uff-iff-vii-ufrrj-a-extensao-como-interacao-entre-o-desenvolvimento-sustentavel-e-a-producao-de-conhecimento\/1ad511c3-e504-41e2-8cac-5445b731dcaa\/'><img loading=\"lazy\" decoding=\"async\" width=\"150\" height=\"150\" src=\"https:\/\/uenf.br\/extensao\/apoioeduenfagroecologia\/wp-content\/uploads\/sites\/5\/2024\/06\/1ad511c3-e504-41e2-8cac-5445b731dcaa-150x150.jpg\" class=\"attachment-thumbnail size-thumbnail\" alt=\"\" srcset=\"https:\/\/uenf.br\/extensao\/apoioeduenfagroecologia\/wp-content\/uploads\/sites\/5\/2024\/06\/1ad511c3-e504-41e2-8cac-5445b731dcaa-150x150.jpg 150w, https:\/\/uenf.br\/extensao\/apoioeduenfagroecologia\/wp-content\/uploads\/sites\/5\/2024\/06\/1ad511c3-e504-41e2-8cac-5445b731dcaa-600x600.jpg 600w\" sizes=\"auto, (max-width: 150px) 100vw, 150px\" \/><\/a>\n\t\t\t<\/div><\/figure><figure class='gallery-item'>\n\t\t\t<div class='gallery-icon landscape'>\n\t\t\t\t<a href='https:\/\/uenf.br\/extensao\/apoioeduenfagroecologia\/banco-de-imagens\/xv-mostra-de-extensao-uenf-uff-iff-vii-ufrrj-a-extensao-como-interacao-entre-o-desenvolvimento-sustentavel-e-a-producao-de-conhecimento\/3e8808df-fe80-4672-90c6-4e68b26f2712\/'><img loading=\"lazy\" decoding=\"async\" width=\"150\" height=\"150\" src=\"https:\/\/uenf.br\/extensao\/apoioeduenfagroecologia\/wp-content\/uploads\/sites\/5\/2024\/06\/3e8808df-fe80-4672-90c6-4e68b26f2712-150x150.jpg\" class=\"attachment-thumbnail size-thumbnail\" alt=\"\" srcset=\"https:\/\/uenf.br\/extensao\/apoioeduenfagroecologia\/wp-content\/uploads\/sites\/5\/2024\/06\/3e8808df-fe80-4672-90c6-4e68b26f2712-150x150.jpg 150w, https:\/\/uenf.br\/extensao\/apoioeduenfagroecologia\/wp-content\/uploads\/sites\/5\/2024\/06\/3e8808df-fe80-4672-90c6-4e68b26f2712-600x600.jpg 600w\" sizes=\"auto, (max-width: 150px) 100vw, 150px\" \/><\/a>\n\t\t\t<\/div><\/figure><figure class='gallery-item'>\n\t\t\t<div class='gallery-icon landscape'>\n\t\t\t\t<a href='https:\/\/uenf.br\/extensao\/apoioeduenfagroecologia\/banco-de-imagens\/xv-mostra-de-extensao-uenf-uff-iff-vii-ufrrj-a-extensao-como-interacao-entre-o-desenvolvimento-sustentavel-e-a-producao-de-conhecimento\/8c952e49-3b9f-4964-a7eb-f7d802b12755\/'><img loading=\"lazy\" decoding=\"async\" width=\"150\" height=\"150\" src=\"https:\/\/uenf.br\/extensao\/apoioeduenfagroecologia\/wp-content\/uploads\/sites\/5\/2024\/06\/8c952e49-3b9f-4964-a7eb-f7d802b12755-150x150.jpeg\" class=\"attachment-thumbnail size-thumbnail\" alt=\"\" srcset=\"https:\/\/uenf.br\/extensao\/apoioeduenfagroecologia\/wp-content\/uploads\/sites\/5\/2024\/06\/8c952e49-3b9f-4964-a7eb-f7d802b12755-150x150.jpeg 150w, https:\/\/uenf.br\/extensao\/apoioeduenfagroecologia\/wp-content\/uploads\/sites\/5\/2024\/06\/8c952e49-3b9f-4964-a7eb-f7d802b12755-600x600.jpeg 600w\" sizes=\"auto, (max-width: 150px) 100vw, 150px\" \/><\/a>\n\t\t\t<\/div><\/figure><figure class='gallery-item'>\n\t\t\t<div class='gallery-icon landscape'>\n\t\t\t\t<a href='https:\/\/uenf.br\/extensao\/apoioeduenfagroecologia\/banco-de-imagens\/xv-mostra-de-extensao-uenf-uff-iff-vii-ufrrj-a-extensao-como-interacao-entre-o-desenvolvimento-sustentavel-e-a-producao-de-conhecimento\/89b30895-568b-4ba4-b086-d68c5f761059\/'><img loading=\"lazy\" decoding=\"async\" width=\"150\" height=\"150\" src=\"https:\/\/uenf.br\/extensao\/apoioeduenfagroecologia\/wp-content\/uploads\/sites\/5\/2024\/06\/89b30895-568b-4ba4-b086-d68c5f761059-150x150.jpeg\" class=\"attachment-thumbnail size-thumbnail\" alt=\"\" srcset=\"https:\/\/uenf.br\/extensao\/apoioeduenfagroecologia\/wp-content\/uploads\/sites\/5\/2024\/06\/89b30895-568b-4ba4-b086-d68c5f761059-150x150.jpeg 150w, https:\/\/uenf.br\/extensao\/apoioeduenfagroecologia\/wp-content\/uploads\/sites\/5\/2024\/06\/89b30895-568b-4ba4-b086-d68c5f761059-600x600.jpeg 600w\" sizes=\"auto, (max-width: 150px) 100vw, 150px\" \/><\/a>\n\t\t\t<\/div><\/figure><figure class='gallery-item'>\n\t\t\t<div class='gallery-icon landscape'>\n\t\t\t\t<a href='https:\/\/uenf.br\/extensao\/apoioeduenfagroecologia\/banco-de-imagens\/xv-mostra-de-extensao-uenf-uff-iff-vii-ufrrj-a-extensao-como-interacao-entre-o-desenvolvimento-sustentavel-e-a-producao-de-conhecimento\/91fff9d1-d3f9-4c70-8979-3242afc6dd62\/'><img loading=\"lazy\" decoding=\"async\" width=\"150\" height=\"150\" src=\"https:\/\/uenf.br\/extensao\/apoioeduenfagroecologia\/wp-content\/uploads\/sites\/5\/2024\/06\/91fff9d1-d3f9-4c70-8979-3242afc6dd62-150x150.jpeg\" class=\"attachment-thumbnail size-thumbnail\" alt=\"\" srcset=\"https:\/\/uenf.br\/extensao\/apoioeduenfagroecologia\/wp-content\/uploads\/sites\/5\/2024\/06\/91fff9d1-d3f9-4c70-8979-3242afc6dd62-150x150.jpeg 150w, https:\/\/uenf.br\/extensao\/apoioeduenfagroecologia\/wp-content\/uploads\/sites\/5\/2024\/06\/91fff9d1-d3f9-4c70-8979-3242afc6dd62-600x600.jpeg 600w\" sizes=\"auto, (max-width: 150px) 100vw, 150px\" \/><\/a>\n\t\t\t<\/div><\/figure><figure class='gallery-item'>\n\t\t\t<div class='gallery-icon landscape'>\n\t\t\t\t<a href='https:\/\/uenf.br\/extensao\/apoioeduenfagroecologia\/banco-de-imagens\/xv-mostra-de-extensao-uenf-uff-iff-vii-ufrrj-a-extensao-como-interacao-entre-o-desenvolvimento-sustentavel-e-a-producao-de-conhecimento\/97fba1eb-f9b0-4540-91a8-78190a3a20c7\/'><img loading=\"lazy\" decoding=\"async\" width=\"150\" height=\"150\" src=\"https:\/\/uenf.br\/extensao\/apoioeduenfagroecologia\/wp-content\/uploads\/sites\/5\/2024\/06\/97fba1eb-f9b0-4540-91a8-78190a3a20c7-150x150.jpeg\" class=\"attachment-thumbnail size-thumbnail\" alt=\"\" srcset=\"https:\/\/uenf.br\/extensao\/apoioeduenfagroecologia\/wp-content\/uploads\/sites\/5\/2024\/06\/97fba1eb-f9b0-4540-91a8-78190a3a20c7-150x150.jpeg 150w, https:\/\/uenf.br\/extensao\/apoioeduenfagroecologia\/wp-content\/uploads\/sites\/5\/2024\/06\/97fba1eb-f9b0-4540-91a8-78190a3a20c7-600x600.jpeg 600w\" sizes=\"auto, (max-width: 150px) 100vw, 150px\" \/><\/a>\n\t\t\t<\/div><\/figure><figure class='gallery-item'>\n\t\t\t<div class='gallery-icon landscape'>\n\t\t\t\t<a href='https:\/\/uenf.br\/extensao\/apoioeduenfagroecologia\/banco-de-imagens\/xv-mostra-de-extensao-uenf-uff-iff-vii-ufrrj-a-extensao-como-interacao-entre-o-desenvolvimento-sustentavel-e-a-producao-de-conhecimento\/9776c029-74a2-44b9-bef3-0e79e65b612c\/'><img loading=\"lazy\" decoding=\"async\" width=\"150\" height=\"150\" src=\"https:\/\/uenf.br\/extensao\/apoioeduenfagroecologia\/wp-content\/uploads\/sites\/5\/2024\/06\/9776c029-74a2-44b9-bef3-0e79e65b612c-150x150.jpeg\" class=\"attachment-thumbnail size-thumbnail\" alt=\"\" srcset=\"https:\/\/uenf.br\/extensao\/apoioeduenfagroecologia\/wp-content\/uploads\/sites\/5\/2024\/06\/9776c029-74a2-44b9-bef3-0e79e65b612c-150x150.jpeg 150w, https:\/\/uenf.br\/extensao\/apoioeduenfagroecologia\/wp-content\/uploads\/sites\/5\/2024\/06\/9776c029-74a2-44b9-bef3-0e79e65b612c-600x600.jpeg 600w\" sizes=\"auto, (max-width: 150px) 100vw, 150px\" \/><\/a>\n\t\t\t<\/div><\/figure><figure class='gallery-item'>\n\t\t\t<div class='gallery-icon landscape'>\n\t\t\t\t<a href='https:\/\/uenf.br\/extensao\/apoioeduenfagroecologia\/banco-de-imagens\/xv-mostra-de-extensao-uenf-uff-iff-vii-ufrrj-a-extensao-como-interacao-entre-o-desenvolvimento-sustentavel-e-a-producao-de-conhecimento\/b7e91f0e-d9f4-4176-ba60-7d3e5588879d\/'><img loading=\"lazy\" decoding=\"async\" width=\"150\" height=\"150\" src=\"https:\/\/uenf.br\/extensao\/apoioeduenfagroecologia\/wp-content\/uploads\/sites\/5\/2024\/06\/b7e91f0e-d9f4-4176-ba60-7d3e5588879d-150x150.jpeg\" class=\"attachment-thumbnail size-thumbnail\" alt=\"\" srcset=\"https:\/\/uenf.br\/extensao\/apoioeduenfagroecologia\/wp-content\/uploads\/sites\/5\/2024\/06\/b7e91f0e-d9f4-4176-ba60-7d3e5588879d-150x150.jpeg 150w, https:\/\/uenf.br\/extensao\/apoioeduenfagroecologia\/wp-content\/uploads\/sites\/5\/2024\/06\/b7e91f0e-d9f4-4176-ba60-7d3e5588879d-600x600.jpeg 600w\" sizes=\"auto, (max-width: 150px) 100vw, 150px\" \/><\/a>\n\t\t\t<\/div><\/figure><figure class='gallery-item'>\n\t\t\t<div class='gallery-icon portrait'>\n\t\t\t\t<a href='https:\/\/uenf.br\/extensao\/apoioeduenfagroecologia\/banco-de-imagens\/xv-mostra-de-extensao-uenf-uff-iff-vii-ufrrj-a-extensao-como-interacao-entre-o-desenvolvimento-sustentavel-e-a-producao-de-conhecimento\/banner-amostra-extencao-2-ano-2\/'><img loading=\"lazy\" decoding=\"async\" width=\"150\" height=\"150\" src=\"https:\/\/uenf.br\/extensao\/apoioeduenfagroecologia\/wp-content\/uploads\/sites\/5\/2024\/06\/banner-amostra-extencao-2-ano-150x150.jpg\" class=\"attachment-thumbnail size-thumbnail\" alt=\"\" srcset=\"https:\/\/uenf.br\/extensao\/apoioeduenfagroecologia\/wp-content\/uploads\/sites\/5\/2024\/06\/banner-amostra-extencao-2-ano-150x150.jpg 150w, https:\/\/uenf.br\/extensao\/apoioeduenfagroecologia\/wp-content\/uploads\/sites\/5\/2024\/06\/banner-amostra-extencao-2-ano-600x600.jpg 600w\" sizes=\"auto, (max-width: 150px) 100vw, 150px\" \/><\/a>\n\t\t\t<\/div><\/figure><figure class='gallery-item'>\n\t\t\t<div class='gallery-icon landscape'>\n\t\t\t\t<a href='https:\/\/uenf.br\/extensao\/apoioeduenfagroecologia\/banco-de-imagens\/xv-mostra-de-extensao-uenf-uff-iff-vii-ufrrj-a-extensao-como-interacao-entre-o-desenvolvimento-sustentavel-e-a-producao-de-conhecimento\/bf72b62c-1e29-4262-aa39-9ec44bb3f7f4\/'><img loading=\"lazy\" decoding=\"async\" width=\"150\" height=\"150\" src=\"https:\/\/uenf.br\/extensao\/apoioeduenfagroecologia\/wp-content\/uploads\/sites\/5\/2024\/06\/bf72b62c-1e29-4262-aa39-9ec44bb3f7f4-150x150.jpeg\" class=\"attachment-thumbnail size-thumbnail\" alt=\"\" srcset=\"https:\/\/uenf.br\/extensao\/apoioeduenfagroecologia\/wp-content\/uploads\/sites\/5\/2024\/06\/bf72b62c-1e29-4262-aa39-9ec44bb3f7f4-150x150.jpeg 150w, https:\/\/uenf.br\/extensao\/apoioeduenfagroecologia\/wp-content\/uploads\/sites\/5\/2024\/06\/bf72b62c-1e29-4262-aa39-9ec44bb3f7f4-600x600.jpeg 600w\" sizes=\"auto, (max-width: 150px) 100vw, 150px\" \/><\/a>\n\t\t\t<\/div><\/figure>\n\t\t<\/div>\n\n","protected":false},"excerpt":{"rendered":"<p>OUTUBRO\/2024<\/p>\n","protected":false},"author":9,"featured_media":0,"parent":199,"menu_order":3,"comment_status":"closed","ping_status":"closed","template":"","meta":{"ocean_post_layout":"","ocean_both_sidebars_style":"","ocean_both_sidebars_content_width":0,"ocean_both_sidebars_sidebars_width":0,"ocean_sidebar":"","ocean_second_sidebar":"","ocean_disable_margins":"enable","ocean_add_body_class":"","ocean_shortcode_before_top_bar":"","ocean_shortcode_after_top_bar":"","ocean_shortcode_before_header":"","ocean_shortcode_after_header":"","ocean_has_shortcode":"","ocean_shortcode_after_title":"","ocean_shortcode_before_footer_widgets":"","ocean_shortcode_after_footer_widgets":"","ocean_shortcode_before_footer_bottom":"","ocean_shortcode_after_footer_bottom":"","ocean_display_top_bar":"default","ocean_display_header":"default","ocean_header_style":"","ocean_center_header_left_menu":"","ocean_custom_header_template":"","ocean_custom_logo":0,"ocean_custom_retina_logo":0,"ocean_custom_logo_max_width":0,"ocean_custom_logo_tablet_max_width":0,"ocean_custom_logo_mobile_max_width":0,"ocean_custom_logo_max_height":0,"ocean_custom_logo_tablet_max_height":0,"ocean_custom_logo_mobile_max_height":0,"ocean_header_custom_menu":"","ocean_menu_typo_font_family":"","ocean_menu_typo_font_subset":"","ocean_menu_typo_font_size":0,"ocean_menu_typo_font_size_tablet":0,"ocean_menu_typo_font_size_mobile":0,"ocean_menu_typo_font_size_unit":"px","ocean_menu_typo_font_weight":"","ocean_menu_typo_font_weight_tablet":"","ocean_menu_typo_font_weight_mobile":"","ocean_menu_typo_transform":"","ocean_menu_typo_transform_tablet":"","ocean_menu_typo_transform_mobile":"","ocean_menu_typo_line_height":0,"ocean_menu_typo_line_height_tablet":0,"ocean_menu_typo_line_height_mobile":0,"ocean_menu_typo_line_height_unit":"","ocean_menu_typo_spacing":0,"ocean_menu_typo_spacing_tablet":0,"ocean_menu_typo_spacing_mobile":0,"ocean_menu_typo_spacing_unit":"","ocean_menu_link_color":"","ocean_menu_link_color_hover":"","ocean_menu_link_color_active":"","ocean_menu_link_background":"","ocean_menu_link_hover_background":"","ocean_menu_link_active_background":"","ocean_menu_social_links_bg":"","ocean_menu_social_hover_links_bg":"","ocean_menu_social_links_color":"","ocean_menu_social_hover_links_color":"","ocean_disable_title":"default","ocean_disable_heading":"default","ocean_post_title":"","ocean_post_subheading":"","ocean_post_title_style":"","ocean_post_title_background_color":"","ocean_post_title_background":0,"ocean_post_title_bg_image_position":"","ocean_post_title_bg_image_attachment":"","ocean_post_title_bg_image_repeat":"","ocean_post_title_bg_image_size":"","ocean_post_title_height":0,"ocean_post_title_bg_overlay":0.5,"ocean_post_title_bg_overlay_color":"","ocean_disable_breadcrumbs":"default","ocean_breadcrumbs_color":"","ocean_breadcrumbs_separator_color":"","ocean_breadcrumbs_links_color":"","ocean_breadcrumbs_links_hover_color":"","ocean_display_footer_widgets":"default","ocean_display_footer_bottom":"default","ocean_custom_footer_template":"","footnotes":""},"class_list":["post-295","page","type-page","status-publish","hentry","entry"],"_links":{"self":[{"href":"https:\/\/uenf.br\/extensao\/apoioeduenfagroecologia\/wp-json\/wp\/v2\/pages\/295","targetHints":{"allow":["GET"]}}],"collection":[{"href":"https:\/\/uenf.br\/extensao\/apoioeduenfagroecologia\/wp-json\/wp\/v2\/pages"}],"about":[{"href":"https:\/\/uenf.br\/extensao\/apoioeduenfagroecologia\/wp-json\/wp\/v2\/types\/page"}],"author":[{"embeddable":true,"href":"https:\/\/uenf.br\/extensao\/apoioeduenfagroecologia\/wp-json\/wp\/v2\/users\/9"}],"replies":[{"embeddable":true,"href":"https:\/\/uenf.br\/extensao\/apoioeduenfagroecologia\/wp-json\/wp\/v2\/comments?post=295"}],"version-history":[{"count":3,"href":"https:\/\/uenf.br\/extensao\/apoioeduenfagroecologia\/wp-json\/wp\/v2\/pages\/295\/revisions"}],"predecessor-version":[{"id":297,"href":"https:\/\/uenf.br\/extensao\/apoioeduenfagroecologia\/wp-json\/wp\/v2\/pages\/295\/revisions\/297"}],"up":[{"embeddable":true,"href":"https:\/\/uenf.br\/extensao\/apoioeduenfagroecologia\/wp-json\/wp\/v2\/pages\/199"}],"wp:attachment":[{"href":"https:\/\/uenf.br\/extensao\/apoioeduenfagroecologia\/wp-json\/wp\/v2\/media?parent=295"}],"curies":[{"name":"wp","href":"https:\/\/api.w.org\/{rel}","templated":true}]}}