{"id":18,"date":"2013-07-22T18:07:35","date_gmt":"2013-07-22T18:07:35","guid":{"rendered":"http:\/\/uenf.br\/reitoria\/escolaextensao\/?page_id=18"},"modified":"2026-09-03T16:09:59","modified_gmt":"2026-09-03T19:09:59","slug":"legislacao","status":"publish","type":"page","link":"https:\/\/uenf.br\/extensao\/escolaextensao\/legislacao\/","title":{"rendered":"Legisla\u00e7\u00e3o"},"content":{"rendered":"<p><strong>Disp\u00f5e sobre o Regimento Interno da Escola de Extens\u00e3o da Universidade Estadual do Norte Fluminense Darcy Ribeiro &#8211; UENF e d\u00e1 outras provid\u00eancias<\/strong>. Resolu\u00e7\u00e3o CONSUNI n\u00ba 70 de 28 de agosto de 2026.\u00a0 <a href=\"https:\/\/uenf.br\/extensao\/wp-content\/uploads\/2026\/09\/Publicacao_140664398_03_09_2026_p7_e_8_Resol._CONSUNI_n__70_dispoe_sobre_regimento_interno_da_Escola_de_Extensao_da_UENF-1.pdf\">Resolu\u00e7\u00e3o CONSUNI n\u00ba 70 de 28 de agosto de 2026<\/a> (Revoga as Resolu\u00e7\u00f5es CONSUNI n\u00bas 004\/2011 e 003\/2012)<\/p>\n<p>&nbsp;<\/p>\n","protected":false},"excerpt":{"rendered":"<p>Disp\u00f5e sobre o Regimento Interno da Escola de Extens\u00e3o da Universidade Estadual do Norte Fluminense Darcy Ribeiro &#8211; UENF e&#8230;<\/p>\n","protected":false},"author":2,"featured_media":0,"parent":0,"menu_order":2,"comment_status":"open","ping_status":"open","template":"","meta":{"footnotes":""},"class_list":["post-18","page","type-page","status-publish","hentry"],"_links":{"self":[{"href":"https:\/\/uenf.br\/extensao\/escolaextensao\/wp-json\/wp\/v2\/pages\/18","targetHints":{"allow":["GET"]}}],"collection":[{"href":"https:\/\/uenf.br\/extensao\/escolaextensao\/wp-json\/wp\/v2\/pages"}],"about":[{"href":"https:\/\/uenf.br\/extensao\/escolaextensao\/wp-json\/wp\/v2\/types\/page"}],"author":[{"embeddable":true,"href":"https:\/\/uenf.br\/extensao\/escolaextensao\/wp-json\/wp\/v2\/users\/2"}],"replies":[{"embeddable":true,"href":"https:\/\/uenf.br\/extensao\/escolaextensao\/wp-json\/wp\/v2\/comments?post=18"}],"version-history":[{"count":1,"href":"https:\/\/uenf.br\/extensao\/escolaextensao\/wp-json\/wp\/v2\/pages\/18\/revisions"}],"predecessor-version":[{"id":509,"href":"https:\/\/uenf.br\/extensao\/escolaextensao\/wp-json\/wp\/v2\/pages\/18\/revisions\/509"}],"wp:attachment":[{"href":"https:\/\/uenf.br\/extensao\/escolaextensao\/wp-json\/wp\/v2\/media?parent=18"}],"curies":[{"name":"wp","href":"https:\/\/api.w.org\/{rel}","templated":true}]}}

Legislação

<p><strong>Dispõe sobre o Regimento Interno da Escola de Extensão da Universidade Estadual do Norte Fluminense Darcy Ribeiro &#8211; UENF e dá outras providências</strong>. Resolução CONSUNI nº 70 de 28 de agosto de 2026.  <a href="https://uenf.br/extensao/wp-content/uploads/2026/09/Publicacao_140664398_03_09_2026_p7_e_8_Resol._CONSUNI_n__70_dispoe_sobre_regimento_interno_da_Escola_de_Extensao_da_UENF-1.pdf">Resolução CONSUNI nº 70 de 28 de agosto de 2026</a> (Revoga as Resoluções CONSUNI nºs 004/2011 e 003/2012)</p>
<p>&nbsp;</p>

<p>Dispõe sobre o Regimento Interno da Escola de Extensão da Universidade Estadual do Norte Fluminense Darcy Ribeiro &#8211; UENF e&#8230;</p>
