{"id":103,"date":"2019-12-08T21:49:20","date_gmt":"2019-12-09T00:49:20","guid":{"rendered":"https:\/\/uenf.br\/graduacao\/agronomia\/?page_id=103"},"modified":"2025-06-26T10:28:12","modified_gmt":"2025-06-26T13:28:12","slug":"projeto-pedagogico-e-matriz-curricular","status":"publish","type":"page","link":"https:\/\/uenf.br\/graduacao\/agronomia\/projeto-pedagogico-e-matriz-curricular\/","title":{"rendered":"Projeto pedag\u00f3gico e matriz curricular"},"content":{"rendered":"<p>Informa\u00e7\u00f5es sobre projeto pedag\u00f3gico e matriz curricular do curso de Agronomia<\/p>\n<p><strong>Matriz da grade de 2015<\/strong><\/p>\n<ul>\n<li>Projeto pedag\u00f3gico de 2015 &#8211; <a href=\"https:\/\/drive.google.com\/file\/d\/1OwPFuZfCbXe2T2LXAkMovZIFRrKfSD8Q\/view?usp=drive_link\">clique aqui<\/a><\/li>\n<li>Matriz curricular de 2015 &#8211; <a href=\"https:\/\/drive.google.com\/file\/d\/1XWetkEHG1Aj_H98vigyuzOM0l1C1p2CW\/view?usp=drive_link\">clique aqui<\/a><\/li>\n<\/ul>\n<p><strong>Nova matriz do curso &#8211; grade a partir de 2023<\/strong><\/p>\n<ul>\n<li>Projeto pedag\u00f3gico de 2023 &#8211; <a href=\"https:\/\/drive.google.com\/file\/d\/1mHLjAZPcrUTShBJppe3i2rEdLJqtIwCW\/view?usp=drive_link\">clique aqui<\/a><\/li>\n<li>Matriz curricular de 2023 &#8211; <a href=\"https:\/\/drive.google.com\/file\/d\/19BzXaM8Kd7nhvRuc-sTvxcWeY-PUIepP\/view?usp=sharing\" target=\"_blank\" rel=\"noopener\">clique aqui<\/a><\/li>\n<\/ul>\n","protected":false},"excerpt":{"rendered":"<p>Informa\u00e7\u00f5es sobre projeto pedag\u00f3gico e matriz curricular do curso de Agronomia Matriz da grade de 2015 Projeto pedag\u00f3gico de 2015&#8230;<\/p>\n","protected":false},"author":10,"featured_media":0,"parent":0,"menu_order":4,"comment_status":"closed","ping_status":"closed","template":"","meta":{"footnotes":""},"class_list":["post-103","page","type-page","status-publish","hentry"],"_links":{"self":[{"href":"https:\/\/uenf.br\/graduacao\/agronomia\/wp-json\/wp\/v2\/pages\/103","targetHints":{"allow":["GET"]}}],"collection":[{"href":"https:\/\/uenf.br\/graduacao\/agronomia\/wp-json\/wp\/v2\/pages"}],"about":[{"href":"https:\/\/uenf.br\/graduacao\/agronomia\/wp-json\/wp\/v2\/types\/page"}],"author":[{"embeddable":true,"href":"https:\/\/uenf.br\/graduacao\/agronomia\/wp-json\/wp\/v2\/users\/10"}],"replies":[{"embeddable":true,"href":"https:\/\/uenf.br\/graduacao\/agronomia\/wp-json\/wp\/v2\/comments?post=103"}],"version-history":[{"count":0,"href":"https:\/\/uenf.br\/graduacao\/agronomia\/wp-json\/wp\/v2\/pages\/103\/revisions"}],"wp:attachment":[{"href":"https:\/\/uenf.br\/graduacao\/agronomia\/wp-json\/wp\/v2\/media?parent=103"}],"curies":[{"name":"wp","href":"https:\/\/api.w.org\/{rel}","templated":true}]}}