{"id":107,"date":"2019-12-08T22:14:20","date_gmt":"2019-12-09T01:14:20","guid":{"rendered":"https:\/\/uenf.br\/graduacao\/agronomia\/?page_id=107"},"modified":"2022-02-02T08:03:02","modified_gmt":"2022-02-02T11:03:02","slug":"atividades-academicas-tecnicas-e-cientificas","status":"publish","type":"page","link":"https:\/\/uenf.br\/graduacao\/agronomia\/informacoes\/atividades-academicas-tecnicas-e-cientificas\/","title":{"rendered":"Atividades acad\u00eamicas complementares"},"content":{"rendered":"<p>As Atividades Acad\u00eamicas Complementares (AAC) ter\u00e3o como objetivo o aproveitamento de atividades, habilidades, conhecimentos e compet\u00eancias desenvolvidas de forma complementar e extracurricular \u00e0 forma\u00e7\u00e3o do discente, inclusive aquelas adquiridas fora do ambiente acad\u00eamico.<\/p>\n<p>Coordenador: Prof. Gabriel Ramatis Pugliese Andrade &#8211; gabriel.andrade@uenf.br<\/p>\n","protected":false},"excerpt":{"rendered":"<p>As Atividades Acad\u00eamicas Complementares (AAC) ter\u00e3o como objetivo o aproveitamento de atividades, habilidades, conhecimentos e compet\u00eancias desenvolvidas de forma complementar&#8230;<\/p>\n","protected":false},"author":10,"featured_media":0,"parent":23,"menu_order":2,"comment_status":"closed","ping_status":"closed","template":"","meta":{"footnotes":""},"class_list":["post-107","page","type-page","status-publish","hentry"],"_links":{"self":[{"href":"https:\/\/uenf.br\/graduacao\/agronomia\/wp-json\/wp\/v2\/pages\/107","targetHints":{"allow":["GET"]}}],"collection":[{"href":"https:\/\/uenf.br\/graduacao\/agronomia\/wp-json\/wp\/v2\/pages"}],"about":[{"href":"https:\/\/uenf.br\/graduacao\/agronomia\/wp-json\/wp\/v2\/types\/page"}],"author":[{"embeddable":true,"href":"https:\/\/uenf.br\/graduacao\/agronomia\/wp-json\/wp\/v2\/users\/10"}],"replies":[{"embeddable":true,"href":"https:\/\/uenf.br\/graduacao\/agronomia\/wp-json\/wp\/v2\/comments?post=107"}],"version-history":[{"count":0,"href":"https:\/\/uenf.br\/graduacao\/agronomia\/wp-json\/wp\/v2\/pages\/107\/revisions"}],"up":[{"embeddable":true,"href":"https:\/\/uenf.br\/graduacao\/agronomia\/wp-json\/wp\/v2\/pages\/23"}],"wp:attachment":[{"href":"https:\/\/uenf.br\/graduacao\/agronomia\/wp-json\/wp\/v2\/media?parent=107"}],"curies":[{"name":"wp","href":"https:\/\/api.w.org\/{rel}","templated":true}]}}