{"id":516,"date":"2024-09-26T09:46:55","date_gmt":"2024-09-26T12:46:55","guid":{"rendered":"https:\/\/uenf.br\/graduacao\/agronomia\/?page_id=516"},"modified":"2025-06-26T15:26:15","modified_gmt":"2025-06-26T18:26:15","slug":"atividades-curriculares-de-extensao","status":"publish","type":"page","link":"https:\/\/uenf.br\/graduacao\/agronomia\/informacoes\/atividades-curriculares-de-extensao\/","title":{"rendered":"Atividades Curriculares de Extens\u00e3o"},"content":{"rendered":"<p>Atendendo \u00e0 Resolu\u00e7\u00e3o n.o 7 do CNE de 18 de dezembro de 2018, que\u00a0 estabelece as diretrizes para a Extens\u00e3o na Educa\u00e7\u00e3o Superior Brasileira, foi criada<br \/>\nna matriz curricular a exig\u00eancia Atividades Curriculares de Extens\u00e3o, para registrar o cumprimento de, no m\u00ednimo, 10% do total da carga hor\u00e1ria curricular estudantil dos cursos de gradua\u00e7\u00e3o para as atividades de extens\u00e3o. Aos estudantes, dever\u00e1 ser permitido participar de quaisquer atividades de extens\u00e3o, mantidas pela Universidade, respeitados os eventuais pr\u00e9-requisitos especificados nas normas pertinentes, e para o curso de Agronomia. E, de acordo com a Resolu\u00e7\u00e3o COLAC n.o 20\/2022, foram definidas as seguintes modalidades para orientar a extens\u00e3o universit\u00e1ria:<\/p>\n<p>\u2022 ACE I \u2013 Programas e Projetos<br \/>\n\u2022 ACE II \u2013 Cursos e Eventos<br \/>\n\u2022 ACE III- Presta\u00e7\u00e3o de Servi\u00e7o<br \/>\n\u2022 ACE IV- Disciplinas com Atividades Extensionistas.<\/p>\n<p><a href=\"https:\/\/drive.google.com\/file\/d\/1NwT8G58GVlnbatFnjfYTZq6qTgM2O19Z\/view?usp=drive_link\">Clique aqui<\/a><\/p>\n","protected":false},"excerpt":{"rendered":"<p>Atendendo \u00e0 Resolu\u00e7\u00e3o n.o 7 do CNE de 18 de dezembro de 2018, que\u00a0 estabelece as diretrizes para a Extens\u00e3o&#8230;<\/p>\n","protected":false},"author":10,"featured_media":0,"parent":23,"menu_order":0,"comment_status":"closed","ping_status":"closed","template":"","meta":{"footnotes":""},"class_list":["post-516","page","type-page","status-publish","hentry"],"_links":{"self":[{"href":"https:\/\/uenf.br\/graduacao\/agronomia\/wp-json\/wp\/v2\/pages\/516","targetHints":{"allow":["GET"]}}],"collection":[{"href":"https:\/\/uenf.br\/graduacao\/agronomia\/wp-json\/wp\/v2\/pages"}],"about":[{"href":"https:\/\/uenf.br\/graduacao\/agronomia\/wp-json\/wp\/v2\/types\/page"}],"author":[{"embeddable":true,"href":"https:\/\/uenf.br\/graduacao\/agronomia\/wp-json\/wp\/v2\/users\/10"}],"replies":[{"embeddable":true,"href":"https:\/\/uenf.br\/graduacao\/agronomia\/wp-json\/wp\/v2\/comments?post=516"}],"version-history":[{"count":0,"href":"https:\/\/uenf.br\/graduacao\/agronomia\/wp-json\/wp\/v2\/pages\/516\/revisions"}],"up":[{"embeddable":true,"href":"https:\/\/uenf.br\/graduacao\/agronomia\/wp-json\/wp\/v2\/pages\/23"}],"wp:attachment":[{"href":"https:\/\/uenf.br\/graduacao\/agronomia\/wp-json\/wp\/v2\/media?parent=516"}],"curies":[{"name":"wp","href":"https:\/\/api.w.org\/{rel}","templated":true}]}}