{"id":326,"date":"2014-08-04T14:18:24","date_gmt":"2014-08-04T17:18:24","guid":{"rendered":"https:\/\/uenf.br\/graduacao\/biologia\/?page_id=326"},"modified":"2025-06-11T09:08:57","modified_gmt":"2025-06-11T12:08:57","slug":"corpo-docente-e-seus-respectivos-laboratorios","status":"publish","type":"page","link":"https:\/\/uenf.br\/graduacao\/biologia\/corpo-docente-e-seus-respectivos-laboratorios\/","title":{"rendered":"Corpo docente e seus respectivos laborat\u00f3rios"},"content":{"rendered":"<div><b>Listagem de Professores<\/b>::<\/div>\n<div><\/div>\n<div><b>\u00a0<\/b><b>Laborat\u00f3rio de Ci\u00eancias Ambientais &#8211; LCA <\/b><\/div>\n<div>\n<ul>\n<li>Dra. \u00c2ngela Pierre Vit\u00f3ria &#8211; <a href=\"http:\/\/buscatextual.cnpq.br\/buscatextual\/visualizacv.do?id=K4799823D5\">Curr\u00edculo<\/a> &#8211; <a href=\"mailto:apvitoria@uenf.br\">apvitoria@<\/a><a href=\"mailto:apvitoria@uenf.br\">uenf.br<\/a><\/li>\n<li>Dra. Caryne Aparecida de Carvalho Braga (Coordenadora de Extens\u00e3o\/CBB)- <a href=\"http:\/\/buscatextual.cnpq.br\/buscatextual\/visualizacv.do?id=K4257814P4&amp;tokenCaptchar=03AGdBq25_v4CTcRdhA1NEZKN7-vuv6jyEBK21VFbKdl9x1Q2SEFHKStKQmbiKtz-qEt7ZaJBc2WB3h4f_RIdoJQtSUZZfiuVW10qcuUnNtPPkP00rtFEO383STY9GdduN9f-JpZertbqruS3F5UYA5w1d4VERaeYhYDipGTu1hvhuXqIHhKF2VhLKguQtQ99QuMwP4R_Xiv2x1lMh_3oAn9QOBN5WvX4x2ZzQEfPDXPdOC3CkFGdkwcbethHy7cR_wZeulXRpFW_1-B4UKlONKzWgj9oY7DdS5ebU6T85HAOd6RCs8umr3WmeqoggAba5UMXW5Lx1J_-4PbD0woHehLpOkkZcl8Gmre02sX--u8XUk9HwsYcHcMVup70p0epibKklY9bRSVjKTv-1BKVMNUCndREW4TjNhDYM1GOAvqh_Ai88RCmuRaDvkSIbzNl1_rTKwAYCWu9UDyvvGD3PL_Ls3ozJjuoabg\">Curr\u00edculo<\/a> &#8211; caryne@uenf.br<\/li>\n<li>Dr. Carlos Eduardo de Rezende\u00a0 \u2013 <a href=\"http:\/\/buscatextual.cnpq.br\/buscatextual\/visualizacv.do?id=K4786531E0\">Curr\u00edculo<\/a> &#8211; <a href=\"mailto:crezende@uenf.br\">crezende@uenf.br<\/a><\/li>\n<li>Dr. Carlos Eduardo Veiga de Carvalho\u00a0 \u2013 <a href=\"http:\/\/buscatextual.cnpq.br\/buscatextual\/visualizacv.do?id=K4782459A0\">Curr\u00edculo<\/a> &#8211; carvalho@uenf.br<\/li>\n<li>Dr. Carlos Ramon Ruiz-Miranda \u2013 <a href=\"http:\/\/buscatextual.cnpq.br\/buscatextual\/visualizacv.do?id=K4703660Z1\">Curr\u00edculo<\/a> &#8211; <a href=\"mailto:cruiz@uenf.br\">cruiz@uenf.br<\/a><\/li>\n<li>Dr. C\u00e9sar Augusto Marcelino Mendes Cordeiro\u00a0 &#8211; <a href=\"http:\/\/buscatextual.cnpq.br\/buscatextual\/visualizacv.do?id=K4735565Y2&amp;tokenCaptchar=03AGdBq25jSJRyct4hiSZkVx2xSFj-D-WHbNpa2rKnA4egHKYy6Q7BJRg2V3aDuzoj2f7zxS9LDiMN1Rkvfg3XX3VJpmF234Cn3ckVKp2CRoahOTLUHW4FyZhfppoqZiimlf9m47STAchU28yYaNoEJ_CzmsSmTcxaEtWN-XlHu81jttF-Y2aTRqjDgbAZj-XZVX5SiCs08tea2_Oje5jvSJ6z-KLRaPd9LmQEpD1RFC7HnzaXa_NOFjSV8-Q1lYLpPPYYZU9TQUudt7MpDX2wW9nGpVCDCQJScaOBo2zO-FAu7PhRN-96Z_2FezJFrjufAd_i-5EHcqX_PjCoWBlBpi_Z93ouv4q6i77LEK_mUhFIdSM4hlOOXXIXrE0bvurfkAa0f75vzE0ErDMCe_LUrnIJSS7US_nxSGxhiLiCzShyt5QukgB4QeYIMQvmpZi6jw-_oY4af__DVai-Hr7iZ-DE6h1KXQ1m-A\">Curr\u00edculo<\/a> &#8211; cesarcordeiro@uenf.br<\/li>\n<li>Dr. Diego Lacerda de Souza &#8211;\u00a0 <a href=\"https:\/\/buscatextual.cnpq.br\/buscatextual\/visualizacv.do?id=K4307817U5&amp;tokenCaptchar=03AFcWeA6EcRc29RJIjfJjNp2iGsD_XBtXxsWFLE68DNm3juDik-zL9wNUY7r5UGsu8IOT6ycx1k5OeC7CxSh0RyUezC2CbeNSkhERMfLnoEL0G9apMglUjAS-f7BZO27BjsiJw1yrpADp-HikCcZzP5zz2oBbP2-zEskeV3GWmtkKbfCa0r5rBoO7pl3zTd-hcyIuPlNp7Oiul-TOSO8BrNNHVGpZNSvV1tYgXVomSb1e43WGjq0-55FRyXEo-kaO0iFiQAeyGx50Vc1p_HV4SBvKpxRhnZK3pt7yLvl7F3BbOr7h4BqrIc0w-YCI09jfWHmxQup4Wp3eKq0iAkBL-Qd1DGjutLe8GJ7kU2DWo0ef7qna4Bjb1GisFTrmPU1cnBAslxE_gfhfzHRtLO2Ntm-046_6CvHo66R5BasCAXmZyw5B1fOQ4UdtImndOT09dUQFYfwrpu1H9zYIMzrF4ar_ZW3IpDqKjqB50cAwUAbYE55I3rkSb36C01us6kYDVOAngu4UQbB9VGuNgCM5Z1ijcHTK2Z2IVIWpycHZC2ftc_JA8bwTJy6aAwXNPxWCJHRepyfnpl6y8GQNieL76Rpkeal4ncqfxjF-4SWsUK3beUDuQeqEBFNMlpfA0E4eWd-mNcuJDTGKhuay8ppnz3ciRbRMixESAQSr8i9EXy7dJnW3LJ1NWKSUGjxSWqlgfu3lN5vTqhrm04YtYwXbEnXy65a-e-YYNCL6qbf2bPFxpyFVamLdcxVwtkwuqc4TTtEw0HB4O2nmzNSn1EG5Zgnpe4buUm4FZOlO_O_yP2oEnku1QlpH7IePew0PO3urFiL1W12ePYdQNtTASd1s3PaXTA3N-kndZY8jUP_fGJQwr1c52LXBEvp3CDHAVsx43asgwvYG3tYeTBnvKWr5imwBdd6A4zQnr7PEczgQISNU-37wLW5R2NS1aJEFWtzRpXxVmf8VEuTWUa4oUiVSForhy_--uDBm6Q\">Curr\u00edculo<\/a> &#8211; diegoladerda@uenf.br<\/li>\n<li>Dra. Dora Maria Vilela Jos\u00e9\u00a0\u2013 Curr\u00edculo &#8211; <a href=\"mailto:dora@uenf.br\">dora@uenf.br<\/a><\/li>\n<li>Dra. Ilana Rosental Zalmon \u2013 <a href=\"http:\/\/buscatextual.cnpq.br\/buscatextual\/visualizacv.do?id=K4780841Y0\">Curr\u00edculo<\/a> &#8211; <a href=\"mailto:ilana@uenf.br\">ilana@uenf.br<\/a><\/li>\n<li>Dr. Leandro Monteiro Rabello \u2013 <a href=\"http:\/\/buscatextual.cnpq.br\/buscatextual\/visualizacv.do?id=K4799228J9\">Curr\u00edculo<\/a> &#8211; <a href=\"mailto:lrmont@uenf.br\">lrmont@uenf.br<\/a><\/li>\n<li>Dr. Marcelo Trindade do Nascimento (Chefe de Laborat\u00f3rio) \u2013 <a href=\"http:\/\/buscatextual.cnpq.br\/buscatextual\/visualizacv.do?id=K4787771J5\">Curr\u00edculo<\/a> &#8211; <a href=\"mailto:mtn@uenf.b\">mtn@uenf.br<\/a><\/li>\n<li>Dr. Marcos Sarmet Moreira de Barros Salom\u00e3o \u2013 <a href=\"http:\/\/buscatextual.cnpq.br\/buscatextual\/visualizacv.do?id=K4736724Y7\">Curr\u00edculo<\/a> &#8211; <a href=\"mailto:salomao@uenf.br\">salomao@uenf.br<\/a><\/li>\n<li>Dra. Maria Cristina Gaglianone (Coordenadora de P\u00f3s-Gradua\u00e7\u00e3o em Ecologia) \u2013 <a href=\"http:\/\/buscatextual.cnpq.br\/buscatextual\/visualizacv.do?id=K4784564U4\">Curr\u00edculo<\/a> &#8211; <a href=\"mailto:mcrisgag@uenf.br\">mcrisgag@uenf.br<\/a><\/li>\n<li>Dra. Marina Satika Suzuki \u00a0(Diretora\/CBB) \u2013 <a href=\"http:\/\/buscatextual.cnpq.br\/buscatextual\/visualizacv.do?id=K4784185P6\">Curr\u00edculo<\/a> &#8211; <a href=\"mailto:marina@uenf.br\">marina@uenf.br<\/a><\/li>\n<li>Dr. Paulo Pedrosa Andrade \u2013 <a href=\"http:\/\/buscatextual.cnpq.br\/buscatextual\/visualizacv.do?id=K4792974Y0\">Curr\u00edculo<\/a> &#8211; <a href=\"mailto:pedrosa@uenf.br\">pedrosa@uenf.br<\/a><\/li>\n<\/ul>\n<div><b>Laborat\u00f3rio de Biologia Celular e Tecidual &#8211; LBCT<\/b><\/div>\n<div>\n<ul>\n<li>Dr. Ant\u00f4nio Jesus Dorighetto Cogo &#8211; <a href=\"https:\/\/buscatextual.cnpq.br\/buscatextual\/visualizacv.do?id=K4427653D0&amp;tokenCaptchar=03AFcWeA42Y7pEh8IzE5MDp6VIkam8iqTjyxjUcwYY700gMomVAndQZOzzgQCdylOZsASqJLKh4Q3B-JcNMVjyZrlqoWyXbK3zUeURvlXWM_jYAz-nVtxVSDhbXSIhm6-KCPKUoeF37NIsdcqZ-5ZgZ-7FZpPI6Ykz0cm2o62ePCpd_VvcVPiqfHKHMMBKscuVEWZ3AiTUYu1VhebINCUIQXJnjSzZGyKRkC89f5XvKEBD76_KqcFKA7ZO4Akt1iv4UAX5NtSZyN2hIQTjMvcEJc3WRfjMB_WA1FBBesoS6f_O8ps9nWhFTOgKU3-OmGILVorDRU8YWlL_sYflZtnY5F80sY2bbGhY5EbTIGbiQF3YIEr57lxya15bayLiNZ6i-DClk4YPmR1O4nGHfuiPrv5HAZmY8FEF9lSWXXKnjW8WZURlr_txfdKyw7uYDXrUI4-_SAnXjoXbrFRiBP3zHSHjYVn20d4U2rCA0YPAjOdidklLaaUEufbHd4b2Sz9VsCX_4NZcYE5xNpjdXkpirmV1TcR6Nc6_Mo-SPksTzrEEabdWcjeWVPBS6O0gn8HMt5j10VV8ZaDi\">Curr\u00edculo<\/a> &#8211; antoniocogo@uenf.br<\/li>\n<li>Dr. Arnoldo Rocha Fa\u00e7anha\u00a0 &#8211; <a href=\"http:\/\/buscatextual.cnpq.br\/buscatextual\/visualizacv.do?id=K4723483Y8\">Curr\u00edculo<\/a> &#8211; <a href=\"mailto:arnoldo@uenf.br\">arnoldo@uenf.br<\/a><\/li>\n<li>Dr. Arthur Giraldi &#8211; <a href=\"http:\/\/buscatextual.cnpq.br\/buscatextual\/visualizacv.do?id=K4790983T3\">Curr\u00edculo<\/a> &#8211; <a href=\"mailto:a.giraldi@ig.com.br\">agiraldi@uenf.br<\/a><\/li>\n<li>Dra Claudete Santa Catarina (Coordenadora de P\u00f3s-Gradua\u00e7\u00e3o Em Biotecnologia) \u00a0 &#8211; <a href=\"http:\/\/buscatextual.cnpq.br\/buscatextual\/visualizacv.do?id=K4795713H6\">Curr\u00edculo<\/a> &#8211; <a href=\"mailto:claudete@uenf.br\">claudete@uenf.br<\/a><\/li>\n<li>Dr. Cl\u00f3vis de Paula (Chefe do Biot\u00e9rio) &#8211; <a href=\"http:\/\/buscatextual.cnpq.br\/buscatextual\/visualizacv.do?id=K4728129T1\">Curr\u00edculo<\/a> &#8211; <a href=\"mailto:cps@uenf.br\">cps@uenf.br<\/a><\/li>\n<li>Dr. Ed\u00e9sio Jos\u00e9 Ten\u00f3rio Santos &#8211; <a href=\"http:\/\/buscatextual.cnpq.br\/buscatextual\/visualizacv.do?id=K4786242H9\">Curr\u00edculo<\/a> &#8211; <a href=\"mailto:ejtm1202@gmail.com\">ejtm@uenf.br<\/a><\/li>\n<li>Dr. F\u00e1bio Lopes Olivares\u00a0 &#8211; <a href=\"http:\/\/buscatextual.cnpq.br\/buscatextual\/visualizacv.do?id=K4727053P7\">Curr\u00edculo<\/a> &#8211; <a href=\"mailto:fabioliv@uenf.br\">fabioliv@uenf.br<\/a><\/li>\n<li>Dr. Glauber Monteiro Dias &#8211; <a href=\"http:\/\/buscatextual.cnpq.br\/buscatextual\/visualizacv.do?id=K4775436Z8&amp;tokenCaptchar=03AGdBq26wmZewF-T3zh1BnAxxsBoMhyFb3e556a10yclsdgoqe-D_utEwTVQNBVDP6e8YgpULP45P69JPL6ktu42In2ar5AD016_IhHpe49VZ60UdyHKzZ-vWKrpXdPvrPwLwjv9fRRk4TBSp4NbQZgFkLzcEIV2rp1sQUEm8ibppOoJxB8E-vPBVfNEjsgWzmNGAkVGVA4zg6FzJbLbeYl_JDfmCGHTUuc482dUXb0kqiQ23K4ThAe99OTNwdgV4cP0fF5lLcDIFGgTww9zAvpFTOg-EGq5ZaNgIkDLTJxewbz2SjjxrW8ZHoeCyKt0Ycy-eT0h8bwF59uFgugcjGmeCFA4gVmUlEhRvqLnNRlapz5_lgYJbFSBCz0wmo3NU3RHUErGdOHOIfwTUjZichI3r4vbsIMxBhwDsyOaGzldu2gcBPjrvivyariFkhDm7zkuxbtTczL7nxxpCk8ksFJySytecmZT1Qw\">Curr\u00edculo<\/a> &#8211; glauber@uenf.br<\/li>\n<li>Dra Maura da Cunha (Chefe do LBCT)\u00a0 &#8211; <a href=\"http:\/\/buscatextual.cnpq.br\/buscatextual\/visualizacv.do?id=K4790366Y5\">Curr\u00edculo<\/a> &#8211; <a href=\"mailto:maura@uenf.br\">maura@uenf.br<\/a><\/li>\n<li>Dr. Renato Augusto DaMatta &#8211; <a href=\"http:\/\/buscatextual.cnpq.br\/buscatextual\/visualizacv.do?id=K4721285U3\">Curr\u00edculo<\/a> &#8211; <a href=\"mailto:renato@uenf.br\">renato@uenf.br<\/a><\/li>\n<li>Dr. S\u00e9rgio Henrique Seabra &#8211; <a href=\"http:\/\/buscatextual.cnpq.br\/buscatextual\/visualizacv.do?id=K4794282D4&amp;tokenCaptchar=03AGdBq25SyTZfxNn2l5JvenwAcaq5NK44UpfpjuPY38LXDj54WkDFF2mIR0RcjHTFbB8X3Bwyz-qBIJoaCfu82XFN58DUmYUciHU1xzR0pAjwYwqU49prlBEjkdI-cYYFNkdnlij23UDsYgHDNGpWd2bBwycDVbh_freVFF1Ms-xl2KGO0U3Kye7cFjDskZ1WlCktcmTHFJHtyGu0hD2av0lZsnjTXhqLJS3C44VhsPyzWfw9uiknNVts39fobPQ2xCcysQWhI_PwwUJrb9MFIKUGjgmbTstunL1ANkZKCMy7idjU_gm5WAoUc-TQfrXJlVLoFYYFLwL4wLasvaI1AuLkjfhy2r0MwCJHTcl_V0exh9XTxRhjEXa89RX0SSV2Z_XXCWOSTpF-ID1G7mD-hUJsKpFmvkOwGnhaPhQeSmgeEEkSB65yBg-ghnVcQRSdFrC7BsYCN9S4D_OS25QbL1pIFnf8r7YRIA\">Curr\u00edculo<\/a> &#8211; seabrash@uenf.br<\/li>\n<li>Dr. Sheila Esp\u00edrito Santo Ara\u00fajo &#8211; <a href=\"http:\/\/buscatextual.cnpq.br\/buscatextual\/visualizacv.do?id=K4167227D4&amp;tokenCaptchar=03AGdBq25XfpktAneOzbC73yWZk3elS-kkfA4MO_EKYGSKIkUW64RdaC1aFLajysyvVRGGqKPlnuCjUdVubeGnUmavVaIU4s_Kcq_TFY74fMQj_shwjXC5C22esEoYiGAepsaf5cw3GlrhWYxuxPG-YjZVIvbogUtuHiwGfcDaK9rCI2VYNjUKKm3xHsFTI83emRW1oF4v00AkpiKF22DP77xOcTDpKcRbfgkw3NwRnYQxgkDJZn1v2NqiWkUPR7iKnN09TiCTBJjbSpkKJDySGj1gXBqpz9feLrpFS8m7Yxup-l5FOut8FI71Uafc8ynXVFpVtJlxXsg8vdWu24x7VcKh57e531cntxW6ONcQFQWESyUfaqMjgUUOj_bJtKfJULtDdO8QVPH_CpGtazn-xxJfbPlvyZcw1iOxJOtd1kVmCR-nLSAVIIKxquUpB9CD5oJK72AuCk3oEFYA7GdH0zvVLExRzoBkFg\">Curr\u00edculo<\/a> &#8211; espiritosanto.sheila@uenf.br<\/li>\n<li>Dr. Vitor Batista Pinto &#8211; <a href=\"https:\/\/buscatextual.cnpq.br\/buscatextual\/visualizacv.do?id=K4457090Z6&amp;tokenCaptchar=03AKH6MRG-lvxJv9dyDijjYEH1K-QhfkSMDAhNwataetiUKqPLtADkFzTweyTmYOeHDnIPEgNdqePzPjSZ-1L-ziIwfsnXt-drhFO917OUT8MQLp34Zh75FUf3bi-R1tvCTrGf3LpHcNOM-4q3wehy6Vpv-Ld349GM6yFYIuevY3U1KSeW__-vz50cf1b00KDqnRzuDCogukQibEiduFbXGarNw1vlZITHEOzC-BaWVLulCfiUB2sosXac1j2zm5RND0A10qi1l6eimce7-Ldw7ZX7oomtpdcJiRM8KiB8LnQ3DI4n2zmQbNHGePFm5UOPIGpidODsTL94k9dpQnaI5MlwtR-PRppkKoD0WaIXxI-34xG-X8ygzA5NB_7Slc9mmUe_WVoBOGhHhlsh5-QfojSoYmsfjnOOCHhhthMh1ai1tKZr8Jp2lO7sMQ8Rqb7qYJQWKZlH_dsk1CNg3iE27RxbhA5Ab1vCMtOhOmQ5rkwGyIdzv2Mdpu3-LHVCbY13Fssrjp3ZoYKonktB2IEKP936y0eabWyywL--CkQnou8OULWDQENQfPY\">Curr\u00edculo<\/a> &#8211; vitorbp@uenf.br<\/li>\n<\/ul>\n<\/div>\n<div><b>Laborat\u00f3rio de Biologia do Reconhecer &#8211; LBR <\/b><\/div>\n<div>\n<ul>\n<li>Dra. Alba Luc\u00ednia Peixoto Rangel (Chefe do LBR) \u2013 <a href=\"http:\/\/buscatextual.cnpq.br\/buscatextual\/visualizacv.do?id=K4707762E1\">Curr\u00edculo<\/a> &#8211; <a href=\"mailto:alba_peixoto@yahoo.com.br\">alba@uenf.br<\/a><\/li>\n<li>Dra. Elena Lassounskaia \u2013 <a href=\"http:\/\/buscatextual.cnpq.br\/buscatextual\/visualizacv.do?id=K4792380U6\">Curr\u00edculo<\/a> &#8211; <a href=\"mailto:elena@uenf.br\">elena@uenf.br<\/a><\/li>\n<li>Dra. Elisangela Costa da Silva &#8211; <a href=\"http:\/\/buscatextual.cnpq.br\/buscatextual\/visualizacv.do?id=K4763322T5\">Curr\u00edculo<\/a> -elisangela.silva@uenf.br<\/li>\n<li>Dr. Jorge Hudson Petreski (Coordenador do curso de Ci\u00eancias Biol\u00f3gicas\/Licenciatura)\u2013 <a href=\"http:\/\/buscatextual.cnpq.br\/buscatextual\/visualizacv.do?id=K4780142E3\">Curr\u00edculo<\/a> &#8211; <a href=\"mailto:jorgehp@uenf.br\">jorgehp@uenf.br<\/a><\/li>\n<li>Dr. Milton Masahiko Kanashiro\u00a0 \u2013 <a href=\"http:\/\/buscatextual.cnpq.br\/buscatextual\/visualizacv.do?id=K4782550P6\">Curr\u00edculo<\/a> &#8211; <a href=\"mailto:kmilton@uenf.br\">kmilton@uenf.br<\/a><\/li>\n<li>Dra. Thatiana Lopes Bi\u00e1 Ventura Sim\u00e3o &#8211; <a href=\"https:\/\/buscatextual.cnpq.br\/buscatextual\/visualizacv.do?id=K4242935A7&amp;tokenCaptchar=03AKH6MRGWlcCqTPTcpr1e7Q1x314LSKqm7GOtGgBWg6SyJi8Yf-1k2OaJ5CRNFjITFTsptdLrRyD9abeFRBnDUW5Suy3MrfLWVWNg8XHH7dvP_oFGZgh3ocTgBcZ8fJGLMy8bBgqpm8jUfZxi4xnYGB-o7f7MKHy3IxBKS2TUlyR8mhjwvQk_T7exmISMAGTEm-B-sXsJJdTlJRSXWvPSVJdpi5owe2Sark2cPd2H8BuNR6l0SJmCb-teyUcdW4YVNshWTRmniuGCjb_BvKla8SriBR5JmJ06faKmwisy94ot7Y2KBZTsetvh040OXa1eOOdPkPMIlpPmX2Yr1eSwlxF8WyfS6GxlQw1yYz1U-Adl7acoLIp71vC5LWJoaFHva9znZFb_yTwfcb6_hx8waKYj6HrzZVMHKKxfb8tcr7ZbiUq7-Im-S4utm0hyhtjs24C5KDaul1AIWC_WQogzPaNCJFW4k3UJ3bpQ5eV6LCbcZbMmS79RvaZwdcwqcHZkYzx9-IVyYYqhDxS8Xw5v1e94QvPHa4Htzd9w_1MLhd54DqkJPlvSu58\">Curr\u00edculo<\/a> &#8211;\u00a0 thativentura@yahoo.com.br<\/li>\n<\/ul>\n<\/div>\n<div><b>Laborat\u00f3rio de Biotecnologia &#8211; LBT<\/b><\/div>\n<div>\n<div>\n<ul>\n<li>Dr. \u00c1lvaro Fabr\u00edcio Lopes Rios \u2013\u00a0<a href=\"http:\/\/buscatextual.cnpq.br\/buscatextual\/visualizacv.do?id=K4779869P9\">Curr\u00edculo<\/a>\u00a0&#8211;\u00a0<a href=\"mailto:aflrios@yahoo.com.br\">aflrios@uenf.br<\/a><\/li>\n<li>Dra. Ana Beatriz Garcia (Coordenadora do curso de Ci\u00eancias Biol\u00f3gicas\/bacharelado) \u2013 <a href=\"http:\/\/buscatextual.cnpq.br\/buscatextual\/visualizacv.do?id=K4787091D2\">Curr\u00edculo<\/a>\u00a0&#8211; <a href=\"mailto:abgarcia@uenf.br\">abgarcia@uenf.br<\/a><\/li>\n<li>Dr. Enrique Medina-Acosta \u2013 <a href=\"http:\/\/buscatextual.cnpq.br\/buscatextual\/visualizacv.do?id=K4792216T3\">Curr\u00edculo<\/a>\u00a0&#8211;\u00a0<a href=\"mailto:quique@uenf.br\">quique@uenf.br<\/a><\/li>\n<li>Dr. Francisco Jos\u00e9 Alves Lemos \u2013 <a href=\"http:\/\/buscatextual.cnpq.br\/buscatextual\/visualizacv.do?id=K4785993T3\">Curr\u00edculo<\/a>\u00a0&#8211;<a href=\"mailto:franze@uenf.br\">franze@uenf.br<\/a><\/li>\n<li>Dr. Gon\u00e7alo Apolin\u00e1rio de Souza Filho\u00a0 \u2013 <a href=\"http:\/\/buscatextual.cnpq.br\/buscatextual\/visualizacv.do?id=K4723995A1\">Curr\u00edculo<\/a>\u00a0&#8211;<a href=\"mailto:goncalos@uenf.br\">goncalos@uenf.br<\/a><\/li>\n<li>Dra. Mar\u00edlia Amorim Berbert de Molina \u2013\u00a0<a href=\"http:\/\/buscatextual.cnpq.br\/buscatextual\/visualizacv.do?id=K4728963P6\">Curr\u00edculo<\/a>\u00a0&#8211;\u00a0<a href=\"mailto:mberbert@uenf.br\">mberbert@uenf.br<\/a><\/li>\n<li>Dra. T\u00e2nia Jacinto Freitas da Silva \u00a0\u2013\u00a0<a href=\"http:\/\/buscatextual.cnpq.br\/buscatextual\/visualizacv.do?id=K4785067E2\">Curr\u00edculo<\/a>\u00a0&#8211;\u00a0<a href=\"mailto:jacintot_uenf@yahoo.com.br\">taniavs@uenf.br<\/a><\/li>\n<li>Dr. Vanildo Silveira (Diretor de Centro) \u2013 <a href=\"http:\/\/buscatextual.cnpq.br\/buscatextual\/visualizacv.do?id=K4795312T0\">Curr\u00edculo<\/a>\u00a0&#8211;\u00a0<a href=\"mailto:vanildo@uenf.br\">vanildo@uenf.br<\/a><\/li>\n<li>Dr. Victor Martin Quintana Flores\u00a0 (Chefe de Laborat\u00f3rio) \u2013 <a href=\"http:\/\/buscatextual.cnpq.br\/buscatextual\/visualizacv.do?id=K4701361E7\">Curr\u00edculo<\/a>\u2013\u00a0<a href=\"martin@uenf.br\">martin@uenf.br<\/a><\/li>\n<\/ul>\n<\/div>\n<div>\u00a0<b>Laborat\u00f3rio de Qu\u00edmica e Fun\u00e7\u00e3o de Prote\u00ednas e Pept\u00eddeos\u00a0&#8211; LQFPP<\/b><\/div>\n<\/div>\n<div>\n<ul>\n<li>Dra. Ana Eliza Zeraik &#8211; <a href=\"http:\/\/buscatextual.cnpq.br\/buscatextual\/visualizacv.do?id=K4744455A7&amp;tokenCaptchar=03AGdBq25mM3EO2Imj4MbrRCDuXZ_MSc7a602lDfTpjC1plUVYNwU5PDWX13M1BedXusEsGIAXCy_vr9npQ-P6qt3mFIfC2GZ5wQqqRC1qZdsJNBQPXNUHPgUn-2ol4Ty9FMVoFx8K02b4ShclqCThcFEREbKW5y5Wc4mvbpxhjdbnx3veW56rAZkkABlMsW5K0WSElMig_F47rg9S-1mW2CJB4Asv7_t4BtGygxx-4Ex_lBCjf9b1B9fBJcSH5qIFVRpPkOK-kRwzv_ZbZcHccx4LEqjWH8nF58NXpcit-DyQrboXww34C8ZGYbpQNtNHgohIpYjdlejwmrlKD1UnYH84CaArjF-UXoTx9h-F7l-44BTga7eXuV7PpyPPxbVptEcJwC7orrUYRsSEUpZk6V6jPHGMJedCABgPl3qZKrnOBi-Abezx8nEgFv394dhptYQQ4OWWcqEXz2nYOWa6rtcIT0XcKDShdg\">Curr\u00edculo<\/a> &#8211; anazeraik@uenf.br<\/li>\n<li>Dra. Antonia Elenir Am\u00e2ncio Oliveira \u2013 <a href=\"http:\/\/buscatextual.cnpq.br\/buscatextual\/visualizacv.do?id=K4791338J6\">Curr\u00edculo<\/a> &#8211; <a href=\"mailto:elenir@uenf.br\">elenir@uenf.br<\/a><\/li>\n<li>Dra. Cl\u00edcia Grativol Gaspar &#8211; <a href=\"http:\/\/buscatextual.cnpq.br\/buscatextual\/visualizacv.do?id=K4238328H9&amp;tokenCaptchar=03AGdBq27N5vIX4FuDkc3gc97fL6OuRWXj91wJnC5Vvle5jizRta4avdZ2OXv3gG62S-odI77Fg_i7Wj6YfxZ5zqlTxTvaskRAmwdrj7Rjfxl7Md9_LPMJueLVtl0CCDmB9glmherdoB4Z8rLANiMgaNdIOAoCZCZKlzXw9sk1qrsFDk49RlYR8VUumTDCjfLgLSqSbHxZY_OET1OxvZX11bBRH6nQSoK-MEUbT-_K3KM6dQcCv_j7lLb4TN1WJsIG4502d543So6-_vyYgLJNFdl6-QZWox09oFPZCX0UGLVKSNguAmchAvXhMZw7fhckn5ZVWOhYi2w4t3zl_soGDKDNYS5n8ECHjiV1iznpAUt8tC87afeHg_Ny5Hh3FjYEvRbhFUE-d6HEYWPZNIc7wKKdWagmqv8xLivEQUTEr36DgqXVCs8Cfb9XG3GHn8GOImnpoeWFqYM_fxo5r0JpLTSepXyEOTI7xg\">Curr\u00edculo<\/a> &#8211; cgrativol@uenf.br<\/li>\n<li>Dr. Felipe Astolpho de Almeida &#8211; <a href=\"https:\/\/buscatextual.cnpq.br\/buscatextual\/visualizacv.do?id=K4312597J5&amp;tokenCaptchar=03AL8dmw8Ugb9Zh1UGysjkq2wH8jONM2gfIdGr3DRKcN2jL6dZYL10s8nGzXG1MTJ60w2x62FwTfVsw7ngOc-KQHayOK4EjPpFw8_aDv26PU10m6nbSAWPr2Z9pBnA3eqOMqgSrMuy5UuZavxkatWdhzTI6sCeKnCqUh85h_hvxoMMF9QNKZxh2MZPJSEAKkQ0vXWw3dB4Sh3R-B1Mzzlr-8xtQz9kfuUzoP-fbDMnrHQLSpTl2Wo0n0BBSM-8BQ0e8OZ5_bGFpJbN-zMFmQ7PIyjooabGySmMFEnylbFza8_OUzAuZK8WMBm4Pffmi5UHZ02z0D3uA3kfgNYJP1orynk7Z5DAbbaFGsMhiWDbDpWV_a348_yuTsonSRMMMe0VlOxZXU-DlI8T6pHhmCj-M-LWGYptDw5S9YHqHOMOi24McHZXKbCAsWr9UG_NHERkntGsTVwniMXK9bcy_qQznpe642t3feZjH5q280PGuGBfTMVmyUAxInrehRQONDsYBtL9a8ir33m-OhkCLkVbVZNqXziC0EqNms9Z9MA_1k7DWuZ_TO8g90wz2LWvi8Fm_joulDDf5McU\">Curr\u00edculo<\/a> &#8211; flp_astolpho@uenf.br<\/li>\n<li>Dr. Gustavo L\u00e1zzaro Rezende &#8211; <a title=\"Curr\u00edculo lattes\" href=\"http:\/\/buscatextual.cnpq.br\/buscatextual\/visualizacv.do?id=K4765111U3\">Curr\u00edculo<\/a> &#8211; gurezende@uenf.br<\/li>\n<li>Dra. Jorge Hernandez Fernandez\u00a0 &#8211; <a href=\"http:\/\/buscatextual.cnpq.br\/buscatextual\/visualizacv.do?id=K4792474Y6&amp;tokenCaptchar=03AGdBq25-_B4yQ83vq7ZvRmrUcWCImhH2rSdBCkHip-IQoeMmvpENTHNfuLVbIP7v5DsQ2TnHIB93I7LWtVsrA0zjgFYZw42NoVi2vyDcOVb3tiYlZzEngaZ929kzDhFoOUtszPRx8vaRvE7mUTTEYF77QwF_eg4CDi6a8xeFD1VB71CVi3ei6MdqfdK_6e9XLPc3R43raHD7WSc6X04yfhwg8MR-EcqMWmiV85SFyJ5hXzXifFIhoQdAb_p0GpsmSRDW8NEigzM5x9k7Mdx2LUjGjbEaGf0RfNOrtsNMXAto5cNL5ND26jqzgh5KyPKMXKAhk0hPgCjKfoIJ0h5zUEriMEB-_q7zL48xU45DC3WZY9jCKOOkAtUM724y0SVk-aH6YWhFRiV59jwtqvZNkTqGXUKispK4v5jUl0owu6GVFcAfgnKyVg0Y5iSoGpFKhaFTwp-uVT001TpHg5m2C337gmt46Lo7AQ\">Curr\u00edculo<\/a> &#8211; jorgehf@uenf.br<\/li>\n<li>Dra. K\u00e1tia Valevski Sales Fernandes\u2013 <a href=\"http:\/\/buscatextual.cnpq.br\/buscatextual\/visualizacv.do?id=K4798779T5\">Curr\u00edculo<\/a> &#8211; <a href=\"mailto:cowpkat@uenf.br\">cowpkat@uenf.br<\/a><\/li>\n<li>Dra. Mar\u00edlvia Dansa de Alencar Petretski \u2013 <a href=\"http:\/\/buscatextual.cnpq.br\/buscatextual\/visualizacv.do?id=K4789668D6\">Curr\u00edculo<\/a> &#8211; <a href=\"mailto:mdansa@yahoo.com\">marilvia@uenf.br<\/a><\/li>\n<li>Dra. Olga Lima Tavares Machado (Chefe do LQFPP) \u2013 <a href=\"http:\/\/buscatextual.cnpq.br\/buscatextual\/visualizacv.do?id=K4787032J0\">Curr\u00edculo<\/a> &#8211; <a href=\"mailto:olga@uenf.br\">olga@uenf.br<\/a><\/li>\n<li>Dr. Thiago Motta Ven\u00e2ncio &#8211; <a title=\"curr\u00edculo lattes\" href=\"http:\/\/buscatextual.cnpq.br\/buscatextual\/visualizacv.do?id=K4765549P3\">Curr\u00edculo<\/a> &#8211; tmvenancio@uenf.br<\/li>\n<\/ul>\n<\/div>\n<div>\u00a0\u00a0<b><b>Laborat\u00f3rio de Fisiologia e Bioqu\u00edmica de Microrganismos &#8211; LFBM<\/b><\/b><\/div>\n<div>\n<ul>\n<li>Dr. Andr\u00e9 oliveira Carvalho \u2013 <a href=\"http:\/\/buscatextual.cnpq.br\/buscatextual\/visualizacv.do?id=K4766326E6\">Curr\u00edculo<\/a> &#8211; <a href=\"mailto:andre@uenf.br\">andre@uenf.br<\/a><\/li>\n<li>Dra. Anna Lvovna Okorokova Fa\u00e7anha (Coordenadora da P\u00f3s-gradua\u00e7\u00e3o de Bioci\u00eancia e Biotecnologia)\u2013 <a href=\"http:\/\/buscatextual.cnpq.br\/buscatextual\/visualizacv.do?id=K4798375Z4\">Curr\u00edculo<\/a> &#8211; <a href=\"mailto:anna@uenf.br\">anna@uenf.br<\/a><\/li>\n<li>Dr. Diogo de Abreu Meireles &#8211; <a href=\"http:\/\/buscatextual.cnpq.br\/buscatextual\/visualizacv.do?id=K4705028T6&amp;tokenCaptchar=03AGdBq2692vgWsw-JdvIMTZesFvAMBzZg2x-nZVuKZBgSLtuHlrHsyGOhj57QjekYIM2OuY7QFJtGoXM-sekQe_f2Pqq2MIqtU5xo-iK-D-dr7PGnWE6fBAwQKNusIhMFSHW6JwSaRVwu-lMVGs60AlwD8Zj5BPR4X_sGlvBBjoW54GMYZ5uvJht285Jna-eem6szcTrCi-BrmL6LoLrEbJR-TRvmg1jjoXQpcBi7AdQIq5K7K_Jd1onJ1rkLNG6YXQt0PSjb3te0hMcVA0PidigPZbM5Qc29kBPEffcVKNpfZILw26qWn54zppzgnDL7estu_y5XEAJ9rkWrrX1-ow4Tm1NhaOW9waHHrqzXT1LhWvS1gUjXMrPUcZnMo8WLM6ZmebmEBPf0YpST_YITZm_QP1_qyNbl7jUVnmmfCjdXs0En-lShxt0NBD3Yi9Vw77k7Yvi--oAcuwTxK4-5KQFw0mVgr8Dsjg\">Curr\u00edculo<\/a> &#8211; diogo@uenf.br<\/li>\n<li>Dra. \u00c9rica de Oliveira Mello &#8211; <a href=\"http:\/\/buscatextual.cnpq.br\/buscatextual\/visualizacv.do?id=K4120062H3&amp;tokenCaptchar=03AGdBq258RPs1cPXA612aEQzlUHvCjpL8iXSR-EGjnzT2Pv6dCjkLk-tPkECVpzumIR11q7FuBtnI1QTOSr7dcHuBwxHBmHDUi6bczCJG5ReYZ0Lt8Q9BMrfhvohMhEoQZJCfoj_c7cpeirHAX7UtbWHBIoatlFUAArxmUklOnBq_ZMDkbkD88_TgoV2m47VrWzZrEUXyH1rE_OYBSAY7TZpOOSpi4VYI4LM1EnXryOpYIeBxm1ftLgLG03RNwMrHVLF-b3v5e35er1s5_42Cp18v-oU2GtCVWtovPy6R3of-10rg7g4LCg5OegWN13bzTcmaz6yAX2aIqfOlBnqu07Wk7ZqHQtW_vMnBKRpuLTxtw6Eur9ReBSZOV9zWJZMBoqlNEfCu1vZeeN58wy8z5-TI3FKWAkOB_0NXaDoO3Sm0-ZWY900MFzspviLAeFzFDwo_i56RTm3C0vkhT5HflwjzhC2ku-_fNQ\">Curr\u00edculo<\/a> &#8211; erica@uenf.br<\/li>\n<li>Dr. Jo\u00e3o Carlos Aquino Almeida \u2013 <a href=\"http:\/\/buscatextual.cnpq.br\/buscatextual\/visualizacv.do?id=K4721640P4&amp;tokenCaptchar=03AGdBq26AWp1_DmV9F6L66xO1Ied27eiFe1FXaNZ2V4LDVfbde3kGeHSlc_Tavm3rO6Q6pX6gedE8kr6whyvdVFhNXhqsLIU46ja29g-6KA-V0ZW0I8yNLSiIFxxFCWkJcLdofuckE15r9zYMHPiikdcRy1jHW_kxdTq7bYRkVt2sWVLyESOUImg0XYkR6XS5L8-y0fdXOQXNsMfsX-QheO96en84pEql0drw6Efu_60GINbc2pamOsrFR2BQD4Wd_9YL4zsBGPQaPKYPKA7JyIo88qB8H7-s7_wClemX5QulZv6zHIgAKA0fXzNwlDPgApjMV8xY_8FOG71C327s5F8nOpecfbxLvm4Ngh_FabrO6UMRFXbg1Q430gQmWfaoTB7AuOmk1Ewd6LBfLJwgAKpkTOb69rQoZtTa3KtNELv37Jz-8HKIMWjiTHxXEZVkCSNVbMnPSPay4rvCfg_O4dgZR8-IBLWahw\">Curr\u00edculo<\/a>&#8211; <a href=\"mailto:jalmeida@uenf.br\">jalmeida@uenf.br<\/a><\/li>\n<li>Dra. Valdirene Moreira Gomes (Chefe de Laborat\u00f3rio)\u00a0\u2013 <a href=\"http:\/\/buscatextual.cnpq.br\/buscatextual\/visualizacv.do?id=K4723725P6\">Curr\u00edculo<\/a> &#8211; <a href=\"mailto:valmg@uenf.br\">valmg@uenf.br<\/a><\/li>\n<\/ul>\n<\/div>\n<\/div>\n<p>&nbsp;<\/p>\n","protected":false},"excerpt":{"rendered":"<p>Listagem de Professores:: \u00a0Laborat\u00f3rio de Ci\u00eancias Ambientais &#8211; LCA Dra. \u00c2ngela Pierre Vit\u00f3ria &#8211; Curr\u00edculo &#8211; apvitoria@uenf.br Dra. Caryne Aparecida&#8230;<\/p>\n","protected":false},"author":12,"featured_media":0,"parent":0,"menu_order":12,"comment_status":"open","ping_status":"closed","template":"","meta":{"footnotes":""},"class_list":["post-326","page","type-page","status-publish","hentry"],"_links":{"self":[{"href":"https:\/\/uenf.br\/graduacao\/biologia\/wp-json\/wp\/v2\/pages\/326","targetHints":{"allow":["GET"]}}],"collection":[{"href":"https:\/\/uenf.br\/graduacao\/biologia\/wp-json\/wp\/v2\/pages"}],"about":[{"href":"https:\/\/uenf.br\/graduacao\/biologia\/wp-json\/wp\/v2\/types\/page"}],"author":[{"embeddable":true,"href":"https:\/\/uenf.br\/graduacao\/biologia\/wp-json\/wp\/v2\/users\/12"}],"replies":[{"embeddable":true,"href":"https:\/\/uenf.br\/graduacao\/biologia\/wp-json\/wp\/v2\/comments?post=326"}],"version-history":[{"count":0,"href":"https:\/\/uenf.br\/graduacao\/biologia\/wp-json\/wp\/v2\/pages\/326\/revisions"}],"wp:attachment":[{"href":"https:\/\/uenf.br\/graduacao\/biologia\/wp-json\/wp\/v2\/media?parent=326"}],"curies":[{"name":"wp","href":"https:\/\/api.w.org\/{rel}","templated":true}]}}