{"id":371,"date":"2014-08-07T18:02:58","date_gmt":"2014-08-07T21:02:58","guid":{"rendered":"https:\/\/uenf.br\/graduacao\/biologia\/?page_id=371"},"modified":"2022-03-16T10:26:31","modified_gmt":"2022-03-16T13:26:31","slug":"direitos","status":"publish","type":"page","link":"https:\/\/uenf.br\/graduacao\/biologia\/aluno\/direitos\/","title":{"rendered":"Direitos"},"content":{"rendered":"<h3><strong>DIREITOS DOS ALUNOS<\/strong><\/h3>\n<p>De acordo com as Normas de Gradua\u00e7\u00e3o N\u00ba 001\/2000 (Aprovada pela C\u00e2mara de Gradua\u00e7\u00e3o, em 02 de junho de 2000), os Direitos dos Alunos s\u00e3o:<\/p>\n<p><strong>\u00a0DIREITOS:<\/strong><\/p>\n<ul>\n<li>\u00a0Receber ensino de qualidade.<\/li>\n<li>\u00a0Ter acesso, no in\u00edcio do per\u00edodo letivo ao programa da disciplina, \u00e0 bibliografia b\u00e1sica, \u00e0s explica\u00e7\u00f5es acerca da metodologia de ensino, e ainda, sobre os crit\u00e9rios, per\u00edodo e tipo de avalia\u00e7\u00e3o.<\/li>\n<li>Tomar conhecimento do resultado das avalia\u00e7\u00f5es pelo menos 7 dias antes\u00a0\u00a0da verifica\u00e7\u00e3o seguinte e receber a prova, caso se trate de avalia\u00e7\u00e3o escrita, sendo assegurado-lhe, portanto, o direito de ver a prova e conhecer os coment\u00e1rios da corre\u00e7\u00e3o; poder\u00e1 entrar com recurso no prazo m\u00ednimo de 5 dias \u00fateis a partir\u00a0\u00a0da apresenta\u00e7\u00e3o do resultado.<\/li>\n<li>Ser orientado pelo professor da disciplina, inclusive em hor\u00e1rio extra \u2013 classe, quanto \u00e1s dificuldades de sua vida acad\u00eamica.<\/li>\n<li>Participar de todos os programas desenvolvidos pela Universidade Estadual do Norte Fluminense para os discentes, sendo observadas as normas e crit\u00e9rios espec\u00edficos, incluindo-se:<\/li>\n<\/ul>\n<p>o\u00a0\u00a0\u00a0\u00a0\u00a0\u00a0\u00a0\u00a0Bolsas de Inicia\u00e7\u00e3o Cient\u00edfica {Institucionais (PIBIC e UENF\/FENORTE) e associadas aos pesquisadores (CNPq, FAPERJ e RHAE)};<\/p>\n<p>o\u00a0\u00a0\u00a0\u00a0\u00a0\u00a0\u00a0\u00a0Apoio Acad\u00eamico;<\/p>\n<p>o\u00a0\u00a0\u00a0\u00a0\u00a0\u00a0\u00a0\u00a0Est\u00e1gios<\/p>\n<ul>\n<li>Organizar-se em Centros Acad\u00eamicos (CA\u2019s) e no Diret\u00f3rio Central dos Estudantes (DCE) e usar de seu livre direito de express\u00e3o.<\/li>\n<li>Ser formalmente representado nos \u00d3rg\u00e3os Colegiados da Administra\u00e7\u00e3o Acad\u00eamica da Universidade Estadual do Norte Fluminense, com direito a voz e voto, conforme especificado nos respectivos regulamentos.<\/li>\n<li>\u00a0Recorrer ao \u00f3rg\u00e3o competente (Coordena\u00e7\u00e3o de Curso, Colegiado de Centro, Pr\u00f3-Reitoria de Gradua\u00e7\u00e3o, Colegiado Acad\u00eamico e Conselho Universit\u00e1rio) todas as vezes que se sentir lesado em seus direitos por qualquer ato de professor, servidor ou dirigente da Universidade.<\/li>\n<li>Ter assegurado pleno direito de defesa quando acusado de comportamento pass\u00edvel de san\u00e7\u00e3o disciplinar previsto no Cap\u00edtulo XII (Regime Disciplinar) das Normas de Gradua\u00e7\u00e3o da Universidade Estadual do Norte Fluminense.<\/li>\n<li>Receber todas as informa\u00e7\u00f5es a respeito da Universidade e das rotinas acad\u00eamicas.<\/li>\n<\/ul>\n<h3><\/h3>\n","protected":false},"excerpt":{"rendered":"<p>DIREITOS DOS ALUNOS De acordo com as Normas de Gradua\u00e7\u00e3o N\u00ba 001\/2000 (Aprovada pela C\u00e2mara de Gradua\u00e7\u00e3o, em 02 de&#8230;<\/p>\n","protected":false},"author":12,"featured_media":0,"parent":909,"menu_order":2,"comment_status":"open","ping_status":"closed","template":"","meta":{"footnotes":""},"class_list":["post-371","page","type-page","status-publish","hentry"],"_links":{"self":[{"href":"https:\/\/uenf.br\/graduacao\/biologia\/wp-json\/wp\/v2\/pages\/371","targetHints":{"allow":["GET"]}}],"collection":[{"href":"https:\/\/uenf.br\/graduacao\/biologia\/wp-json\/wp\/v2\/pages"}],"about":[{"href":"https:\/\/uenf.br\/graduacao\/biologia\/wp-json\/wp\/v2\/types\/page"}],"author":[{"embeddable":true,"href":"https:\/\/uenf.br\/graduacao\/biologia\/wp-json\/wp\/v2\/users\/12"}],"replies":[{"embeddable":true,"href":"https:\/\/uenf.br\/graduacao\/biologia\/wp-json\/wp\/v2\/comments?post=371"}],"version-history":[{"count":0,"href":"https:\/\/uenf.br\/graduacao\/biologia\/wp-json\/wp\/v2\/pages\/371\/revisions"}],"up":[{"embeddable":true,"href":"https:\/\/uenf.br\/graduacao\/biologia\/wp-json\/wp\/v2\/pages\/909"}],"wp:attachment":[{"href":"https:\/\/uenf.br\/graduacao\/biologia\/wp-json\/wp\/v2\/media?parent=371"}],"curies":[{"name":"wp","href":"https:\/\/api.w.org\/{rel}","templated":true}]}}