{"id":125,"date":"2025-07-01T11:13:40","date_gmt":"2025-07-01T14:13:40","guid":{"rendered":"https:\/\/uenf.br\/graduacao\/engenharia-civil\/?page_id=125"},"modified":"2025-07-01T11:13:40","modified_gmt":"2025-07-01T14:13:40","slug":"espaco-do-estudante","status":"publish","type":"page","link":"https:\/\/uenf.br\/graduacao\/engenharia-civil\/espaco-do-estudante\/","title":{"rendered":"Espa\u00e7o do Estudante"},"content":{"rendered":"<p>Nessa p\u00e1gina os estudantes do curso podem acessar informa\u00e7\u00f5es e servi\u00e7os relacionados \u00e0 sua vida acad\u00eamica.<\/p>\n<p><a href=\"https:\/\/linktr.ee\/rcd.leciv\"><img loading=\"lazy\" decoding=\"async\" class=\"alignleft size-full wp-image-126\" src=\"https:\/\/uenf.br\/graduacao\/engenharia-civil\/wp-content\/uploads\/sites\/8\/2025\/07\/Icone_PortalEstudante-09.png\" alt=\"\" width=\"149\" height=\"168\" \/><\/a><\/p>\n","protected":false},"excerpt":{"rendered":"<p>Nessa p\u00e1gina os estudantes do curso podem acessar informa\u00e7\u00f5es e servi\u00e7os relacionados \u00e0 sua vida acad\u00eamica.<\/p>\n","protected":false},"author":38,"featured_media":0,"parent":0,"menu_order":0,"comment_status":"closed","ping_status":"closed","template":"","meta":{"footnotes":""},"class_list":["post-125","page","type-page","status-publish","hentry"],"_links":{"self":[{"href":"https:\/\/uenf.br\/graduacao\/engenharia-civil\/wp-json\/wp\/v2\/pages\/125","targetHints":{"allow":["GET"]}}],"collection":[{"href":"https:\/\/uenf.br\/graduacao\/engenharia-civil\/wp-json\/wp\/v2\/pages"}],"about":[{"href":"https:\/\/uenf.br\/graduacao\/engenharia-civil\/wp-json\/wp\/v2\/types\/page"}],"author":[{"embeddable":true,"href":"https:\/\/uenf.br\/graduacao\/engenharia-civil\/wp-json\/wp\/v2\/users\/38"}],"replies":[{"embeddable":true,"href":"https:\/\/uenf.br\/graduacao\/engenharia-civil\/wp-json\/wp\/v2\/comments?post=125"}],"version-history":[{"count":0,"href":"https:\/\/uenf.br\/graduacao\/engenharia-civil\/wp-json\/wp\/v2\/pages\/125\/revisions"}],"wp:attachment":[{"href":"https:\/\/uenf.br\/graduacao\/engenharia-civil\/wp-json\/wp\/v2\/media?parent=125"}],"curies":[{"name":"wp","href":"https:\/\/api.w.org\/{rel}","templated":true}]}}