{"id":144,"date":"2025-10-01T17:28:19","date_gmt":"2025-10-01T20:28:19","guid":{"rendered":"https:\/\/uenf.br\/graduacao\/engenharia-civil\/?page_id=144"},"modified":"2025-12-02T15:52:17","modified_gmt":"2025-12-02T18:52:17","slug":"corpo-tecnico-e-administrativo","status":"publish","type":"page","link":"https:\/\/uenf.br\/graduacao\/engenharia-civil\/corpo-tecnico-e-administrativo\/","title":{"rendered":"Corpo T\u00e9cnico e Administrativo"},"content":{"rendered":"<p>O sucesso e o funcionamento eficiente do Curso de Gradua\u00e7\u00e3o em Engenharia Civil da UENF s\u00e3o amplamente suportados por uma dedicada equipe de <b>T\u00e9cnicos e Administrativos<\/b>. Este corpo profissional \u00e9 essencial, atuando na gest\u00e3o acad\u00eamica, na infraestrutura laboratorial, no suporte aos projetos de pesquisa e na manuten\u00e7\u00e3o das atividades di\u00e1rias.<\/p>\n<p>Nossos t\u00e9cnicos e administrativos garantem o apoio indispens\u00e1vel ao corpo docente e aos estudantes, desde o atendimento na secretaria at\u00e9 o suporte especializado em nossos laborat\u00f3rios. Conhe\u00e7a abaixo os profissionais que trabalham para assegurar um ambiente de aprendizado e pesquisa de excel\u00eancia.<\/p>\n<p><strong>Corpo Administrativo<\/strong><\/p>\n<ul>\n<li><em><strong>Fl\u00e1via da Silva Oliveira <\/strong>(flaviaso@uenf.br)<\/em><\/li>\n<\/ul>\n<p style=\"padding-left: 40px\">Forma\u00e7\u00e3o: Gradua\u00e7\u00e3o em Letras;\u00a0 Especializa\u00e7\u00e3o\/Habilidade: documenta\u00e7\u00e3o, suporte, invent\u00e1rio e controle administrativo; Fun\u00e7\u00e3o: Secret\u00e1ria do LECIV; Contacto: (22)2739-7047<\/p>\n<ul>\n<li><em><strong>Tatiana do Nascimento Chagas <\/strong>(tnchagas@uenf.br)<\/em><\/li>\n<\/ul>\n<p style=\"padding-left: 40px\">Forma\u00e7\u00e3o: Gradua\u00e7\u00e3o em Comunica\u00e7\u00e3o Social;\u00a0 Especializa\u00e7\u00e3o\/Habilidade: documenta\u00e7\u00e3o, suporte, invent\u00e1rio e controle administrativo; Fun\u00e7\u00e3o: Secret\u00e1ria auxiliar do LECIV; Contacto: (22)2739-7381<\/p>\n<p><strong>Corpo T\u00e9cnico<\/strong><\/p>\n<ul>\n<li><em><strong>Andr\u00e9 Luis Flor Manh\u00e3es <\/strong>(amanhaes@uenf.br)<\/em><\/li>\n<\/ul>\n<ul>\n<li><em><strong>Jos\u00e9 Renato de Freitas <\/strong>(jfreitas@uenf.br)<\/em><\/li>\n<\/ul>\n<ul>\n<li><em><strong>M\u00e1rio Tito Varella Mayerhofer <\/strong>(mtito@uenf.br)<\/em><\/li>\n<\/ul>\n<p style=\"padding-left: 40px\">Forma\u00e7\u00e3o: T\u00e9cnico em Edifica\u00e7\u00f5es, Gradua\u00e7\u00e3o em Engenharia Civil, P\u00f3s-Gradua\u00e7\u00e3o em Materiais para a Constru\u00e7\u00e3o Civil;\u00a0 Especializa\u00e7\u00e3o\/Habilidade: projetos, or\u00e7amentos, contratos, licita\u00e7\u00f5es; Fun\u00e7\u00e3o: gerenciamento de projetos\/or\u00e7amentos, fiscaliza\u00e7\u00e3o de obras.<\/p>\n<ul>\n<li><em><strong>Vanuzia Almeida dos Santos <\/strong>(vanuzia@uenf.br)<\/em><\/li>\n<\/ul>\n<p style=\"padding-left: 40px\">\n","protected":false},"excerpt":{"rendered":"<p>O sucesso e o funcionamento eficiente do Curso de Gradua\u00e7\u00e3o em Engenharia Civil da UENF s\u00e3o amplamente suportados por uma&#8230;<\/p>\n","protected":false},"author":38,"featured_media":0,"parent":0,"menu_order":0,"comment_status":"closed","ping_status":"closed","template":"","meta":{"footnotes":""},"class_list":["post-144","page","type-page","status-publish","hentry"],"_links":{"self":[{"href":"https:\/\/uenf.br\/graduacao\/engenharia-civil\/wp-json\/wp\/v2\/pages\/144","targetHints":{"allow":["GET"]}}],"collection":[{"href":"https:\/\/uenf.br\/graduacao\/engenharia-civil\/wp-json\/wp\/v2\/pages"}],"about":[{"href":"https:\/\/uenf.br\/graduacao\/engenharia-civil\/wp-json\/wp\/v2\/types\/page"}],"author":[{"embeddable":true,"href":"https:\/\/uenf.br\/graduacao\/engenharia-civil\/wp-json\/wp\/v2\/users\/38"}],"replies":[{"embeddable":true,"href":"https:\/\/uenf.br\/graduacao\/engenharia-civil\/wp-json\/wp\/v2\/comments?post=144"}],"version-history":[{"count":0,"href":"https:\/\/uenf.br\/graduacao\/engenharia-civil\/wp-json\/wp\/v2\/pages\/144\/revisions"}],"wp:attachment":[{"href":"https:\/\/uenf.br\/graduacao\/engenharia-civil\/wp-json\/wp\/v2\/media?parent=144"}],"curies":[{"name":"wp","href":"https:\/\/api.w.org\/{rel}","templated":true}]}}