{"id":157,"date":"2025-12-19T18:26:54","date_gmt":"2025-12-19T21:26:54","guid":{"rendered":"https:\/\/uenf.br\/graduacao\/engenharia-civil\/?page_id=157"},"modified":"2025-12-19T18:26:54","modified_gmt":"2025-12-19T21:26:54","slug":"prof-aldo-durand-farfan","status":"publish","type":"page","link":"https:\/\/uenf.br\/graduacao\/engenharia-civil\/corpo-docente\/prof-aldo-durand-farfan\/","title":{"rendered":"Prof. Aldo Durand Farf\u00e1n"},"content":{"rendered":"<p><img loading=\"lazy\" decoding=\"async\" class=\"size-medium wp-image-151 alignleft\" src=\"https:\/\/uenf.br\/graduacao\/engenharia-civil\/wp-content\/uploads\/sites\/8\/2025\/11\/ALDO-DURAND-FARFAN-225x300.jpg\" alt=\"\" width=\"225\" height=\"300\" srcset=\"https:\/\/uenf.br\/graduacao\/engenharia-civil\/wp-content\/uploads\/sites\/8\/2025\/11\/ALDO-DURAND-FARFAN-225x300.jpg 225w, https:\/\/uenf.br\/graduacao\/engenharia-civil\/wp-content\/uploads\/sites\/8\/2025\/11\/ALDO-DURAND-FARFAN-768x1024.jpg 768w, https:\/\/uenf.br\/graduacao\/engenharia-civil\/wp-content\/uploads\/sites\/8\/2025\/11\/ALDO-DURAND-FARFAN-1152x1536.jpg 1152w, https:\/\/uenf.br\/graduacao\/engenharia-civil\/wp-content\/uploads\/sites\/8\/2025\/11\/ALDO-DURAND-FARFAN.jpg 1200w\" sizes=\"auto, (max-width: 225px) 100vw, 225px\" \/><\/p>\n<p>&nbsp;<\/p>\n<p>&nbsp;<\/p>\n<p>&nbsp;<\/p>\n<p>&nbsp;<\/p>\n<p>&nbsp;<\/p>\n<p>&nbsp;<\/p>\n<p>&nbsp;<\/p>\n<p><strong>Titula\u00e7\u00f5es:<\/strong>\u00a0Doutor em Engenharia Civil (Pontif\u00edcia Universidade Cat\u00f3lica do Rio de Janeiro, PUC-Rio, Rio De Janeiro, Brasil);\u00a0Mestre em Geotecnia (Faculdade de Tecnologia, Universidade de Bras\u00edlia, UnB, Bras\u00edlia, Brasil);\u00a0Gradua\u00e7\u00e3o em Engenheira Civil (Universidad Nacional San Antonio Abad Del Cusco UNSAAC, Cusco, Per\u00fa)<\/p>\n<p><strong>\u00c1reas de Especializa\u00e7\u00e3o\/Atua\u00e7\u00e3o:<\/strong>\u00a0Mec\u00e2nica das rochas, Estabilidade de Taludes em Minera\u00e7\u00e3o, An\u00e1lise Limite Num\u00e9rica &#8211; ALN, Cont\u00ednuo de Cosserat, Programa\u00e7\u00e3o Matem\u00e1tica, Modelagem Num\u00e9rica.<\/p>\n<p><strong>Projetos de Pesquisa:<\/strong>\u00a0Modelagem Num\u00e9rica da Frente de Escava\u00e7\u00f5es de T\u00faneis; Modelagem F\u00edsica da Itera\u00e7\u00e3o T\u00fanel-Estaca-Solo; Modelagem F\u00edsica da Estabilidade da Face de Escava\u00e7\u00e3o de T\u00faneis por Press\u00e3o de Balanceamento; Modelagem F\u00edsica em Centr\u00edfuga Geot\u00e9cnica: An\u00e1lise Experimental d T\u00fanel Raso em Solos N\u00e3o Coesivos.<\/p>\n<p><strong>Disciplinas Ministradas:<\/strong>\u00a0T\u00faneis; Fen\u00f4menos de Transportes;\u00a0Obras Geot\u00e9cnicas;\u00a0Introdu\u00e7\u00e3o \u00e1 Engenharia<\/p>\n","protected":false},"excerpt":{"rendered":"<p>&nbsp; &nbsp; &nbsp; &nbsp; &nbsp; &nbsp; &nbsp; Titula\u00e7\u00f5es:\u00a0Doutor em Engenharia Civil (Pontif\u00edcia Universidade Cat\u00f3lica do Rio de Janeiro, PUC-Rio, Rio&#8230;<\/p>\n","protected":false},"author":38,"featured_media":0,"parent":142,"menu_order":0,"comment_status":"closed","ping_status":"closed","template":"","meta":{"footnotes":""},"class_list":["post-157","page","type-page","status-publish","hentry"],"_links":{"self":[{"href":"https:\/\/uenf.br\/graduacao\/engenharia-civil\/wp-json\/wp\/v2\/pages\/157","targetHints":{"allow":["GET"]}}],"collection":[{"href":"https:\/\/uenf.br\/graduacao\/engenharia-civil\/wp-json\/wp\/v2\/pages"}],"about":[{"href":"https:\/\/uenf.br\/graduacao\/engenharia-civil\/wp-json\/wp\/v2\/types\/page"}],"author":[{"embeddable":true,"href":"https:\/\/uenf.br\/graduacao\/engenharia-civil\/wp-json\/wp\/v2\/users\/38"}],"replies":[{"embeddable":true,"href":"https:\/\/uenf.br\/graduacao\/engenharia-civil\/wp-json\/wp\/v2\/comments?post=157"}],"version-history":[{"count":0,"href":"https:\/\/uenf.br\/graduacao\/engenharia-civil\/wp-json\/wp\/v2\/pages\/157\/revisions"}],"up":[{"embeddable":true,"href":"https:\/\/uenf.br\/graduacao\/engenharia-civil\/wp-json\/wp\/v2\/pages\/142"}],"wp:attachment":[{"href":"https:\/\/uenf.br\/graduacao\/engenharia-civil\/wp-json\/wp\/v2\/media?parent=157"}],"curies":[{"name":"wp","href":"https:\/\/api.w.org\/{rel}","templated":true}]}}