{"id":2,"date":"2013-03-13T13:09:36","date_gmt":"2013-03-13T13:09:36","guid":{"rendered":"https:\/\/uenf.br\/graduacao\/engenharia-de-materiais\/?page_id=2"},"modified":"2019-08-29T14:57:18","modified_gmt":"2019-08-29T17:57:18","slug":"apresentacao","status":"publish","type":"page","link":"https:\/\/uenf.br\/graduacao\/engenharia-de-materiais\/","title":{"rendered":"Apresenta\u00e7\u00e3o"},"content":{"rendered":"<p><img loading=\"lazy\" decoding=\"async\" class=\"alignleft size-full wp-image-17\" src=\"https:\/\/uenf.br\/graduacao\/engenharia-de-materiais\/wp-content\/uploads\/sites\/14\/2019\/08\/Eng._Metalurgica_e_materiais__CASCA_DE_OVO0005.jpg\" alt=\"\" width=\"200\" height=\"150\" \/>O engenheiro metal\u00fargico formado pela Uenf tem uma ampla \u00e1rea de atua\u00e7\u00e3o e est\u00e1 preparado para trabalhar com todos os tipos de materiais: met\u00e1licos, polim\u00e9ricos (pl\u00e1sticos), cer\u00e2micos e comp\u00f3sitos. Este engenheiro fabrica ou processa, caracteriza e desenvolve novos tipos de materiais para atender os atuais desafios da moderna ci\u00eancia e tecnologia. Este profissional tem uma forma\u00e7\u00e3o interdisciplinar que lhe permite atuar nas diversas ind\u00fastrias e na pesquisa cient\u00edfica.<\/p>\n<p><strong><a href=\"http:\/\/www.uenf.br\/Uenf\/Pages\/CCT\/Lamav\/?&amp;modelo;=1&amp;cod;_pag=2256&amp;tabela;=&amp;np;=Gradua%C3%A7%C3%A3o&amp;nc;=Cursos+Oferecidos&amp;buscaEdicao;=&amp;grupo;=L_AMAV&amp;p;=\" target=\"_blank\" rel=\"noopener noreferrer\">Visite a p\u00e1gina do Laborat\u00f3rio e curso de Engenharia Metal\u00fargica e de Materiais.<\/a><\/strong><\/p>\n<p>Coordenador: Prof. Raul Ernesto Lopez Palacio (interino)<\/p>\n<p><a href=\"mailto:relp@uenf.br\">relp@uenf.br<\/a><\/p>\n<p>(22) 2724-1430<\/p>\n<p>Conceito (CPC\/MEC): 4<\/p>\n<p>Vestibular: Enem<\/p>\n<p>C\u00f3digo do curso: 38336.<\/p>\n","protected":false},"excerpt":{"rendered":"<p>O engenheiro metal\u00fargico formado pela Uenf tem uma ampla \u00e1rea de atua\u00e7\u00e3o e est\u00e1 preparado para trabalhar com todos os&#8230;<\/p>\n","protected":false},"author":19,"featured_media":0,"parent":0,"menu_order":0,"comment_status":"open","ping_status":"closed","template":"","meta":{"footnotes":""},"class_list":["post-2","page","type-page","status-publish","hentry"],"_links":{"self":[{"href":"https:\/\/uenf.br\/graduacao\/engenharia-de-materiais\/wp-json\/wp\/v2\/pages\/2","targetHints":{"allow":["GET"]}}],"collection":[{"href":"https:\/\/uenf.br\/graduacao\/engenharia-de-materiais\/wp-json\/wp\/v2\/pages"}],"about":[{"href":"https:\/\/uenf.br\/graduacao\/engenharia-de-materiais\/wp-json\/wp\/v2\/types\/page"}],"author":[{"embeddable":true,"href":"https:\/\/uenf.br\/graduacao\/engenharia-de-materiais\/wp-json\/wp\/v2\/users\/19"}],"replies":[{"embeddable":true,"href":"https:\/\/uenf.br\/graduacao\/engenharia-de-materiais\/wp-json\/wp\/v2\/comments?post=2"}],"version-history":[{"count":0,"href":"https:\/\/uenf.br\/graduacao\/engenharia-de-materiais\/wp-json\/wp\/v2\/pages\/2\/revisions"}],"wp:attachment":[{"href":"https:\/\/uenf.br\/graduacao\/engenharia-de-materiais\/wp-json\/wp\/v2\/media?parent=2"}],"curies":[{"name":"wp","href":"https:\/\/api.w.org\/{rel}","templated":true}]}}

Apresentação

<p><img loading="lazy" decoding="async" class="alignleft size-full wp-image-17" src="https://uenf.br/graduacao/engenharia-de-materiais/wp-content/uploads/sites/14/2019/08/Eng._Metalurgica_e_materiais__CASCA_DE_OVO0005.jpg" alt="" width="200" height="150" />O engenheiro metalúrgico formado pela Uenf tem uma ampla área de atuação e está preparado para trabalhar com todos os tipos de materiais: metálicos, poliméricos (plásticos), cerâmicos e compósitos. Este engenheiro fabrica ou processa, caracteriza e desenvolve novos tipos de materiais para atender os atuais desafios da moderna ciência e tecnologia. Este profissional tem uma formação interdisciplinar que lhe permite atuar nas diversas indústrias e na pesquisa científica.</p>
<p><strong><a href="http://www.uenf.br/Uenf/Pages/CCT/Lamav/?&amp;modelo;=1&amp;cod;_pag=2256&amp;tabela;=&amp;np;=Gradua%C3%A7%C3%A3o&amp;nc;=Cursos+Oferecidos&amp;buscaEdicao;=&amp;grupo;=L_AMAV&amp;p;=" target="_blank" rel="noopener noreferrer">Visite a página do Laboratório e curso de Engenharia Metalúrgica e de Materiais.</a></strong></p>
<p>Coordenador: Prof. Raul Ernesto Lopez Palacio (interino)</p>
<p><a href="mailto:relp@uenf.br">relp@uenf.br</a></p>
<p>(22) 2724-1430</p>
<p>Conceito (CPC/MEC): 4</p>
<p>Vestibular: Enem</p>
<p>Código do curso: 38336.</p>

<p>O engenheiro metalúrgico formado pela Uenf tem uma ampla área de atuação e está preparado para trabalhar com todos os&#8230;</p>
