{"id":139,"date":"2024-11-04T17:08:50","date_gmt":"2024-11-04T20:08:50","guid":{"rendered":"https:\/\/uenf.br\/graduacao\/engenharia-de-producao\/?page_id=139"},"modified":"2025-08-06T20:39:58","modified_gmt":"2025-08-06T23:39:58","slug":"semestre-par","status":"publish","type":"page","link":"https:\/\/uenf.br\/graduacao\/engenharia-de-producao\/grade-curricular-2\/semestre-par\/","title":{"rendered":"Semestre par"},"content":{"rendered":"<p>Abaixo o link do drive da grade hor\u00e1ria do semestre par do curso de engenharia de produ\u00e7\u00e3o para consulta dos discente:<\/p>\n<p><a href=\"https:\/\/docs.google.com\/spreadsheets\/d\/1uvhSLxWWBexMKUa7oGdrDB73V05g4VHs\/edit?gid=943372373#gid=943372373\">Grade hor\u00e1ria par<\/a><\/p>\n","protected":false},"excerpt":{"rendered":"<p>Abaixo o link do drive da grade hor\u00e1ria do semestre par do curso de engenharia de produ\u00e7\u00e3o para consulta dos&#8230;<\/p>\n","protected":false},"author":33,"featured_media":0,"parent":50,"menu_order":0,"comment_status":"closed","ping_status":"closed","template":"","meta":{"footnotes":""},"class_list":["post-139","page","type-page","status-publish","hentry"],"_links":{"self":[{"href":"https:\/\/uenf.br\/graduacao\/engenharia-de-producao\/wp-json\/wp\/v2\/pages\/139","targetHints":{"allow":["GET"]}}],"collection":[{"href":"https:\/\/uenf.br\/graduacao\/engenharia-de-producao\/wp-json\/wp\/v2\/pages"}],"about":[{"href":"https:\/\/uenf.br\/graduacao\/engenharia-de-producao\/wp-json\/wp\/v2\/types\/page"}],"author":[{"embeddable":true,"href":"https:\/\/uenf.br\/graduacao\/engenharia-de-producao\/wp-json\/wp\/v2\/users\/33"}],"replies":[{"embeddable":true,"href":"https:\/\/uenf.br\/graduacao\/engenharia-de-producao\/wp-json\/wp\/v2\/comments?post=139"}],"version-history":[{"count":0,"href":"https:\/\/uenf.br\/graduacao\/engenharia-de-producao\/wp-json\/wp\/v2\/pages\/139\/revisions"}],"up":[{"embeddable":true,"href":"https:\/\/uenf.br\/graduacao\/engenharia-de-producao\/wp-json\/wp\/v2\/pages\/50"}],"wp:attachment":[{"href":"https:\/\/uenf.br\/graduacao\/engenharia-de-producao\/wp-json\/wp\/v2\/media?parent=139"}],"curies":[{"name":"wp","href":"https:\/\/api.w.org\/{rel}","templated":true}]}}