{"id":16,"date":"2022-11-07T16:30:30","date_gmt":"2022-11-07T19:30:30","guid":{"rendered":"https:\/\/uenf.br\/graduacao\/engenharia-de-producao\/?page_id=16"},"modified":"2024-11-04T16:51:53","modified_gmt":"2024-11-04T19:51:53","slug":"objetivos-do-curso","status":"publish","type":"page","link":"https:\/\/uenf.br\/graduacao\/engenharia-de-producao\/apresentacao\/objetivos-do-curso\/","title":{"rendered":"Objetivos do Curso"},"content":{"rendered":"<p>O objetivo essencial do curso \u00e9 formar profissionais para atuarem na \u00e1rea de Engenharia de Produ\u00e7\u00e3o que:<\/p>\n<ul>\n<li>Possuam a forma\u00e7\u00e3o de engenharia a partir da natureza geral do conhecimento pr\u00f3prio de engenharia;<\/li>\n<li>Desenvolvam compet\u00eancias e habilidades dentro da base tecnol\u00f3gica da Engenharia de Produ\u00e7\u00e3o consubstanciada em suas 10 \u00e1reas<\/li>\n<li>Sejam capazes de desempenhar as suas atividades dentro do preconizado pela legisla\u00e7\u00e3o atual e em conson\u00e2ncia com as necessidades da sociedade;<\/li>\n<li>Atendam ao perfil geral e espec\u00edfico esperado para o profissional formado pela UENF segundo diretrizes do idealizador da universidade: professor Darcy Ribeiro;<\/li>\n<li>Estejam sintonizados com o que ocorre local, regional e nacionalmente sem perder de vista o que acontece no mundo atual.<\/li>\n<li>Tenham consci\u00eancia de ser agente da evolu\u00e7\u00e3o econ\u00f4mica e social sem esquecer a sustentabilidade do Meio Ambiente.<\/li>\n<li>Sejam capazes de atualiza\u00e7\u00e3o e de ter aprendido a apreender.<\/li>\n<li>Atuem com \u00e9tica e esp\u00edrito empreendedor.<\/li>\n<\/ul>\n<p><a href=\"https:\/\/portal.abepro.org.br\/profissao\/\">saiba mais aqui<\/a> <\/p>\n","protected":false},"excerpt":{"rendered":"<p>O objetivo essencial do curso \u00e9 formar profissionais para atuarem na \u00e1rea de Engenharia de Produ\u00e7\u00e3o que: Possuam a forma\u00e7\u00e3o&#8230;<\/p>\n","protected":false},"author":26,"featured_media":0,"parent":9,"menu_order":6,"comment_status":"closed","ping_status":"closed","template":"","meta":{"footnotes":""},"class_list":["post-16","page","type-page","status-publish","hentry"],"_links":{"self":[{"href":"https:\/\/uenf.br\/graduacao\/engenharia-de-producao\/wp-json\/wp\/v2\/pages\/16","targetHints":{"allow":["GET"]}}],"collection":[{"href":"https:\/\/uenf.br\/graduacao\/engenharia-de-producao\/wp-json\/wp\/v2\/pages"}],"about":[{"href":"https:\/\/uenf.br\/graduacao\/engenharia-de-producao\/wp-json\/wp\/v2\/types\/page"}],"author":[{"embeddable":true,"href":"https:\/\/uenf.br\/graduacao\/engenharia-de-producao\/wp-json\/wp\/v2\/users\/26"}],"replies":[{"embeddable":true,"href":"https:\/\/uenf.br\/graduacao\/engenharia-de-producao\/wp-json\/wp\/v2\/comments?post=16"}],"version-history":[{"count":0,"href":"https:\/\/uenf.br\/graduacao\/engenharia-de-producao\/wp-json\/wp\/v2\/pages\/16\/revisions"}],"up":[{"embeddable":true,"href":"https:\/\/uenf.br\/graduacao\/engenharia-de-producao\/wp-json\/wp\/v2\/pages\/9"}],"wp:attachment":[{"href":"https:\/\/uenf.br\/graduacao\/engenharia-de-producao\/wp-json\/wp\/v2\/media?parent=16"}],"curies":[{"name":"wp","href":"https:\/\/api.w.org\/{rel}","templated":true}]}}