{"id":44,"date":"2024-06-10T17:04:29","date_gmt":"2024-06-10T20:04:29","guid":{"rendered":"https:\/\/uenf.br\/graduacao\/engenharia-de-producao\/?page_id=44"},"modified":"2025-08-06T20:43:17","modified_gmt":"2025-08-06T23:43:17","slug":"grade-curricular","status":"publish","type":"page","link":"https:\/\/uenf.br\/graduacao\/engenharia-de-producao\/grade-curricular\/","title":{"rendered":"Matriz Curricular"},"content":{"rendered":"<p>A matriz curricular de Engenharia de Produ\u00e7\u00e3o oferece uma base s\u00f3lida em matem\u00e1tica, f\u00edsica e engenharia, al\u00e9m de explorar temas como otimiza\u00e7\u00e3o de processos, gest\u00e3o da produ\u00e7\u00e3o e log\u00edstica. Combinando conhecimentos t\u00e9cnicos e habilidades de gest\u00e3o, prepara os alunos para enfrentar os desafios da ind\u00fastria, capacitando-os a melhorar a efici\u00eancia e competitividade das organiza\u00e7\u00f5es.<\/p>\n<p>&nbsp;<\/p>\n<p><a href=\"https:\/\/uenf.br\/graduacao\/engenharia-de-producao\/wp-content\/uploads\/sites\/16\/2025\/08\/Matriz-2023-Eng-de-Producao-atualizada-2024.pdf\">Matriz 2023 Eng de Produ\u00e7\u00e3o (atualizada 2024)<\/a><\/p>\n","protected":false},"excerpt":{"rendered":"<p>A matriz curricular de Engenharia de Produ\u00e7\u00e3o oferece uma base s\u00f3lida em matem\u00e1tica, f\u00edsica e engenharia, al\u00e9m de explorar temas&#8230;<\/p>\n","protected":false},"author":33,"featured_media":0,"parent":0,"menu_order":7,"comment_status":"closed","ping_status":"closed","template":"","meta":{"footnotes":""},"class_list":["post-44","page","type-page","status-publish","hentry"],"_links":{"self":[{"href":"https:\/\/uenf.br\/graduacao\/engenharia-de-producao\/wp-json\/wp\/v2\/pages\/44","targetHints":{"allow":["GET"]}}],"collection":[{"href":"https:\/\/uenf.br\/graduacao\/engenharia-de-producao\/wp-json\/wp\/v2\/pages"}],"about":[{"href":"https:\/\/uenf.br\/graduacao\/engenharia-de-producao\/wp-json\/wp\/v2\/types\/page"}],"author":[{"embeddable":true,"href":"https:\/\/uenf.br\/graduacao\/engenharia-de-producao\/wp-json\/wp\/v2\/users\/33"}],"replies":[{"embeddable":true,"href":"https:\/\/uenf.br\/graduacao\/engenharia-de-producao\/wp-json\/wp\/v2\/comments?post=44"}],"version-history":[{"count":0,"href":"https:\/\/uenf.br\/graduacao\/engenharia-de-producao\/wp-json\/wp\/v2\/pages\/44\/revisions"}],"wp:attachment":[{"href":"https:\/\/uenf.br\/graduacao\/engenharia-de-producao\/wp-json\/wp\/v2\/media?parent=44"}],"curies":[{"name":"wp","href":"https:\/\/api.w.org\/{rel}","templated":true}]}}