{"id":112,"date":"2014-12-10T21:18:23","date_gmt":"2014-12-10T21:18:23","guid":{"rendered":"https:\/\/uenf.br\/graduacao\/licenciatura-biologia\/?page_id=112"},"modified":"2020-01-29T16:25:03","modified_gmt":"2020-01-29T19:25:03","slug":"pessoal","status":"publish","type":"page","link":"https:\/\/uenf.br\/graduacao\/licenciatura-biologia\/pessoal\/","title":{"rendered":"Pessoal"},"content":{"rendered":"<p>O Curso de Licenciatura conta com a infraestrutura pessoal do Centro de Bioci\u00eancias e Biotecnologia. O CBB possui cerca de 55 professores doutores, engajados em seis laborat\u00f3rios. A Secretaria do Curso funciona atualmente com o coordenador, uma t\u00e9cnica em laborat\u00f3rio (para auxiliar nas aulas pr\u00e1ticas) e uma secret\u00e1ria administrativa.<\/p>\n","protected":false},"excerpt":{"rendered":"<p>O Curso de Licenciatura conta com a infraestrutura pessoal do Centro de Bioci\u00eancias e Biotecnologia. O CBB possui cerca de&#8230;<\/p>\n","protected":false},"author":11,"featured_media":0,"parent":0,"menu_order":9,"comment_status":"open","ping_status":"closed","template":"","meta":{"footnotes":""},"class_list":["post-112","page","type-page","status-publish","hentry"],"_links":{"self":[{"href":"https:\/\/uenf.br\/graduacao\/licenciatura-biologia\/wp-json\/wp\/v2\/pages\/112","targetHints":{"allow":["GET"]}}],"collection":[{"href":"https:\/\/uenf.br\/graduacao\/licenciatura-biologia\/wp-json\/wp\/v2\/pages"}],"about":[{"href":"https:\/\/uenf.br\/graduacao\/licenciatura-biologia\/wp-json\/wp\/v2\/types\/page"}],"author":[{"embeddable":true,"href":"https:\/\/uenf.br\/graduacao\/licenciatura-biologia\/wp-json\/wp\/v2\/users\/11"}],"replies":[{"embeddable":true,"href":"https:\/\/uenf.br\/graduacao\/licenciatura-biologia\/wp-json\/wp\/v2\/comments?post=112"}],"version-history":[{"count":0,"href":"https:\/\/uenf.br\/graduacao\/licenciatura-biologia\/wp-json\/wp\/v2\/pages\/112\/revisions"}],"wp:attachment":[{"href":"https:\/\/uenf.br\/graduacao\/licenciatura-biologia\/wp-json\/wp\/v2\/media?parent=112"}],"curies":[{"name":"wp","href":"https:\/\/api.w.org\/{rel}","templated":true}]}}