{"id":153,"date":"2015-02-06T19:37:24","date_gmt":"2015-02-06T19:37:24","guid":{"rendered":"https:\/\/uenf.br\/graduacao\/licenciatura-biologia\/?page_id=153"},"modified":"2020-01-29T16:31:50","modified_gmt":"2020-01-29T19:31:50","slug":"regulamentacoes","status":"publish","type":"page","link":"https:\/\/uenf.br\/graduacao\/licenciatura-biologia\/atividades-academico-cientifico-culturais\/regulamentacoes\/","title":{"rendered":"Regulamenta\u00e7\u00f5es"},"content":{"rendered":"<p><strong>REGULAMENTA\u00c7\u00c3O PARA AS ATIVIDADES ACAD\u00caMICO-CIENT\u00cdFICO-CULTURAIS DO CURSO DE LICENCIATURA EM CI\u00caNCIAS BIOL\u00d3GICAS\u00a0DA UENF<\/strong><\/p>\n<p>&nbsp;<\/p>\n<p>A introdu\u00e7\u00e3o das Atividades Acad\u00eamico Cient\u00edfico Culturais (AACC) na grade curricular do curso de Licenciatura em Ci\u00eancias Biol\u00f3gicas\u00a0tem por finalidade proporcionar o enriquecimento curricular, favorecendo a forma\u00e7\u00e3o mais ampla do professor, seu conhecimento da realidade dos v\u00e1rios grupos sociais, seus saberes e manifesta\u00e7\u00f5es culturais. \u00a0Estas atividades est\u00e3o previstas nas resolu\u00e7\u00f5es do Conselho Nacional de Educa\u00e7\u00e3o (resolu\u00e7\u00e3o CNE\/CP 2\/2002 e resolu\u00e7\u00e3o CNE\/CES 2\/2007), tendo uma exig\u00eancia m\u00ednima de 200 h para a integraliza\u00e7\u00e3o dessa disciplina na grade do curso.<\/p>\n<p>&nbsp;<\/p>\n<p><strong>CRIT\u00c9RIOS PARA APROVEITAMENTO DAS ATIVIDADES ACAD\u00caMICO CIENT\u00cdFICO CULTURAIS<\/strong><\/p>\n<p>&nbsp;<\/p>\n<p>&nbsp;<\/p>\n<ol>\n<li>Para integraliza\u00e7\u00e3o da estrutura curricular do curso de gradua\u00e7\u00e3o, em conformidade com a legisla\u00e7\u00e3o educacional, os acad\u00eamicos dever\u00e3o apresentar a comprova\u00e7\u00e3o das horas de Atividades Acad\u00eamico-Cient\u00edfico-Culturais (AACC).<\/li>\n<\/ol>\n<p>As Atividades Acad\u00eamico-Cient\u00edfico-Culturais integram obrigatoriamente o curr\u00edculo dos cursos de gradua\u00e7\u00e3o e constituem-se como requisito indispens\u00e1vel para a cola\u00e7\u00e3o de grau, sendo parte do aprofundamento da forma\u00e7\u00e3o acad\u00eamica.<\/p>\n<p>Desta forma, caso o acad\u00eamico n\u00e3o cumpra com a carga hor\u00e1ria obrigat\u00f3ria das AACC, ficar\u00e1 impossibilitado de participar da cola\u00e7\u00e3o de grau, devendo cumpri-la na \u00edntegra no semestre ou per\u00edodo letivo imediatamente posterior.<\/p>\n<p>&nbsp;<\/p>\n<p>As atividades podem ser realizadas em 03 (tr\u00eas) grupos, a saber:<\/p>\n<p>&nbsp;<\/p>\n<p>Grupo I: Atividades de Ensino e Inicia\u00e7\u00e3o \u00e0 Doc\u00eancia;<\/p>\n<p>Grupo II: Atividades de Inicia\u00e7\u00e3o \u00e0 Pesquisa;<\/p>\n<p>Grupo III: Atividades de Extens\u00e3o e Atividades\/Eventos Variados.<\/p>\n<p>&nbsp;<\/p>\n<p>&nbsp;<\/p>\n<ol>\n<li>Para efetiva\u00e7\u00e3o da referida determina\u00e7\u00e3o, ser\u00e3o estabelecidos, a seguir, os crit\u00e9rios de inclus\u00e3o de documentos para comprova\u00e7\u00e3o dessas horas, assim como os procedimentos a serem adotados pelos acad\u00eamicos e Coordena\u00e7\u00e3o do curso de gradua\u00e7\u00e3o.<\/li>\n<\/ol>\n<p>&nbsp;<\/p>\n<p>Compete ao Coordenador do Curso, no que se refere \u00e0s atividades orientar os alunos quanto as d\u00favidas referentes as atividades a serem desenvolvidas pelos acad\u00eamicos conforme a necessidade para integraliza\u00e7\u00e3o na sua matriz curricular; referentes ao tipo de atividade, respectiva carga hor\u00e1ria computada, o per\u00edodo de entrega da documenta\u00e7\u00e3o para c\u00f4mputo das atividades, etc.<\/p>\n<p>&nbsp;<\/p>\n<p><strong>III.<\/strong> Crit\u00e9rios para apresenta\u00e7\u00e3o de documentos com vistas \u00e0 comprova\u00e7\u00e3o das horas relativas \u00e0s Atividades Acad\u00eamico-Cient\u00edfico-Culturais:<\/p>\n<p>&nbsp;<\/p>\n<ol>\n<li>Ser\u00e3o aceitos certificados e\/ou declara\u00e7\u00f5es de participa\u00e7\u00e3o em: semin\u00e1rios, palestras, jornadas cient\u00edficas e outros eventos acad\u00eamico-cient\u00edfico-culturais.<\/li>\n<\/ol>\n<p>&nbsp;<\/p>\n<ol start=\"2\">\n<li>Poder\u00e1 ser computada a carga hor\u00e1ria de disciplinas cursadas no mesmo per\u00edodo do curso vigente (com aprova\u00e7\u00e3o) na UENF, ou em outra Institui\u00e7\u00e3o, cuja tem\u00e1tica seja relacionada \u00e0 \u00e1rea de forma\u00e7\u00e3o do curso; que n\u00e3o fa\u00e7a parte da grade do curso e que tenha sido aproveitada anteriormente.<\/li>\n<\/ol>\n<p>&nbsp;<\/p>\n<ol start=\"3\">\n<li>Poder\u00e3o ser aproveitadas as cargas hor\u00e1rias constantes de certificados e\/ou declara\u00e7\u00f5es de monitoria e de participa\u00e7\u00f5es em comiss\u00f5es cient\u00edfico-culturais, de organiza\u00e7\u00e3o de eventos desde que estejam co-relacionadas \u00e0 \u00e1rea de forma\u00e7\u00e3o do curso.<\/li>\n<\/ol>\n<p>&nbsp;<\/p>\n<ol start=\"4\">\n<li>Ser\u00e3o aceitos projetos, oficinas e atividades de ensino, realizadas nas escolas, mediante certificado emitido pela Unidade de Ensino, desde que a carga hor\u00e1ria dessa atividade n\u00e3o tenha sido computada para as disciplinas de Est\u00e1gio Supervisionado I, II, Est\u00e1gio Supervisionado \u2013 Pr\u00e1tica de Ensino I e II.<\/li>\n<\/ol>\n<p>&nbsp;<\/p>\n<ol start=\"5\">\n<li>Do aproveitamento das atividades de inicia\u00e7\u00e3o cient\u00edfica e extens\u00e3o: ser\u00e3o aproveitadas as horas das atividades relacionadas a participa\u00e7\u00e3o em projetos de pesquisa e extens\u00e3o, devidamente orientadas por professores. Quando esse projeto estiver relacionado ao seu trabalho de monografia de final de curso, as cargas hor\u00e1rias referentes \u00e0s disciplinas de monografia I e II (306 h) ser\u00e3o devidamente diminu\u00eddas da carga hor\u00e1ria total declarada.<\/li>\n<\/ol>\n<p>&nbsp;<\/p>\n<ol start=\"6\">\n<li>Ser\u00e3o aceitas horas de trabalho na organiza\u00e7\u00e3o ou participa\u00e7\u00e3o em campanhas de voluntariado ou programas de a\u00e7\u00e3o social. Participa\u00e7\u00e3o em programas de interc\u00e2mbio institucional, nacional e\/ou internacional, Est\u00e1gios extracurriculares em institui\u00e7\u00f5es e empresas p\u00fablicas ou privadas ou em \u00f3rg\u00e3os p\u00fablicos, desempenhando atividades relacionadas com as \u00e1reas dos cursos de gradua\u00e7\u00e3o, desde que orientadas e atendidas \u00e0s exig\u00eancias legais.<\/li>\n<\/ol>\n<p>&nbsp;<\/p>\n<ol start=\"7\">\n<li>Ser\u00e3o aceitos cursos de idiomas (incluindo Portugu\u00eas), Comunica\u00e7\u00e3o e Express\u00e3o e de Inform\u00e1tica.<\/li>\n<\/ol>\n<p>&nbsp;<\/p>\n<ol start=\"8\">\n<li>Todos os certificados e\/ou declara\u00e7\u00f5es dever\u00e3o ser emitidos pelos coordenadores do evento, ou dos projetos, ou dos programas de Inicia\u00e7\u00e3o cient\u00edfica, extens\u00e3o, etc ou ainda por representante legais das institui\u00e7\u00f5es ou empresas. E quando se aplicar, conter a identifica\u00e7\u00e3o da Institui\u00e7\u00e3o promotora do mesmo.<\/li>\n<\/ol>\n<p>&nbsp;<\/p>\n<ol>\n<li>Procedimentos a serem adotados para entrega dos documentos \u00e0 coordena\u00e7\u00e3o do curso;<\/li>\n<li>Os acad\u00eamicos dever\u00e3o apresentar os documentos relativos aos itens acima, observando os seguintes procedimentos:<\/li>\n<\/ol>\n<p>&nbsp;<\/p>\n<ol>\n<li>a) Preencher e assinar o formul\u00e1rio anexo;<\/li>\n<li>b) Anexar uma c\u00f3pia simples do documento comprobat\u00f3rio das horas a serem contabilizadas, juntamente com o original, para que o coordenador ateste a veracidade do mesmo;<\/li>\n<li>c) Apresentar, no caso de aproveitamento de disciplinas, o programa da disciplina cursada e o Hist\u00f3rico Escolar da Institui\u00e7\u00e3o de origem;<\/li>\n<li>d) Protocolar junto \u00e0 secretaria o requerimento de contabiliza\u00e7\u00e3o de carga hor\u00e1ria.<\/li>\n<\/ol>\n<p>Obs: Caso n\u00e3o seja anexada a comprova\u00e7\u00e3o de alguma atividade descrita, o c\u00f4mputo da carga hor\u00e1ria ser\u00e1 indeferido.<\/p>\n<p>&nbsp;<\/p>\n<ol start=\"2\">\n<li>A coordena\u00e7\u00e3o de curso caber\u00e1:<\/li>\n<li>a) Receber os formul\u00e1rios, certificados e\/ou declara\u00e7\u00f5es de todos os acad\u00eamicos.<\/li>\n<li>b) Conferir a documenta\u00e7\u00e3o entregue e computar as horas das AACC aproveitas.<\/li>\n<li>c) Devolver, ap\u00f3s a confer\u00eancia, os originais dos certificados e\/ou declara\u00e7\u00f5es ao acad\u00eamico.<\/li>\n<li>d) Enviar o referido resultado, via ata de disciplina, a Secretaria Acad\u00eamica para a integraliza\u00e7\u00e3o definitiva das AACC.<\/li>\n<\/ol>\n<p>&nbsp;<\/p>\n","protected":false},"excerpt":{"rendered":"<p>REGULAMENTA\u00c7\u00c3O PARA AS ATIVIDADES ACAD\u00caMICO-CIENT\u00cdFICO-CULTURAIS DO CURSO DE LICENCIATURA EM CI\u00caNCIAS BIOL\u00d3GICAS\u00a0DA UENF &nbsp; A introdu\u00e7\u00e3o das Atividades Acad\u00eamico Cient\u00edfico&#8230;<\/p>\n","protected":false},"author":11,"featured_media":0,"parent":867,"menu_order":1,"comment_status":"open","ping_status":"open","template":"","meta":{"footnotes":""},"class_list":["post-153","page","type-page","status-publish","hentry"],"_links":{"self":[{"href":"https:\/\/uenf.br\/graduacao\/licenciatura-biologia\/wp-json\/wp\/v2\/pages\/153","targetHints":{"allow":["GET"]}}],"collection":[{"href":"https:\/\/uenf.br\/graduacao\/licenciatura-biologia\/wp-json\/wp\/v2\/pages"}],"about":[{"href":"https:\/\/uenf.br\/graduacao\/licenciatura-biologia\/wp-json\/wp\/v2\/types\/page"}],"author":[{"embeddable":true,"href":"https:\/\/uenf.br\/graduacao\/licenciatura-biologia\/wp-json\/wp\/v2\/users\/11"}],"replies":[{"embeddable":true,"href":"https:\/\/uenf.br\/graduacao\/licenciatura-biologia\/wp-json\/wp\/v2\/comments?post=153"}],"version-history":[{"count":0,"href":"https:\/\/uenf.br\/graduacao\/licenciatura-biologia\/wp-json\/wp\/v2\/pages\/153\/revisions"}],"up":[{"embeddable":true,"href":"https:\/\/uenf.br\/graduacao\/licenciatura-biologia\/wp-json\/wp\/v2\/pages\/867"}],"wp:attachment":[{"href":"https:\/\/uenf.br\/graduacao\/licenciatura-biologia\/wp-json\/wp\/v2\/media?parent=153"}],"curies":[{"name":"wp","href":"https:\/\/api.w.org\/{rel}","templated":true}]}}