{"id":213,"date":"2015-02-24T19:43:20","date_gmt":"2015-02-24T19:43:20","guid":{"rendered":"https:\/\/uenf.br\/graduacao\/licenciatura-biologia\/?page_id=213"},"modified":"2020-01-29T17:02:24","modified_gmt":"2020-01-29T20:02:24","slug":"formatura","status":"publish","type":"page","link":"https:\/\/uenf.br\/graduacao\/licenciatura-biologia\/formatura\/","title":{"rendered":"Formatura"},"content":{"rendered":"<p>A solenidade de formatura consiste de uma Cerim\u00f4nia de Outorga ou Cola\u00e7\u00e3o de Grau que \u00a0\u00e9 um ato oficial da UENF e ser\u00e1 sempre em sess\u00e3o solene, ap\u00f3s o final de cada semestre letivo, sendo organizada pela Universidade.<br \/>\nO n\u00famero de solenidades de Cola\u00e7\u00e3o de Grau em cada\u00a0semestre ser\u00e1 aprovado e homologado pelo Colegiado Acad\u00eamico, de acordo com<br \/>\nas necessidades, possibilidades e quantidade de formandos, podendo ser coletiva\u00a0ou separada por Curso ou por Centro.<\/p>\n","protected":false},"excerpt":{"rendered":"<p>A solenidade de formatura consiste de uma Cerim\u00f4nia de Outorga ou Cola\u00e7\u00e3o de Grau que \u00a0\u00e9 um ato oficial da&#8230;<\/p>\n","protected":false},"author":11,"featured_media":0,"parent":0,"menu_order":17,"comment_status":"open","ping_status":"open","template":"","meta":{"footnotes":""},"class_list":["post-213","page","type-page","status-publish","hentry"],"_links":{"self":[{"href":"https:\/\/uenf.br\/graduacao\/licenciatura-biologia\/wp-json\/wp\/v2\/pages\/213","targetHints":{"allow":["GET"]}}],"collection":[{"href":"https:\/\/uenf.br\/graduacao\/licenciatura-biologia\/wp-json\/wp\/v2\/pages"}],"about":[{"href":"https:\/\/uenf.br\/graduacao\/licenciatura-biologia\/wp-json\/wp\/v2\/types\/page"}],"author":[{"embeddable":true,"href":"https:\/\/uenf.br\/graduacao\/licenciatura-biologia\/wp-json\/wp\/v2\/users\/11"}],"replies":[{"embeddable":true,"href":"https:\/\/uenf.br\/graduacao\/licenciatura-biologia\/wp-json\/wp\/v2\/comments?post=213"}],"version-history":[{"count":0,"href":"https:\/\/uenf.br\/graduacao\/licenciatura-biologia\/wp-json\/wp\/v2\/pages\/213\/revisions"}],"wp:attachment":[{"href":"https:\/\/uenf.br\/graduacao\/licenciatura-biologia\/wp-json\/wp\/v2\/media?parent=213"}],"curies":[{"name":"wp","href":"https:\/\/api.w.org\/{rel}","templated":true}]}}