{"id":62,"date":"2014-12-10T18:16:57","date_gmt":"2014-12-10T18:16:57","guid":{"rendered":"https:\/\/uenf.br\/graduacao\/licenciatura-biologia\/?page_id=62"},"modified":"2023-09-13T20:11:10","modified_gmt":"2023-09-13T23:11:10","slug":"matriz-curricular","status":"publish","type":"page","link":"https:\/\/uenf.br\/graduacao\/licenciatura-biologia\/matriz-curricular\/","title":{"rendered":"Matriz Curricular"},"content":{"rendered":"<p><strong>MATRIZ CURRICULAR DO CURSO<\/strong><\/p>\n<p>A proposta curricular montada para o curso de Ci\u00eancias Biol\u00f3gicas \/ Habilita\u00e7\u00e3o Licenciatura, visa atender as Diretrizes do Conselho Nacional de Educa\u00e7\u00e3o, para uma melhor prepara\u00e7\u00e3o do Professor de Biologia e de Ci\u00eancias, para o ensino fundamental e m\u00e9dio. A proposta incorpora horas de disciplinas espec\u00edficas das \u00e1reas de ci\u00eancias e biologia, disciplinas pedag\u00f3gicas que visam embasar e preparar o futuro profissional para o exerc\u00edcio do magist\u00e9rio, bem como carga hor\u00e1ria de Pr\u00e1tica Curricular onde o discente \u00e9 preparado para o desenvolvimento e para o treinamento de habilidades pedag\u00f3gicas para o ensino de Ci\u00eancias e Biologia, nominada de instrumenta\u00e7\u00f5es para o ensino.<\/p>\n<p>A matriz curricular \u00e9 constitu\u00edda por uma sequ\u00eancia l\u00f3gica de disciplinas, para completar o curso em 10 per\u00edodos letivos de 100 dias cada, embora possa ser integralizado em menos ou mais tempo, dependendo do perfil do discente.<\/p>\n<p><a href=\"https:\/\/uenf.br\/graduacao\/licenciatura-biologia\/wp-content\/uploads\/sites\/6\/2023\/06\/MC-2023-PPC-Versao-final-1.pdf\">Matriz Curricular para alunos ingressantes a partir de 2023 &#8211; clique aqui<\/a><\/p>\n<p><a href=\"https:\/\/uenf.br\/graduacao\/licenciatura-biologia\/wp-content\/uploads\/sites\/6\/2022\/05\/Matriz-Curricular-para-alunos-ingressantes-a-partir-de-2020.pdf\">Matriz Curricular para alunos ingressantes a partir de 2020 at\u00e9 2022 &#8211; clique aqui<\/a><\/p>\n<p>Matriz Curricular para alunos ingressantes at\u00e9 2019 &#8211; <a href=\"https:\/\/uenf.br\/graduacao\/licenciatura-biologia\/wp-content\/uploads\/sites\/6\/2020\/01\/Oficial-em-vigor-a-partir-2019-2-alunos-at\u00e9-2019.doc\"> clique aqui<\/a><\/p>\n<p>&nbsp;<\/p>\n","protected":false},"excerpt":{"rendered":"<p>MATRIZ CURRICULAR DO CURSO A proposta curricular montada para o curso de Ci\u00eancias Biol\u00f3gicas \/ Habilita\u00e7\u00e3o Licenciatura, visa atender as&#8230;<\/p>\n","protected":false},"author":11,"featured_media":0,"parent":0,"menu_order":5,"comment_status":"open","ping_status":"closed","template":"","meta":{"footnotes":""},"class_list":["post-62","page","type-page","status-publish","hentry"],"_links":{"self":[{"href":"https:\/\/uenf.br\/graduacao\/licenciatura-biologia\/wp-json\/wp\/v2\/pages\/62","targetHints":{"allow":["GET"]}}],"collection":[{"href":"https:\/\/uenf.br\/graduacao\/licenciatura-biologia\/wp-json\/wp\/v2\/pages"}],"about":[{"href":"https:\/\/uenf.br\/graduacao\/licenciatura-biologia\/wp-json\/wp\/v2\/types\/page"}],"author":[{"embeddable":true,"href":"https:\/\/uenf.br\/graduacao\/licenciatura-biologia\/wp-json\/wp\/v2\/users\/11"}],"replies":[{"embeddable":true,"href":"https:\/\/uenf.br\/graduacao\/licenciatura-biologia\/wp-json\/wp\/v2\/comments?post=62"}],"version-history":[{"count":0,"href":"https:\/\/uenf.br\/graduacao\/licenciatura-biologia\/wp-json\/wp\/v2\/pages\/62\/revisions"}],"wp:attachment":[{"href":"https:\/\/uenf.br\/graduacao\/licenciatura-biologia\/wp-json\/wp\/v2\/media?parent=62"}],"curies":[{"name":"wp","href":"https:\/\/api.w.org\/{rel}","templated":true}]}}