{"id":128,"date":"2018-07-19T18:29:49","date_gmt":"2018-07-19T21:29:49","guid":{"rendered":"https:\/\/uenf.br\/graduacao\/licenciatura-fisica\/?page_id=128"},"modified":"2020-07-03T12:25:06","modified_gmt":"2020-07-03T15:25:06","slug":"matriz-curricular","status":"publish","type":"page","link":"https:\/\/uenf.br\/graduacao\/licenciatura-fisica\/o-curso\/matriz-curricular\/","title":{"rendered":"Matriz Curricular"},"content":{"rendered":"<p class=\"western\">A Matriz Curricular do curso de F\u00edsica \u00e9 parte integrante do Projeto Pedag\u00f3gico de Curso (<span style=\"color: #0000ff\"><a style=\"color: #0000ff\" href=\"https:\/\/uenf.br\/graduacao\/licenciatura-fisica\/o-curso\/projeto-pedagogico-do-curso\/\">PPC<\/a><\/span>) <span style=\"color: #000000\">e \u00e9 v\u00e1lida para ingressantes no curso desde 2018<\/span>.<\/p>\n<p class=\"western\">O curso possui uma carga hor\u00e1ria total de 3264 horas de trabalho acad\u00eamico, incluindo disciplinas obrigat\u00f3rias, disciplinas optativas e exig\u00eancias curriculares na forma de est\u00e1gios supervisionados, atividades complementares e trabalho de conclus\u00e3o de curso.<\/p>\n<p class=\"western\">Os Est\u00e1gios Curriculares Supervisionados (<span style=\"color: #0000ff\"><a style=\"color: #0000ff\" href=\"https:\/\/uenf.br\/graduacao\/licenciatura-fisica\/o-curso\/estagios-supervisionados\/\">ECS<\/a><\/span>) s\u00e3o componentes curriculares obrigat\u00f3rios que totalizam 408 horas, distribu\u00eddas em quatro per\u00edodos letivos. \u00c9 tamb\u00e9m exigido um m\u00ednimo de 204 horas de Atividades Acad\u00eamicas Complementares (<span style=\"color: #0000ff\"><a style=\"color: #0000ff\" href=\"https:\/\/uenf.br\/graduacao\/licenciatura-fisica\/o-curso\/atividades-academicas-cientifico-culturais\/\">AAC<\/a><\/span>), cujos certificados devem ser validados pela coordena\u00e7\u00e3o no \u00faltimo per\u00edodo letivo. O Trabalho de Conclus\u00e3o de Curso (<span style=\"color: #0000ff\"><a style=\"color: #0000ff\" href=\"https:\/\/uenf.br\/graduacao\/licenciatura-fisica\/o-curso\/trabalho-de-conclusao-de-curso\/\">TCC<\/a><\/span>) contabiliza 102 horas, e deve ser realizado ap\u00f3s o estudante cumprir o m\u00ednimo de 80% da carga hor\u00e1ria total do curso.<\/p>\n<p class=\"western\">A seguir apresentamos a distribui\u00e7\u00e3o ideal de todas as componentes curriculares no decorrer dos per\u00edodos letivos.<\/p>\n<p>A Matriz Curricular est\u00e1 dispon\u00edvel para\u00a0 <span style=\"color: #0000ff\"><a style=\"color: #0000ff\" href=\"https:\/\/uenf.br\/graduacao\/licenciatura-fisica\/wp-content\/uploads\/sites\/10\/2020\/01\/PPC_Fisica_2019_Matriz-Curricular-1.pdf\">download aqui<\/a><\/span>. <a href=\"https:\/\/uenf.br\/graduacao\/licenciatura-fisica\/wp-content\/uploads\/sites\/10\/2020\/01\/PPC_Fisica_2019_Matriz-Curricular-1.pdf\" class=\"pdfemb-viewer\" style=\"\" data-width=\"max\" data-height=\"max\" data-toolbar=\"bottom\" data-toolbar-fixed=\"off\">PPC_Fisica_2019_Matriz Curricular<\/a><\/p>\n<p>A Matriz Curricular resumida est\u00e1 dispon\u00edvel para\u00a0 <span style=\"color: #0000ff\"><a style=\"color: #0000ff\" href=\"https:\/\/uenf.br\/graduacao\/licenciatura-fisica\/wp-content\/uploads\/sites\/10\/2020\/01\/MATRIZ_Fisica_2019.pdf\">download aqui<\/a><\/span>. <a href=\"https:\/\/uenf.br\/graduacao\/licenciatura-fisica\/wp-content\/uploads\/sites\/10\/2020\/01\/MATRIZ_Fisica_2019.pdf\" class=\"pdfemb-viewer\" style=\"\" data-width=\"max\" data-height=\"max\" data-toolbar=\"bottom\" data-toolbar-fixed=\"off\">MATRIZ_Fisica_2019<\/a><\/p>\n<p>&nbsp;<\/p>\n<p>&nbsp;<\/p>\n<p>&nbsp;<\/p>\n","protected":false},"excerpt":{"rendered":"<p>A Matriz Curricular do curso de F\u00edsica \u00e9 parte integrante do Projeto Pedag\u00f3gico de Curso (PPC) e \u00e9 v\u00e1lida para&#8230;<\/p>\n","protected":false},"author":17,"featured_media":0,"parent":126,"menu_order":2,"comment_status":"closed","ping_status":"closed","template":"","meta":{"footnotes":""},"class_list":["post-128","page","type-page","status-publish","hentry"],"_links":{"self":[{"href":"https:\/\/uenf.br\/graduacao\/licenciatura-fisica\/wp-json\/wp\/v2\/pages\/128","targetHints":{"allow":["GET"]}}],"collection":[{"href":"https:\/\/uenf.br\/graduacao\/licenciatura-fisica\/wp-json\/wp\/v2\/pages"}],"about":[{"href":"https:\/\/uenf.br\/graduacao\/licenciatura-fisica\/wp-json\/wp\/v2\/types\/page"}],"author":[{"embeddable":true,"href":"https:\/\/uenf.br\/graduacao\/licenciatura-fisica\/wp-json\/wp\/v2\/users\/17"}],"replies":[{"embeddable":true,"href":"https:\/\/uenf.br\/graduacao\/licenciatura-fisica\/wp-json\/wp\/v2\/comments?post=128"}],"version-history":[{"count":0,"href":"https:\/\/uenf.br\/graduacao\/licenciatura-fisica\/wp-json\/wp\/v2\/pages\/128\/revisions"}],"up":[{"embeddable":true,"href":"https:\/\/uenf.br\/graduacao\/licenciatura-fisica\/wp-json\/wp\/v2\/pages\/126"}],"wp:attachment":[{"href":"https:\/\/uenf.br\/graduacao\/licenciatura-fisica\/wp-json\/wp\/v2\/media?parent=128"}],"curies":[{"name":"wp","href":"https:\/\/api.w.org\/{rel}","templated":true}]}}