{"id":283,"date":"2020-01-21T15:04:52","date_gmt":"2020-01-21T18:04:52","guid":{"rendered":"https:\/\/uenf.br\/graduacao\/licenciatura-fisica\/?page_id=283"},"modified":"2020-01-21T15:05:35","modified_gmt":"2020-01-21T18:05:35","slug":"modelo","status":"publish","type":"page","link":"https:\/\/uenf.br\/graduacao\/licenciatura-fisica\/o-curso\/trabalho-de-conclusao-de-curso\/modelo\/","title":{"rendered":"Modelo"},"content":{"rendered":"<p>Um modelo de formata\u00e7\u00e3o de texto adequado para o padr\u00e3o ABNT\u00a0 poder\u00e1 ser disponibilizado aqui. Colocamos \u00e0 disposi\u00e7\u00e3o dos alunos\u00a0um <em>template<\/em>\u00a0 para reda\u00e7\u00e3o do trabalho em LATeX.<\/p>\n","protected":false},"excerpt":{"rendered":"<p>Um modelo de formata\u00e7\u00e3o de texto adequado para o padr\u00e3o ABNT\u00a0 poder\u00e1 ser disponibilizado aqui. Colocamos \u00e0 disposi\u00e7\u00e3o dos alunos\u00a0um&#8230;<\/p>\n","protected":false},"author":17,"featured_media":0,"parent":137,"menu_order":1,"comment_status":"closed","ping_status":"closed","template":"","meta":{"footnotes":""},"class_list":["post-283","page","type-page","status-publish","hentry"],"_links":{"self":[{"href":"https:\/\/uenf.br\/graduacao\/licenciatura-fisica\/wp-json\/wp\/v2\/pages\/283","targetHints":{"allow":["GET"]}}],"collection":[{"href":"https:\/\/uenf.br\/graduacao\/licenciatura-fisica\/wp-json\/wp\/v2\/pages"}],"about":[{"href":"https:\/\/uenf.br\/graduacao\/licenciatura-fisica\/wp-json\/wp\/v2\/types\/page"}],"author":[{"embeddable":true,"href":"https:\/\/uenf.br\/graduacao\/licenciatura-fisica\/wp-json\/wp\/v2\/users\/17"}],"replies":[{"embeddable":true,"href":"https:\/\/uenf.br\/graduacao\/licenciatura-fisica\/wp-json\/wp\/v2\/comments?post=283"}],"version-history":[{"count":0,"href":"https:\/\/uenf.br\/graduacao\/licenciatura-fisica\/wp-json\/wp\/v2\/pages\/283\/revisions"}],"up":[{"embeddable":true,"href":"https:\/\/uenf.br\/graduacao\/licenciatura-fisica\/wp-json\/wp\/v2\/pages\/137"}],"wp:attachment":[{"href":"https:\/\/uenf.br\/graduacao\/licenciatura-fisica\/wp-json\/wp\/v2\/media?parent=283"}],"curies":[{"name":"wp","href":"https:\/\/api.w.org\/{rel}","templated":true}]}}