{"id":56,"date":"2023-04-30T21:33:02","date_gmt":"2023-05-01T00:33:02","guid":{"rendered":"https:\/\/uenf.br\/graduacao\/licenciatura-quimica\/?page_id=56"},"modified":"2023-04-30T21:34:16","modified_gmt":"2023-05-01T00:34:16","slug":"projeto-pedagogico","status":"publish","type":"page","link":"https:\/\/uenf.br\/graduacao\/licenciatura-quimica\/projeto-pedagogico\/","title":{"rendered":"Projeto Pedag\u00f3gico"},"content":{"rendered":"<p>Este documento apresenta o Projeto Pedag\u00f3gico do Curso de Gradua\u00e7\u00e3o em Qu\u00edmica, modalidade presencial, com habilita\u00e7\u00e3o em Licenciatura, da Universidade Estadual do Norte Fluminense Darcy Ribeiro, o qual resultou de um amplo processo de discuss\u00e3o, que envolveu o N\u00facleo Docente Estruturante (NDE), o Colegiado do Curso e os docentes do curso.<\/p>\n<p>A reforma curricular apresentada neste projeto para o Curso de Gradua\u00e7\u00e3o em Qu\u00edmica tem o objetivo de atualizar o curr\u00edculo da habilita\u00e7\u00e3o Licenciatura, ampliando a forma\u00e7\u00e3o do aluno, a fim de adequ\u00e1-lo aos desafios do crescimento da \u00e1rea e da sua import\u00e2ncia para a sociedade, al\u00e9m de atender \u00e0s normas emanadas do Conselho Nacional de Educa\u00e7\u00e3o (CNE) e \u00e0 necessidade de adequa\u00e7\u00e3o do curso \u00e0s Diretrizes Curriculares Nacionais para os Cursos de Qu\u00edmica, notadamente no que diz respeito \u00e0 Resolu\u00e7\u00e3o CNE\/CP N\u00ba 7 de 18 de dezembro de 2018, que estabeleceu as diretrizes para a extens\u00e3o na educa\u00e7\u00e3o superior brasileira, e \u00e0 Resolu\u00e7\u00e3o CNE\/CP N\u00ba 2 de 20 de dezembro de 2019, que definiu as Diretrizes Curriculares Nacionais para a Forma\u00e7\u00e3o Inicial de Professores para a Educa\u00e7\u00e3o B\u00e1sica e instituiu a Base Nacional Comum para a Forma\u00e7\u00e3o Inicial de Professores da Educa\u00e7\u00e3o B\u00e1sica (BNC-Forma\u00e7\u00e3o).<\/p>\n<p><a href=\"https:\/\/uenf.br\/graduacao\/licenciatura-quimica\/wp-content\/uploads\/sites\/17\/2023\/04\/Projeto-Politico-Pedagogico.pdf\">Projeto Pol\u00ectico-Pedag\u00f3gico<\/a><\/p>\n<p><a href=\"https:\/\/uenf.br\/graduacao\/licenciatura-quimica\/wp-content\/uploads\/sites\/17\/2023\/04\/Anexo-I-Ementas.pdf\">Anexo I -Ementas<\/a><\/p>\n<p><a href=\"https:\/\/uenf.br\/graduacao\/licenciatura-quimica\/wp-content\/uploads\/sites\/17\/2023\/04\/Anexo-II-Atividades-Academicas-Complementares.pdf\">Anexo II- Atividades Acad\u00eamicas Complementares<\/a><\/p>\n<p><a href=\"https:\/\/uenf.br\/graduacao\/licenciatura-quimica\/wp-content\/uploads\/sites\/17\/2023\/04\/Anexo-III-Atividades-Curriculares-de-Extensao.pdf\">Anexo III Atividades Curriculares de Extens\u00e3o<\/a><\/p>\n","protected":false},"excerpt":{"rendered":"<p>Este documento apresenta o Projeto Pedag\u00f3gico do Curso de Gradua\u00e7\u00e3o em Qu\u00edmica, modalidade presencial, com habilita\u00e7\u00e3o em Licenciatura, da Universidade&#8230;<\/p>\n","protected":false},"author":30,"featured_media":0,"parent":0,"menu_order":0,"comment_status":"closed","ping_status":"closed","template":"","meta":{"footnotes":""},"class_list":["post-56","page","type-page","status-publish","hentry"],"_links":{"self":[{"href":"https:\/\/uenf.br\/graduacao\/licenciatura-quimica\/wp-json\/wp\/v2\/pages\/56","targetHints":{"allow":["GET"]}}],"collection":[{"href":"https:\/\/uenf.br\/graduacao\/licenciatura-quimica\/wp-json\/wp\/v2\/pages"}],"about":[{"href":"https:\/\/uenf.br\/graduacao\/licenciatura-quimica\/wp-json\/wp\/v2\/types\/page"}],"author":[{"embeddable":true,"href":"https:\/\/uenf.br\/graduacao\/licenciatura-quimica\/wp-json\/wp\/v2\/users\/30"}],"replies":[{"embeddable":true,"href":"https:\/\/uenf.br\/graduacao\/licenciatura-quimica\/wp-json\/wp\/v2\/comments?post=56"}],"version-history":[{"count":0,"href":"https:\/\/uenf.br\/graduacao\/licenciatura-quimica\/wp-json\/wp\/v2\/pages\/56\/revisions"}],"wp:attachment":[{"href":"https:\/\/uenf.br\/graduacao\/licenciatura-quimica\/wp-json\/wp\/v2\/media?parent=56"}],"curies":[{"name":"wp","href":"https:\/\/api.w.org\/{rel}","templated":true}]}}