{"id":52,"date":"2021-04-05T13:21:09","date_gmt":"2021-04-05T16:21:09","guid":{"rendered":"https:\/\/uenf.br\/graduacao\/medicina-veterinaria\/?page_id=52"},"modified":"2026-01-26T10:53:11","modified_gmt":"2026-01-26T13:53:11","slug":"coordenacao-do-curso","status":"publish","type":"page","link":"https:\/\/uenf.br\/graduacao\/medicina-veterinaria\/coordenacao-do-curso\/","title":{"rendered":"Coordena\u00e7\u00e3o do curso"},"content":{"rendered":"<p>Prof. <a href=\"http:\/\/lattes.cnpq.br\/7737203994066205\" target=\"_blank\" rel=\"noopener\">Wilder Hernando Ortiz Vega<\/a><br \/>\nID Funcional: 445821-9<br \/>\nDSc em Ci\u00eancia Animal<br \/>\nM\u00e9dico Veterin\u00e1rio- CRMV-RJ 20059-VP<\/p>\n<p><img loading=\"lazy\" decoding=\"async\" class=\"alignnone size-medium wp-image-204\" src=\"https:\/\/uenf.br\/graduacao\/medicina-veterinaria\/wp-content\/uploads\/sites\/15\/2025\/08\/foto-coordenador-281x300.jpeg\" alt=\"\" width=\"281\" height=\"300\" srcset=\"https:\/\/uenf.br\/graduacao\/medicina-veterinaria\/wp-content\/uploads\/sites\/15\/2025\/08\/foto-coordenador-281x300.jpeg 281w, https:\/\/uenf.br\/graduacao\/medicina-veterinaria\/wp-content\/uploads\/sites\/15\/2025\/08\/foto-coordenador-959x1024.jpeg 959w, https:\/\/uenf.br\/graduacao\/medicina-veterinaria\/wp-content\/uploads\/sites\/15\/2025\/08\/foto-coordenador-768x820.jpeg 768w, https:\/\/uenf.br\/graduacao\/medicina-veterinaria\/wp-content\/uploads\/sites\/15\/2025\/08\/foto-coordenador-1438x1536.jpeg 1438w, https:\/\/uenf.br\/graduacao\/medicina-veterinaria\/wp-content\/uploads\/sites\/15\/2025\/08\/foto-coordenador.jpeg 1498w\" sizes=\"auto, (max-width: 281px) 100vw, 281px\" \/><\/p>\n<p><em><strong>Hor\u00e1rio atendimento alunos (per\u00edodo 2025\/2):<\/strong><\/em><\/p>\n<p>Segunda feira: 8:00- 12:00 e 14:00 -17:00<\/p>\n<p>Ter\u00e7a Feira: 8:00- 12:00 e 14:00 -17:00<\/p>\n<p>Sexta Feira: 8:00- 12:00<\/p>\n<p><img loading=\"lazy\" decoding=\"async\" class=\"alignnone size-medium wp-image-85\" src=\"https:\/\/uenf.br\/graduacao\/medicina-veterinaria\/wp-content\/uploads\/sites\/15\/2021\/05\/LogoCoogmvet-300x157.png\" alt=\"\" width=\"300\" height=\"157\" srcset=\"https:\/\/uenf.br\/graduacao\/medicina-veterinaria\/wp-content\/uploads\/sites\/15\/2021\/05\/LogoCoogmvet-300x157.png 300w, https:\/\/uenf.br\/graduacao\/medicina-veterinaria\/wp-content\/uploads\/sites\/15\/2021\/05\/LogoCoogmvet.png 388w\" sizes=\"auto, (max-width: 300px) 100vw, 300px\" \/><\/p>\n","protected":false},"excerpt":{"rendered":"<p>Prof. Wilder Hernando Ortiz Vega ID Funcional: 445821-9 DSc em Ci\u00eancia Animal M\u00e9dico Veterin\u00e1rio- CRMV-RJ 20059-VP Hor\u00e1rio atendimento alunos (per\u00edodo&#8230;<\/p>\n","protected":false},"author":24,"featured_media":0,"parent":0,"menu_order":0,"comment_status":"closed","ping_status":"closed","template":"","meta":{"footnotes":""},"class_list":["post-52","page","type-page","status-publish","hentry"],"_links":{"self":[{"href":"https:\/\/uenf.br\/graduacao\/medicina-veterinaria\/wp-json\/wp\/v2\/pages\/52","targetHints":{"allow":["GET"]}}],"collection":[{"href":"https:\/\/uenf.br\/graduacao\/medicina-veterinaria\/wp-json\/wp\/v2\/pages"}],"about":[{"href":"https:\/\/uenf.br\/graduacao\/medicina-veterinaria\/wp-json\/wp\/v2\/types\/page"}],"author":[{"embeddable":true,"href":"https:\/\/uenf.br\/graduacao\/medicina-veterinaria\/wp-json\/wp\/v2\/users\/24"}],"replies":[{"embeddable":true,"href":"https:\/\/uenf.br\/graduacao\/medicina-veterinaria\/wp-json\/wp\/v2\/comments?post=52"}],"version-history":[{"count":0,"href":"https:\/\/uenf.br\/graduacao\/medicina-veterinaria\/wp-json\/wp\/v2\/pages\/52\/revisions"}],"wp:attachment":[{"href":"https:\/\/uenf.br\/graduacao\/medicina-veterinaria\/wp-json\/wp\/v2\/media?parent=52"}],"curies":[{"name":"wp","href":"https:\/\/api.w.org\/{rel}","templated":true}]}}